{"id":290,"date":"2023-01-19T18:29:28","date_gmt":"2023-01-19T18:29:28","guid":{"rendered":"http:\/\/departamento.us.es\/antropologia\/?page_id=290"},"modified":"2025-06-12T15:36:01","modified_gmt":"2025-06-12T15:36:01","slug":"enlaces","status":"publish","type":"page","link":"https:\/\/departamento.us.es\/antropologia\/enlaces\/","title":{"rendered":"ENLACES"},"content":{"rendered":"\n<p>Primera temporada de la serie documental:&nbsp; \u00abAndaluc\u00eda, patrimonio Inmaterial\u00bb.&nbsp;<a href=\"http:\/\/www.iaph.es\/web\/canales\/patrimonio-cultural\/patrimonio-inmaterial\/serie_documental_andalucia_patrimonio_inmaterial.html\" target=\"_blank\" rel=\"noreferrer noopener\">(VER EN WEB DE IAPH)<\/a><\/p>\n\n\n\n<p>El Departamento de Antropolog\u00eda cuenta con p\u00e1gina de Facebook: Picha&nbsp;<a href=\"https:\/\/www.facebook.com\/Departamento-Antropolog%C3%ADa-Social-Sevilla-1508475152808172\/\" target=\"_blank\" rel=\"noreferrer noopener\">(VER FACEBOOK)<\/a><\/p>\n\n\n\n<p>Gu\u00eda de Recursos en el \u00e1mbito de Antropolog\u00eda de la Biblioteca de Humanidades de la US. Tendr\u00e1s acceso a bibliograf\u00eda, diccionario, revistas, blogs, p\u00e1ginas institucionales y tem\u00e1ticas&#8230;. todo ello relacionado con la Antropolog\u00eda.&nbsp;<a href=\"https:\/\/guiasbus.us.es\/antropologia\" target=\"_blank\" rel=\"noreferrer noopener\">(VER GU\u00cdA)<\/a><\/p>\n\n\n\n<p>Recomendamos la vinculaci\u00f3n con los enlaces publicados en la Asociaci\u00f3n Andaluza de Antropolog\u00eda, cuya direcci\u00f3n web es:&nbsp;<a href=\"http:\/\/www.asana-andalucia.org\/\" target=\"_blank\" rel=\"noreferrer noopener\">http:\/\/www.asana-andalucia.org\/<\/a><\/p>\n\n\n\n<p>Atlas del Patrimonio Cultural de los Puertos Pesqueros Andaluces. Proyecto: Dinamizaci\u00f3n de los enclaves pesqueros del sistema portuario andaluz (2013-2015).&nbsp;<a href=\"http:\/\/grupos.us.es\/puertosandaluces\/\" target=\"_blank\" rel=\"noreferrer noopener\">(VER WEB DEL ATLAS)<\/a><\/p>\n\n\n\n<p>ANTROPOLOGUS. Espacio de encuentro entre estudiantes e interesados en la Antropolog\u00eda Social y Cultural. Es una iniciativa de estudiantes de Grado y M\u00e1ster de Antropolog\u00eda de la Universidad de Sevilla.&nbsp;<a rel=\"noreferrer noopener\" href=\"https:\/\/twitter.com\/usantropolog\" target=\"_blank\">(VER TWITTER)<\/a><\/p>\n\n\n\n<p>Convocatoria Becas Colaboraci\u00f3n curso 2025\/2026 es: <a href=\"https:\/\/www.us.es\/estudiar\/becas-ayudas\/becas-y-ayudas-de-formacion\/externas\">https:\/\/www.us.es\/estudiar\/becas-ayudas\/becas-y-ayudas-de-formacion\/externas<\/a><\/p>\n","protected":false},"excerpt":{"rendered":"<p>Primera temporada de la serie documental:&nbsp; \u00abAndaluc\u00eda, patrimonio Inmaterial\u00bb.&nbsp;(VER EN WEB DE IAPH) El Departamento de Antropolog\u00eda cuenta con p\u00e1gina de Facebook: Picha&nbsp;(VER FACEBOOK) Gu\u00eda de Recursos en el \u00e1mbito de Antropolog\u00eda de la Biblioteca de Humanidades de la US. Tendr\u00e1s acceso a bibliograf\u00eda, diccionario, revistas, blogs, p\u00e1ginas institucionales y tem\u00e1ticas&#8230;. todo ello relacionado con [&hellip;]<\/p>\n","protected":false},"author":1,"featured_media":0,"parent":0,"menu_order":0,"comment_status":"closed","ping_status":"closed","template":"","meta":{"footnotes":""},"_links":{"self":[{"href":"https:\/\/departamento.us.es\/antropologia\/wp-json\/wp\/v2\/pages\/290"}],"collection":[{"href":"https:\/\/departamento.us.es\/antropologia\/wp-json\/wp\/v2\/pages"}],"about":[{"href":"https:\/\/departamento.us.es\/antropologia\/wp-json\/wp\/v2\/types\/page"}],"author":[{"embeddable":true,"href":"https:\/\/departamento.us.es\/antropologia\/wp-json\/wp\/v2\/users\/1"}],"replies":[{"embeddable":true,"href":"https:\/\/departamento.us.es\/antropologia\/wp-json\/wp\/v2\/comments?post=290"}],"version-history":[{"count":3,"href":"https:\/\/departamento.us.es\/antropologia\/wp-json\/wp\/v2\/pages\/290\/revisions"}],"predecessor-version":[{"id":1154,"href":"https:\/\/departamento.us.es\/antropologia\/wp-json\/wp\/v2\/pages\/290\/revisions\/1154"}],"wp:attachment":[{"href":"https:\/\/departamento.us.es\/antropologia\/wp-json\/wp\/v2\/media?parent=290"}],"curies":[{"name":"wp","href":"https:\/\/api.w.org\/{rel}","templated":true}]}}