{"id":65,"date":"2023-01-16T12:11:51","date_gmt":"2023-01-16T12:11:51","guid":{"rendered":"http:\/\/departamento.us.es\/antropologia\/?page_id=65"},"modified":"2026-02-13T08:16:37","modified_gmt":"2026-02-13T08:16:37","slug":"personal","status":"publish","type":"page","link":"https:\/\/departamento.us.es\/antropologia\/personal\/","title":{"rendered":"PERSONAL"},"content":{"rendered":"\n<p><strong>PERSONAL<\/strong><\/p>\n\n\n\n<p>El Departamento de Antropolog\u00eda Social cuenta en la actualidad con veintis\u00e9is profesores, una becaria o\/y contratada de investigaci\u00f3n y dos personas al cargo de tareas de Administraci\u00f3n y Servicios.<\/p>\n\n\n\n<p><strong>Personal Docente e Investigador<\/strong><\/p>\n\n\n\n<p>Relaci\u00f3n de Personal Docente e Investigador, incluyendo\u00a0la relaci\u00f3n completa de tel\u00e9fonos y correos electr\u00f3nicos, as\u00ed como v\u00ednculos a la p\u00e1gina del Vicerrectorado de Investigaci\u00f3n que recoge su producci\u00f3n cient\u00edfica.\u00a0<a href=\"https:\/\/departamento.us.es\/antropologia\/wp-content\/uploads\/2026\/02\/PDI-listado-1.pdf\" data-type=\"URL\" target=\"_blank\" rel=\"noreferrer noopener\">(DESCARGA PDF)<\/a><\/p>\n\n\n\n<p>El Departamento de Antropolog\u00eda Social cuenta en el curso actual con una Catedr\u00e1tica de Universidad, doce Profesores Titulares y dos Profesores Contratados y tres Profesores Ayudante Doctor. Adem\u00e1s, cuenta con un Profesor Sustitutos Interinos. Por \u00faltimo, trabajan en el Departamento tres becarios y\/o contratados de investigaci\u00f3n, pertenecientes a distintos programas.&nbsp;La calidad docente e investigadora (los profesores del departamento participan en cinco grupos de investigaci\u00f3n) viene avalada por la consecuci\u00f3n de 53 quinquenios de docencia y 23 sexenios de investigaci\u00f3n.<\/p>\n\n\n\n<p>De conformidad con lo dispuesto en el Estatuto de la Universidad de Sevilla, el Departamento de Antropolog\u00eda Social con el fin de velar por la calidad de la ense\u00f1anza, se constituye en distintas Comisiones que puede consultar&nbsp;<a href=\"https:\/\/departamento.us.es\/antropologia\/wp-content\/uploads\/2024\/04\/COMISIONES-DEL-DEPARTAMENTO-14032024.pdf\" target=\"_blank\" rel=\"noreferrer noopener\">EN ESTE ENLACE.<\/a><\/p>\n\n\n\n<p><strong>Personal de Administraci\u00f3n y Servicios<\/strong><br>D\u00aa Esperanza Cruz Villal\u00f3n: evillalon@us.es. Gestora Administrativa.<br>D\u00aa Miryam L\u00f3pez Moreno: mlmoreno@us.es. Puesto base.<\/p>\n\n\n\n<p>Tel\u00e9fono: (0034) 945551597.<\/p>\n","protected":false},"excerpt":{"rendered":"<p>PERSONAL El Departamento de Antropolog\u00eda Social cuenta en la actualidad con veintis\u00e9is profesores, una becaria o\/y contratada de investigaci\u00f3n y dos personas al cargo de tareas de Administraci\u00f3n y Servicios. Personal Docente e Investigador Relaci\u00f3n de Personal Docente e Investigador, incluyendo\u00a0la relaci\u00f3n completa de tel\u00e9fonos y correos electr\u00f3nicos, as\u00ed como v\u00ednculos a la p\u00e1gina del [&hellip;]<\/p>\n","protected":false},"author":1,"featured_media":0,"parent":0,"menu_order":0,"comment_status":"closed","ping_status":"closed","template":"","meta":{"footnotes":""},"_links":{"self":[{"href":"https:\/\/departamento.us.es\/antropologia\/wp-json\/wp\/v2\/pages\/65"}],"collection":[{"href":"https:\/\/departamento.us.es\/antropologia\/wp-json\/wp\/v2\/pages"}],"about":[{"href":"https:\/\/departamento.us.es\/antropologia\/wp-json\/wp\/v2\/types\/page"}],"author":[{"embeddable":true,"href":"https:\/\/departamento.us.es\/antropologia\/wp-json\/wp\/v2\/users\/1"}],"replies":[{"embeddable":true,"href":"https:\/\/departamento.us.es\/antropologia\/wp-json\/wp\/v2\/comments?post=65"}],"version-history":[{"count":21,"href":"https:\/\/departamento.us.es\/antropologia\/wp-json\/wp\/v2\/pages\/65\/revisions"}],"predecessor-version":[{"id":1354,"href":"https:\/\/departamento.us.es\/antropologia\/wp-json\/wp\/v2\/pages\/65\/revisions\/1354"}],"wp:attachment":[{"href":"https:\/\/departamento.us.es\/antropologia\/wp-json\/wp\/v2\/media?parent=65"}],"curies":[{"name":"wp","href":"https:\/\/api.w.org\/{rel}","templated":true}]}}