{"id":3009,"date":"2025-07-23T10:03:04","date_gmt":"2025-07-23T10:03:04","guid":{"rendered":"https:\/\/departamento.us.es\/newdavo\/?page_id=3009"},"modified":"2025-09-30T09:33:05","modified_gmt":"2025-09-30T09:33:05","slug":"equipo-directivo-y-personal-de-gestion","status":"publish","type":"page","link":"https:\/\/departamento.us.es\/davo\/estructura\/equipo-directivo-y-personal-de-gestion\/","title":{"rendered":"Equipo directivo y personal de gesti\u00f3n"},"content":{"rendered":"\t\t<div data-elementor-type=\"wp-page\" data-elementor-id=\"3009\" class=\"elementor elementor-3009\" data-elementor-post-type=\"page\">\n\t\t\t\t<div class=\"elementor-element elementor-element-975377b e-flex e-con-boxed e-con e-parent\" data-id=\"975377b\" data-element_type=\"container\">\n\t\t\t\t\t<div class=\"e-con-inner\">\n\t\t\t\t<div class=\"elementor-element elementor-element-0b65e5a elementor-widget elementor-widget-heading\" data-id=\"0b65e5a\" data-element_type=\"widget\" data-widget_type=\"heading.default\">\n\t\t\t\t<div class=\"elementor-widget-container\">\n\t\t\t\t\t<h4 class=\"elementor-heading-title elementor-size-default\">EQUIPO DIRECTIVO<\/h4>\t\t\t\t<\/div>\n\t\t\t\t<\/div>\n\t\t\t\t<div class=\"elementor-element elementor-element-3a058c8 elementor-widget elementor-widget-text-editor\" data-id=\"3a058c8\" data-element_type=\"widget\" data-widget_type=\"text-editor.default\">\n\t\t\t\t<div class=\"elementor-widget-container\">\n\t\t\t\t\t\t\t\t\t<p><strong>Director:<\/strong> Prof. Dr. Antonio Jos\u00e9 S\u00e1nchez S\u00e1ez<\/p><p><strong>Secretaria:<\/strong> Profa. Dra. M\u00aa \u00c1ngeles Fern\u00e1ndez Scagliusi<\/p>\t\t\t\t\t\t\t\t<\/div>\n\t\t\t\t<\/div>\n\t\t\t\t\t<\/div>\n\t\t\t\t<\/div>\n\t\t<div class=\"elementor-element elementor-element-927a579 e-flex e-con-boxed e-con e-parent\" data-id=\"927a579\" data-element_type=\"container\">\n\t\t\t\t\t<div class=\"e-con-inner\">\n\t\t\t\t<div class=\"elementor-element elementor-element-da6f3b5 elementor-widget elementor-widget-heading\" data-id=\"da6f3b5\" data-element_type=\"widget\" data-widget_type=\"heading.default\">\n\t\t\t\t<div class=\"elementor-widget-container\">\n\t\t\t\t\t<h4 class=\"elementor-heading-title elementor-size-default\">PERSONAL DE GESTI\u00d3N<\/h4>\t\t\t\t<\/div>\n\t\t\t\t<\/div>\n\t\t\t\t<div class=\"elementor-element elementor-element-4a9f864 elementor-widget elementor-widget-text-editor\" data-id=\"4a9f864\" data-element_type=\"widget\" data-widget_type=\"text-editor.default\">\n\t\t\t\t<div class=\"elementor-widget-container\">\n\t\t\t\t\t\t\t\t\t<p>D\u00f1a. Dolores Olivero P\u00e9rez.<\/p>\t\t\t\t\t\t\t\t<\/div>\n\t\t\t\t<\/div>\n\t\t\t\t\t<\/div>\n\t\t\t\t<\/div>\n\t\t\t\t<\/div>\n\t\t","protected":false},"excerpt":{"rendered":"<p>EQUIPO DIRECTIVO Director: Prof. Dr. Antonio Jos\u00e9 S\u00e1nchez S\u00e1ez Secretaria: Profa. Dra. M\u00aa \u00c1ngeles Fern\u00e1ndez Scagliusi PERSONAL DE GESTI\u00d3N D\u00f1a. Dolores Olivero P\u00e9rez.<\/p>\n","protected":false},"author":7,"featured_media":0,"parent":3005,"menu_order":0,"comment_status":"closed","ping_status":"closed","template":"","meta":{"footnotes":""},"class_list":["post-3009","page","type-page","status-publish","hentry"],"yoast_head":"<!-- This site is optimized with the Yoast SEO plugin v26.2 - https:\/\/yoast.com\/wordpress\/plugins\/seo\/ -->\n<title>Equipo directivo y personal de gesti\u00f3n - Departamento de Derecho Administrativo<\/title>\n<meta name=\"robots\" content=\"index, follow, max-snippet:-1, max-image-preview:large, max-video-preview:-1\" \/>\n<link rel=\"canonical\" href=\"https:\/\/departamento.us.es\/davo\/estructura\/equipo-directivo-y-personal-de-gestion\/\" \/>\n<meta property=\"og:locale\" content=\"es_ES\" \/>\n<meta property=\"og:type\" content=\"article\" \/>\n<meta property=\"og:title\" content=\"Equipo directivo y personal de gesti\u00f3n - Departamento de Derecho Administrativo\" \/>\n<meta property=\"og:description\" content=\"EQUIPO DIRECTIVO Director: Prof. Dr. Antonio Jos\u00e9 S\u00e1nchez S\u00e1ez Secretaria: Profa. Dra. M\u00aa \u00c1ngeles Fern\u00e1ndez Scagliusi PERSONAL DE GESTI\u00d3N D\u00f1a. Dolores Olivero P\u00e9rez.\" \/>\n<meta property=\"og:url\" content=\"https:\/\/departamento.us.es\/davo\/estructura\/equipo-directivo-y-personal-de-gestion\/\" \/>\n<meta property=\"og:site_name\" content=\"Departamento de Derecho Administrativo\" \/>\n<meta property=\"article:modified_time\" content=\"2025-09-30T09:33:05+00:00\" \/>\n<meta name=\"twitter:card\" content=\"summary_large_image\" \/>\n<meta name=\"twitter:label1\" content=\"Tiempo de lectura\" \/>\n\t<meta name=\"twitter:data1\" content=\"1 minuto\" \/>\n<script type=\"application\/ld+json\" class=\"yoast-schema-graph\">{\"@context\":\"https:\/\/schema.org\",\"@graph\":[{\"@type\":\"WebPage\",\"@id\":\"https:\/\/departamento.us.es\/davo\/estructura\/equipo-directivo-y-personal-de-gestion\/\",\"url\":\"https:\/\/departamento.us.es\/davo\/estructura\/equipo-directivo-y-personal-de-gestion\/\",\"name\":\"Equipo directivo y personal de gesti\u00f3n - Departamento de Derecho Administrativo\",\"isPartOf\":{\"@id\":\"https:\/\/departamento.us.es\/newdavo\/#website\"},\"datePublished\":\"2025-07-23T10:03:04+00:00\",\"dateModified\":\"2025-09-30T09:33:05+00:00\",\"breadcrumb\":{\"@id\":\"https:\/\/departamento.us.es\/davo\/estructura\/equipo-directivo-y-personal-de-gestion\/#breadcrumb\"},\"inLanguage\":\"es\",\"potentialAction\":[{\"@type\":\"ReadAction\",\"target\":[\"https:\/\/departamento.us.es\/davo\/estructura\/equipo-directivo-y-personal-de-gestion\/\"]}]},{\"@type\":\"BreadcrumbList\",\"@id\":\"https:\/\/departamento.us.es\/davo\/estructura\/equipo-directivo-y-personal-de-gestion\/#breadcrumb\",\"itemListElement\":[{\"@type\":\"ListItem\",\"position\":1,\"name\":\"Inicio\",\"item\":\"https:\/\/departamento.us.es\/davo\/\"},{\"@type\":\"ListItem\",\"position\":2,\"name\":\"Estructura\",\"item\":\"https:\/\/departamento.us.es\/newdavo\/estructura\/\"},{\"@type\":\"ListItem\",\"position\":3,\"name\":\"Equipo directivo y personal de gesti\u00f3n\"}]},{\"@type\":\"WebSite\",\"@id\":\"https:\/\/departamento.us.es\/newdavo\/#website\",\"url\":\"https:\/\/departamento.us.es\/newdavo\/\",\"name\":\"Departamento de Derecho Administrativo\",\"description\":\"Facultad de Derecho - Universidad de Sevilla\",\"publisher\":{\"@id\":\"https:\/\/departamento.us.es\/newdavo\/#organization\"},\"potentialAction\":[{\"@type\":\"SearchAction\",\"target\":{\"@type\":\"EntryPoint\",\"urlTemplate\":\"https:\/\/departamento.us.es\/newdavo\/?s={search_term_string}\"},\"query-input\":{\"@type\":\"PropertyValueSpecification\",\"valueRequired\":true,\"valueName\":\"search_term_string\"}}],\"inLanguage\":\"es\"},{\"@type\":\"Organization\",\"@id\":\"https:\/\/departamento.us.es\/newdavo\/#organization\",\"name\":\"Departamento de Ciencias Jur\u00eddicas B\u00e1sicas\",\"url\":\"https:\/\/departamento.us.es\/newdavo\/\",\"logo\":{\"@type\":\"ImageObject\",\"inLanguage\":\"es\",\"@id\":\"https:\/\/departamento.us.es\/newdavo\/#\/schema\/logo\/image\/\",\"url\":\"https:\/\/departamento.us.es\/davo\/wp-content\/uploads\/2022\/02\/LogoUS-110.png\",\"contentUrl\":\"https:\/\/departamento.us.es\/davo\/wp-content\/uploads\/2022\/02\/LogoUS-110.png\",\"width\":249,\"height\":110,\"caption\":\"Departamento de Ciencias Jur\u00eddicas B\u00e1sicas\"},\"image\":{\"@id\":\"https:\/\/departamento.us.es\/newdavo\/#\/schema\/logo\/image\/\"}}]}<\/script>\n<!-- \/ Yoast SEO plugin. -->","yoast_head_json":{"title":"Equipo directivo y personal de gesti\u00f3n - Departamento de Derecho Administrativo","robots":{"index":"index","follow":"follow","max-snippet":"max-snippet:-1","max-image-preview":"max-image-preview:large","max-video-preview":"max-video-preview:-1"},"canonical":"https:\/\/departamento.us.es\/davo\/estructura\/equipo-directivo-y-personal-de-gestion\/","og_locale":"es_ES","og_type":"article","og_title":"Equipo directivo y personal de gesti\u00f3n - Departamento de Derecho Administrativo","og_description":"EQUIPO DIRECTIVO Director: Prof. Dr. Antonio Jos\u00e9 S\u00e1nchez S\u00e1ez Secretaria: Profa. Dra. M\u00aa \u00c1ngeles Fern\u00e1ndez Scagliusi PERSONAL DE GESTI\u00d3N D\u00f1a. Dolores Olivero P\u00e9rez.","og_url":"https:\/\/departamento.us.es\/davo\/estructura\/equipo-directivo-y-personal-de-gestion\/","og_site_name":"Departamento de Derecho Administrativo","article_modified_time":"2025-09-30T09:33:05+00:00","twitter_card":"summary_large_image","twitter_misc":{"Tiempo de lectura":"1 minuto"},"schema":{"@context":"https:\/\/schema.org","@graph":[{"@type":"WebPage","@id":"https:\/\/departamento.us.es\/davo\/estructura\/equipo-directivo-y-personal-de-gestion\/","url":"https:\/\/departamento.us.es\/davo\/estructura\/equipo-directivo-y-personal-de-gestion\/","name":"Equipo directivo y personal de gesti\u00f3n - Departamento de Derecho Administrativo","isPartOf":{"@id":"https:\/\/departamento.us.es\/newdavo\/#website"},"datePublished":"2025-07-23T10:03:04+00:00","dateModified":"2025-09-30T09:33:05+00:00","breadcrumb":{"@id":"https:\/\/departamento.us.es\/davo\/estructura\/equipo-directivo-y-personal-de-gestion\/#breadcrumb"},"inLanguage":"es","potentialAction":[{"@type":"ReadAction","target":["https:\/\/departamento.us.es\/davo\/estructura\/equipo-directivo-y-personal-de-gestion\/"]}]},{"@type":"BreadcrumbList","@id":"https:\/\/departamento.us.es\/davo\/estructura\/equipo-directivo-y-personal-de-gestion\/#breadcrumb","itemListElement":[{"@type":"ListItem","position":1,"name":"Inicio","item":"https:\/\/departamento.us.es\/davo\/"},{"@type":"ListItem","position":2,"name":"Estructura","item":"https:\/\/departamento.us.es\/newdavo\/estructura\/"},{"@type":"ListItem","position":3,"name":"Equipo directivo y personal de gesti\u00f3n"}]},{"@type":"WebSite","@id":"https:\/\/departamento.us.es\/newdavo\/#website","url":"https:\/\/departamento.us.es\/newdavo\/","name":"Departamento de Derecho Administrativo","description":"Facultad de Derecho - Universidad de Sevilla","publisher":{"@id":"https:\/\/departamento.us.es\/newdavo\/#organization"},"potentialAction":[{"@type":"SearchAction","target":{"@type":"EntryPoint","urlTemplate":"https:\/\/departamento.us.es\/newdavo\/?s={search_term_string}"},"query-input":{"@type":"PropertyValueSpecification","valueRequired":true,"valueName":"search_term_string"}}],"inLanguage":"es"},{"@type":"Organization","@id":"https:\/\/departamento.us.es\/newdavo\/#organization","name":"Departamento de Ciencias Jur\u00eddicas B\u00e1sicas","url":"https:\/\/departamento.us.es\/newdavo\/","logo":{"@type":"ImageObject","inLanguage":"es","@id":"https:\/\/departamento.us.es\/newdavo\/#\/schema\/logo\/image\/","url":"https:\/\/departamento.us.es\/davo\/wp-content\/uploads\/2022\/02\/LogoUS-110.png","contentUrl":"https:\/\/departamento.us.es\/davo\/wp-content\/uploads\/2022\/02\/LogoUS-110.png","width":249,"height":110,"caption":"Departamento de Ciencias Jur\u00eddicas B\u00e1sicas"},"image":{"@id":"https:\/\/departamento.us.es\/newdavo\/#\/schema\/logo\/image\/"}}]}},"_links":{"self":[{"href":"https:\/\/departamento.us.es\/davo\/wp-json\/wp\/v2\/pages\/3009","targetHints":{"allow":["GET"]}}],"collection":[{"href":"https:\/\/departamento.us.es\/davo\/wp-json\/wp\/v2\/pages"}],"about":[{"href":"https:\/\/departamento.us.es\/davo\/wp-json\/wp\/v2\/types\/page"}],"author":[{"embeddable":true,"href":"https:\/\/departamento.us.es\/davo\/wp-json\/wp\/v2\/users\/7"}],"replies":[{"embeddable":true,"href":"https:\/\/departamento.us.es\/davo\/wp-json\/wp\/v2\/comments?post=3009"}],"version-history":[{"count":0,"href":"https:\/\/departamento.us.es\/davo\/wp-json\/wp\/v2\/pages\/3009\/revisions"}],"up":[{"embeddable":true,"href":"https:\/\/departamento.us.es\/davo\/wp-json\/wp\/v2\/pages\/3005"}],"wp:attachment":[{"href":"https:\/\/departamento.us.es\/davo\/wp-json\/wp\/v2\/media?parent=3009"}],"curies":[{"name":"wp","href":"https:\/\/api.w.org\/{rel}","templated":true}]}}