{"id":2743,"date":"2025-01-20T10:04:31","date_gmt":"2025-01-20T10:04:31","guid":{"rendered":"https:\/\/departamento.us.es\/dbiovege25\/?page_id=2743"},"modified":"2025-12-05T11:27:29","modified_gmt":"2025-12-05T10:27:29","slug":"tribunales-especificos-de-evaluacion","status":"publish","type":"page","link":"https:\/\/departamento.us.es\/dbiovege\/tribunales-especificos-de-evaluacion\/","title":{"rendered":"Tribunales Espec\u00edficos de Evaluaci\u00f3n"},"content":{"rendered":"\t\t<div data-elementor-type=\"wp-page\" data-elementor-id=\"2743\" class=\"elementor elementor-2743\" data-elementor-post-type=\"page\">\n\t\t\t\t<div class=\"elementor-element elementor-element-cd75126 e-flex e-con-boxed e-con e-parent\" data-id=\"cd75126\" data-element_type=\"container\">\n\t\t\t\t\t<div class=\"e-con-inner\">\n\t\t<div class=\"elementor-element elementor-element-babb71d e-con-full e-flex e-con e-child\" data-id=\"babb71d\" data-element_type=\"container\">\n\t\t\t\t<div class=\"elementor-element elementor-element-7fd88f1 elementor-widget__width-inherit elementor-widget elementor-widget-heading\" data-id=\"7fd88f1\" data-element_type=\"widget\" data-widget_type=\"heading.default\">\n\t\t\t\t<div class=\"elementor-widget-container\">\n\t\t\t\t\t<h3 class=\"elementor-heading-title elementor-size-default\">Curso 2025-26<\/h3>\t\t\t\t<\/div>\n\t\t\t\t<\/div>\n\t\t<div class=\"elementor-element elementor-element-e8ed2c5 e-con-full e-flex e-con e-child\" data-id=\"e8ed2c5\" data-element_type=\"container\">\n\t\t\t\t<div class=\"elementor-element elementor-element-57947f8 elementor-widget elementor-widget-heading\" data-id=\"57947f8\" data-element_type=\"widget\" data-widget_type=\"heading.default\">\n\t\t\t\t<div class=\"elementor-widget-container\">\n\t\t\t\t\t<h5 class=\"elementor-heading-title elementor-size-default\">Asignaturas del Grado en Qu\u00edmica<\/h5>\t\t\t\t<\/div>\n\t\t\t\t<\/div>\n\t\t<div class=\"elementor-element elementor-element-d2f0bc5 e-con-full e-flex e-con e-child\" data-id=\"d2f0bc5\" data-element_type=\"container\">\n\t\t\t\t<div class=\"elementor-element elementor-element-5816820 elementor-widget elementor-widget-heading\" data-id=\"5816820\" data-element_type=\"widget\" data-widget_type=\"heading.default\">\n\t\t\t\t<div class=\"elementor-widget-container\">\n\t\t\t\t\t<h5 class=\"elementor-heading-title elementor-size-default\">Titulares:<\/h5>\t\t\t\t<\/div>\n\t\t\t\t<\/div>\n\t\t\t\t<div class=\"elementor-element elementor-element-6875ad4 elementor-widget elementor-widget-text-editor\" data-id=\"6875ad4\" data-element_type=\"widget\" data-widget_type=\"text-editor.default\">\n\t\t\t\t<div class=\"elementor-widget-container\">\n\t\t\t\t\t\t\t\t\t<p>D. Antonio Jos\u00e9 M\u00e1rquez Cabeza (presidente)<\/p><p>D. Jos\u00e9 Rom\u00e1n P\u00e9rez Casti\u00f1eira (vocal)<\/p><p>D. Marco Betti (vocal)<\/p>\t\t\t\t\t\t\t\t<\/div>\n\t\t\t\t<\/div>\n\t\t\t\t<div class=\"elementor-element elementor-element-2c087ed elementor-widget elementor-widget-heading\" data-id=\"2c087ed\" data-element_type=\"widget\" data-widget_type=\"heading.default\">\n\t\t\t\t<div class=\"elementor-widget-container\">\n\t\t\t\t\t<h5 class=\"elementor-heading-title elementor-size-default\">Suplentes:<\/h5>\t\t\t\t<\/div>\n\t\t\t\t<\/div>\n\t\t\t\t<div class=\"elementor-element elementor-element-00dcf7d elementor-widget elementor-widget-text-editor\" data-id=\"00dcf7d\" data-element_type=\"widget\" data-widget_type=\"text-editor.default\">\n\t\t\t\t<div class=\"elementor-widget-container\">\n\t\t\t\t\t\t\t\t\t<p>D\u00f1a. \u00c1ngeles Aroca Aguilar (presidenta)<\/p><p>D\u00f1a. Margarita Garc\u00eda Calder\u00f3n (vocal)<\/p><p>D\u00f1a. Sandra D\u00edaz Troya (vocal)<\/p>\t\t\t\t\t\t\t\t<\/div>\n\t\t\t\t<\/div>\n\t\t\t\t<\/div>\n\t\t\t\t<\/div>\n\t\t<div class=\"elementor-element elementor-element-b8db46b e-con-full e-flex e-con e-child\" data-id=\"b8db46b\" data-element_type=\"container\">\n\t\t\t\t<div class=\"elementor-element elementor-element-4377549 elementor-widget elementor-widget-heading\" data-id=\"4377549\" data-element_type=\"widget\" data-widget_type=\"heading.default\">\n\t\t\t\t<div class=\"elementor-widget-container\">\n\t\t\t\t\t<h5 class=\"elementor-heading-title elementor-size-default\">Asignaturas del Grado en Biolog\u00eda y Grado en Bioqu\u00edmica<\/h5>\t\t\t\t<\/div>\n\t\t\t\t<\/div>\n\t\t<div class=\"elementor-element elementor-element-0a94574 e-con-full e-flex e-con e-child\" data-id=\"0a94574\" data-element_type=\"container\">\n\t\t\t\t<div class=\"elementor-element elementor-element-e865428 elementor-widget elementor-widget-heading\" data-id=\"e865428\" data-element_type=\"widget\" data-widget_type=\"heading.default\">\n\t\t\t\t<div class=\"elementor-widget-container\">\n\t\t\t\t\t<h5 class=\"elementor-heading-title elementor-size-default\">Grado Biolog\u00eda<\/h5>\t\t\t\t<\/div>\n\t\t\t\t<\/div>\n\t\t\t\t<div class=\"elementor-element elementor-element-b78d3ca elementor-widget elementor-widget-text-editor\" data-id=\"b78d3ca\" data-element_type=\"widget\" data-widget_type=\"text-editor.default\">\n\t\t\t\t<div class=\"elementor-widget-container\">\n\t\t\t\t\t\t\t\t\t<p><strong>Comisi\u00f3n 1<\/strong><\/p><p>D. Jos\u00e9 Mar\u00eda Ortega Rodr\u00edguez (presidente)<\/p><p>D\u00f1a. Herminia Rodr\u00edguez Mart\u00ednez (vocal)<\/p><p>D. Jos\u00e9 Francisco Ruiz P\u00e9rez (secretario)<\/p><p>D\u00f1a. Gloria Serrano Bueno (suplente)<\/p><p><strong>Comisi\u00f3n 2<\/strong><\/p><p>D. Agust\u00edn Vioque Pe\u00f1a (presidente)<\/p><p>D. Jos\u00e9 Mar\u00eda Romero Rodr\u00edguez (vocal)<\/p><p>D\u00f1a. Consolaci\u00f3n \u00c1lvarez N\u00fa\u00f1ez (secretaria)<\/p><p>D. Francisco Javier Cejudo Fern\u00e1ndez (suplente)<\/p>\t\t\t\t\t\t\t\t<\/div>\n\t\t\t\t<\/div>\n\t\t\t\t<div class=\"elementor-element elementor-element-719fe25 elementor-widget elementor-widget-heading\" data-id=\"719fe25\" data-element_type=\"widget\" data-widget_type=\"heading.default\">\n\t\t\t\t<div class=\"elementor-widget-container\">\n\t\t\t\t\t<h5 class=\"elementor-heading-title elementor-size-default\">Grado Bioqu\u00edmica<\/h5>\t\t\t\t<\/div>\n\t\t\t\t<\/div>\n\t\t\t\t<div class=\"elementor-element elementor-element-b1c592e elementor-widget elementor-widget-text-editor\" data-id=\"b1c592e\" data-element_type=\"widget\" data-widget_type=\"text-editor.default\">\n\t\t\t\t<div class=\"elementor-widget-container\">\n\t\t\t\t\t\t\t\t\t<p><strong>Comisi\u00f3n 1<\/strong><\/p><p>D. Francisco Javier Florencio Bellido (presidente)<\/p><p>D\u00f1a. Irene D\u00edaz Moreno (vocal)<\/p><p>D\u00f1a. Mercedes Garc\u00eda Gonz\u00e1lez (secretaria)<\/p><p>D. Jos\u00e9 Manuel Garc\u00eda Heredia (suplente)<\/p><p><strong>Comisi\u00f3n 2<\/strong><\/p><p>D\u00f1a. Mar\u00eda de la Cruz Gonz\u00e1lez Garc\u00eda (presidenta)<\/p><p>D\u00f1a. Katiuska Gonz\u00e1lez Arzola (vocal)<\/p><p>D. Joaqu\u00edn Giner Lamia (secretario)<\/p><p>D. Emilio Guti\u00e9rrez Beltr\u00e1n (suplente)<\/p>\t\t\t\t\t\t\t\t<\/div>\n\t\t\t\t<\/div>\n\t\t\t\t<\/div>\n\t\t\t\t<\/div>\n\t\t\t\t<\/div>\n\t\t\t\t\t<\/div>\n\t\t\t\t<\/div>\n\t\t\t\t<\/div>\n\t\t","protected":false},"excerpt":{"rendered":"<p>Curso 2025-26 Asignaturas del Grado en Qu\u00edmica Titulares: D. Antonio Jos\u00e9 M\u00e1rquez Cabeza (presidente) D. Jos\u00e9 Rom\u00e1n P\u00e9rez Casti\u00f1eira (vocal) D. Marco Betti (vocal) Suplentes: D\u00f1a. \u00c1ngeles Aroca Aguilar (presidenta) D\u00f1a. Margarita Garc\u00eda Calder\u00f3n (vocal) D\u00f1a. Sandra D\u00edaz Troya (vocal) Asignaturas del Grado en Biolog\u00eda y Grado en Bioqu\u00edmica Grado Biolog\u00eda Comisi\u00f3n 1 D. Jos\u00e9 [&hellip;]<\/p>\n","protected":false},"author":7,"featured_media":0,"parent":0,"menu_order":0,"comment_status":"closed","ping_status":"closed","template":"","meta":{"_acf_changed":false,"footnotes":""},"class_list":["post-2743","page","type-page","status-publish","hentry"],"acf":[],"yoast_head":"<!-- This site is optimized with the Yoast SEO plugin v25.1 - https:\/\/yoast.com\/wordpress\/plugins\/seo\/ -->\n<title>Tribunales Espec\u00edficos de Evaluaci\u00f3n - DBIOVEGE<\/title>\n<meta name=\"robots\" content=\"index, follow, max-snippet:-1, max-image-preview:large, max-video-preview:-1\" \/>\n<link rel=\"canonical\" href=\"https:\/\/departamento.us.es\/dbiovege\/tribunales-especificos-de-evaluacion\/\" \/>\n<meta property=\"og:locale\" content=\"es_ES\" \/>\n<meta property=\"og:type\" content=\"article\" \/>\n<meta property=\"og:title\" content=\"Tribunales Espec\u00edficos de Evaluaci\u00f3n - DBIOVEGE\" \/>\n<meta property=\"og:description\" content=\"Curso 2025-26 Asignaturas del Grado en Qu\u00edmica Titulares: D. Antonio Jos\u00e9 M\u00e1rquez Cabeza (presidente) D. Jos\u00e9 Rom\u00e1n P\u00e9rez Casti\u00f1eira (vocal) D. Marco Betti (vocal) Suplentes: D\u00f1a. \u00c1ngeles Aroca Aguilar (presidenta) D\u00f1a. Margarita Garc\u00eda Calder\u00f3n (vocal) D\u00f1a. Sandra D\u00edaz Troya (vocal) Asignaturas del Grado en Biolog\u00eda y Grado en Bioqu\u00edmica Grado Biolog\u00eda Comisi\u00f3n 1 D. Jos\u00e9 [&hellip;]\" \/>\n<meta property=\"og:url\" content=\"https:\/\/departamento.us.es\/dbiovege\/tribunales-especificos-de-evaluacion\/\" \/>\n<meta property=\"og:site_name\" content=\"DBIOVEGE\" \/>\n<meta property=\"article:modified_time\" content=\"2025-12-05T10:27:29+00:00\" \/>\n<meta name=\"twitter:card\" content=\"summary_large_image\" \/>\n<meta name=\"twitter:label1\" content=\"Tiempo de lectura\" \/>\n\t<meta name=\"twitter:data1\" content=\"1 minuto\" \/>\n<script type=\"application\/ld+json\" class=\"yoast-schema-graph\">{\"@context\":\"https:\/\/schema.org\",\"@graph\":[{\"@type\":\"WebPage\",\"@id\":\"https:\/\/departamento.us.es\/dbiovege\/tribunales-especificos-de-evaluacion\/\",\"url\":\"https:\/\/departamento.us.es\/dbiovege\/tribunales-especificos-de-evaluacion\/\",\"name\":\"Tribunales Espec\u00edficos de Evaluaci\u00f3n - DBIOVEGE\",\"isPartOf\":{\"@id\":\"https:\/\/departamento.us.es\/dbiovege\/#website\"},\"datePublished\":\"2025-01-20T10:04:31+00:00\",\"dateModified\":\"2025-12-05T10:27:29+00:00\",\"inLanguage\":\"es\",\"potentialAction\":[{\"@type\":\"ReadAction\",\"target\":[\"https:\/\/departamento.us.es\/dbiovege\/tribunales-especificos-de-evaluacion\/\"]}]},{\"@type\":\"WebSite\",\"@id\":\"https:\/\/departamento.us.es\/dbiovege\/#website\",\"url\":\"https:\/\/departamento.us.es\/dbiovege\/\",\"name\":\"DBIOVEGE\",\"description\":\"Departamento de Bioqu\u00edmica Vegetal y Biolog\u00eda Molecular\",\"publisher\":{\"@id\":\"https:\/\/departamento.us.es\/dbiovege\/#organization\"},\"potentialAction\":[{\"@type\":\"SearchAction\",\"target\":{\"@type\":\"EntryPoint\",\"urlTemplate\":\"https:\/\/departamento.us.es\/dbiovege\/?s={search_term_string}\"},\"query-input\":{\"@type\":\"PropertyValueSpecification\",\"valueRequired\":true,\"valueName\":\"search_term_string\"}}],\"inLanguage\":\"es\"},{\"@type\":\"Organization\",\"@id\":\"https:\/\/departamento.us.es\/dbiovege\/#organization\",\"name\":\"DBIOVEGE\",\"url\":\"https:\/\/departamento.us.es\/dbiovege\/\",\"logo\":{\"@type\":\"ImageObject\",\"inLanguage\":\"es\",\"@id\":\"https:\/\/departamento.us.es\/dbiovege\/#\/schema\/logo\/image\/\",\"url\":\"https:\/\/departamento.us.es\/dbiovege\/wp-content\/uploads\/2022\/02\/logo-DBIOVERGE25.png\",\"contentUrl\":\"https:\/\/departamento.us.es\/dbiovege\/wp-content\/uploads\/2022\/02\/logo-DBIOVERGE25.png\",\"width\":444,\"height\":572,\"caption\":\"DBIOVEGE\"},\"image\":{\"@id\":\"https:\/\/departamento.us.es\/dbiovege\/#\/schema\/logo\/image\/\"}}]}<\/script>\n<!-- \/ Yoast SEO plugin. -->","yoast_head_json":{"title":"Tribunales Espec\u00edficos de Evaluaci\u00f3n - DBIOVEGE","robots":{"index":"index","follow":"follow","max-snippet":"max-snippet:-1","max-image-preview":"max-image-preview:large","max-video-preview":"max-video-preview:-1"},"canonical":"https:\/\/departamento.us.es\/dbiovege\/tribunales-especificos-de-evaluacion\/","og_locale":"es_ES","og_type":"article","og_title":"Tribunales Espec\u00edficos de Evaluaci\u00f3n - DBIOVEGE","og_description":"Curso 2025-26 Asignaturas del Grado en Qu\u00edmica Titulares: D. Antonio Jos\u00e9 M\u00e1rquez Cabeza (presidente) D. Jos\u00e9 Rom\u00e1n P\u00e9rez Casti\u00f1eira (vocal) D. Marco Betti (vocal) Suplentes: D\u00f1a. \u00c1ngeles Aroca Aguilar (presidenta) D\u00f1a. Margarita Garc\u00eda Calder\u00f3n (vocal) D\u00f1a. Sandra D\u00edaz Troya (vocal) Asignaturas del Grado en Biolog\u00eda y Grado en Bioqu\u00edmica Grado Biolog\u00eda Comisi\u00f3n 1 D. Jos\u00e9 [&hellip;]","og_url":"https:\/\/departamento.us.es\/dbiovege\/tribunales-especificos-de-evaluacion\/","og_site_name":"DBIOVEGE","article_modified_time":"2025-12-05T10:27:29+00:00","twitter_card":"summary_large_image","twitter_misc":{"Tiempo de lectura":"1 minuto"},"schema":{"@context":"https:\/\/schema.org","@graph":[{"@type":"WebPage","@id":"https:\/\/departamento.us.es\/dbiovege\/tribunales-especificos-de-evaluacion\/","url":"https:\/\/departamento.us.es\/dbiovege\/tribunales-especificos-de-evaluacion\/","name":"Tribunales Espec\u00edficos de Evaluaci\u00f3n - DBIOVEGE","isPartOf":{"@id":"https:\/\/departamento.us.es\/dbiovege\/#website"},"datePublished":"2025-01-20T10:04:31+00:00","dateModified":"2025-12-05T10:27:29+00:00","inLanguage":"es","potentialAction":[{"@type":"ReadAction","target":["https:\/\/departamento.us.es\/dbiovege\/tribunales-especificos-de-evaluacion\/"]}]},{"@type":"WebSite","@id":"https:\/\/departamento.us.es\/dbiovege\/#website","url":"https:\/\/departamento.us.es\/dbiovege\/","name":"DBIOVEGE","description":"Departamento de Bioqu\u00edmica Vegetal y Biolog\u00eda Molecular","publisher":{"@id":"https:\/\/departamento.us.es\/dbiovege\/#organization"},"potentialAction":[{"@type":"SearchAction","target":{"@type":"EntryPoint","urlTemplate":"https:\/\/departamento.us.es\/dbiovege\/?s={search_term_string}"},"query-input":{"@type":"PropertyValueSpecification","valueRequired":true,"valueName":"search_term_string"}}],"inLanguage":"es"},{"@type":"Organization","@id":"https:\/\/departamento.us.es\/dbiovege\/#organization","name":"DBIOVEGE","url":"https:\/\/departamento.us.es\/dbiovege\/","logo":{"@type":"ImageObject","inLanguage":"es","@id":"https:\/\/departamento.us.es\/dbiovege\/#\/schema\/logo\/image\/","url":"https:\/\/departamento.us.es\/dbiovege\/wp-content\/uploads\/2022\/02\/logo-DBIOVERGE25.png","contentUrl":"https:\/\/departamento.us.es\/dbiovege\/wp-content\/uploads\/2022\/02\/logo-DBIOVERGE25.png","width":444,"height":572,"caption":"DBIOVEGE"},"image":{"@id":"https:\/\/departamento.us.es\/dbiovege\/#\/schema\/logo\/image\/"}}]}},"_links":{"self":[{"href":"https:\/\/departamento.us.es\/dbiovege\/wp-json\/wp\/v2\/pages\/2743","targetHints":{"allow":["GET"]}}],"collection":[{"href":"https:\/\/departamento.us.es\/dbiovege\/wp-json\/wp\/v2\/pages"}],"about":[{"href":"https:\/\/departamento.us.es\/dbiovege\/wp-json\/wp\/v2\/types\/page"}],"author":[{"embeddable":true,"href":"https:\/\/departamento.us.es\/dbiovege\/wp-json\/wp\/v2\/users\/7"}],"replies":[{"embeddable":true,"href":"https:\/\/departamento.us.es\/dbiovege\/wp-json\/wp\/v2\/comments?post=2743"}],"version-history":[{"count":0,"href":"https:\/\/departamento.us.es\/dbiovege\/wp-json\/wp\/v2\/pages\/2743\/revisions"}],"wp:attachment":[{"href":"https:\/\/departamento.us.es\/dbiovege\/wp-json\/wp\/v2\/media?parent=2743"}],"curies":[{"name":"wp","href":"https:\/\/api.w.org\/{rel}","templated":true}]}}