{"id":1414,"date":"2022-04-28T09:17:20","date_gmt":"2022-04-28T09:17:20","guid":{"rendered":"https:\/\/departamento.us.es\/dca\/?page_id=1414"},"modified":"2022-05-17T09:07:29","modified_gmt":"2022-05-17T09:07:29","slug":"publicaciones","status":"publish","type":"page","link":"https:\/\/departamento.us.es\/dca\/publicaciones\/","title":{"rendered":"Publicaciones"},"content":{"rendered":"\t\t<div data-elementor-type=\"wp-page\" data-elementor-id=\"1414\" class=\"elementor elementor-1414\" data-elementor-post-type=\"page\">\n\t\t\t\t\t\t<section class=\"elementor-section elementor-top-section elementor-element elementor-element-22c4cfc elementor-section-boxed elementor-section-height-default elementor-section-height-default\" data-id=\"22c4cfc\" data-element_type=\"section\" data-e-type=\"section\">\n\t\t\t\t\t\t<div class=\"elementor-container elementor-column-gap-default\">\n\t\t\t\t\t<div class=\"elementor-column elementor-col-100 elementor-top-column elementor-element elementor-element-cf3649a\" data-id=\"cf3649a\" data-element_type=\"column\" data-e-type=\"column\">\n\t\t\t<div class=\"elementor-widget-wrap elementor-element-populated\">\n\t\t\t\t\t\t<div class=\"elementor-element elementor-element-9d10889 elementor-widget__width-inherit elementor-position-top elementor-widget elementor-widget-image-box\" data-id=\"9d10889\" data-element_type=\"widget\" data-e-type=\"widget\" data-widget_type=\"image-box.default\">\n\t\t\t\t<div class=\"elementor-widget-container\">\n\t\t\t\t\t<div class=\"elementor-image-box-wrapper\"><figure class=\"elementor-image-box-img\"><a href=\"https:\/\/bibliometria.us.es\/prisma\/publicacion\/buscar\" target=\"_blank\" tabindex=\"-1\"><img fetchpriority=\"high\" decoding=\"async\" width=\"2046\" height=\"380\" src=\"https:\/\/departamento.us.es\/dca\/wp-content\/uploads\/2022\/04\/logoPrismaColor3.png\" class=\"elementor-animation-grow attachment-full size-full wp-image-1497\" alt=\"\" srcset=\"https:\/\/departamento.us.es\/dca\/wp-content\/uploads\/2022\/04\/logoPrismaColor3.png 2046w, https:\/\/departamento.us.es\/dca\/wp-content\/uploads\/2022\/04\/logoPrismaColor3-300x56.png 300w, https:\/\/departamento.us.es\/dca\/wp-content\/uploads\/2022\/04\/logoPrismaColor3-1024x190.png 1024w, https:\/\/departamento.us.es\/dca\/wp-content\/uploads\/2022\/04\/logoPrismaColor3-768x143.png 768w, https:\/\/departamento.us.es\/dca\/wp-content\/uploads\/2022\/04\/logoPrismaColor3-1536x285.png 1536w\" sizes=\"(max-width: 2046px) 100vw, 2046px\" \/><\/a><\/figure><div class=\"elementor-image-box-content\"><span class=\"elementor-image-box-title\"><a href=\"https:\/\/bibliometria.us.es\/prisma\/publicacion\/buscar\" target=\"_blank\">https:\/\/bibliometria.us.es\/prisma\/publicacion\/buscar<\/a><\/span><\/div><\/div>\t\t\t\t<\/div>\n\t\t\t\t<\/div>\n\t\t\t\t<div class=\"elementor-element elementor-element-477a269 elementor-headline--style-highlight elementor-widget elementor-widget-animated-headline\" data-id=\"477a269\" data-element_type=\"widget\" data-e-type=\"widget\" data-settings=\"{&quot;marker&quot;:&quot;double&quot;,&quot;highlighted_text&quot;:&quot;acceda a PRISMA y seleccione \\&quot;Agronom\\u00eda\\&quot;&quot;,&quot;headline_style&quot;:&quot;highlight&quot;,&quot;loop&quot;:&quot;yes&quot;,&quot;highlight_animation_duration&quot;:1200,&quot;highlight_iteration_delay&quot;:8000}\" data-widget_type=\"animated-headline.default\">\n\t\t\t\t<div class=\"elementor-widget-container\">\n\t\t\t\t\t\t\t\t<a href=\"https:\/\/bibliometria.us.es\/prisma\/publicacion\/buscar\" target=\"_blank\">\n\n\t\t\t\t\t<h3 class=\"elementor-headline\">\n\t\t\t\t\t<span class=\"elementor-headline-plain-text elementor-headline-text-wrapper\">Para ver nuestras publicaciones, <\/span>\n\t\t\t\t<span class=\"elementor-headline-dynamic-wrapper elementor-headline-text-wrapper\">\n\t\t\t\t\t<span class=\"elementor-headline-dynamic-text elementor-headline-text-active\">acceda a PRISMA y seleccione \"Agronom\u00eda\"<\/span>\n\t\t\t\t<\/span>\n\t\t\t\t\t<span class=\"elementor-headline-plain-text elementor-headline-text-wrapper\"> en el desplegable de \"Todos los departamentos\"<\/span>\n\t\t\t\t\t<\/h3>\n\t\t<\/a>\t\t\t\t<\/div>\n\t\t\t\t<\/div>\n\t\t\t\t\t<\/div>\n\t\t<\/div>\n\t\t\t\t\t<\/div>\n\t\t<\/section>\n\t\t\t\t<\/div>\n\t\t","protected":false},"excerpt":{"rendered":"<p>https:\/\/bibliometria.us.es\/prisma\/publicacion\/buscar Para ver nuestras publicaciones, acceda a PRISMA y seleccione \u00abAgronom\u00eda\u00bb en el desplegable de \u00abTodos los departamentos\u00bb<\/p>\n","protected":false},"author":3,"featured_media":0,"parent":0,"menu_order":0,"comment_status":"closed","ping_status":"closed","template":"","meta":{"footnotes":""},"class_list":["post-1414","page","type-page","status-publish","hentry"],"yoast_head":"<!-- This site is optimized with the Yoast SEO plugin v27.4 - https:\/\/yoast.com\/product\/yoast-seo-wordpress\/ -->\n<title>Publicaciones - Departamento de Agronom\u00eda<\/title>\n<meta name=\"robots\" content=\"index, follow, max-snippet:-1, max-image-preview:large, max-video-preview:-1\" \/>\n<link rel=\"canonical\" href=\"https:\/\/departamento.us.es\/dca\/publicaciones\/\" \/>\n<meta property=\"og:locale\" content=\"es_ES\" \/>\n<meta property=\"og:type\" content=\"article\" \/>\n<meta property=\"og:title\" content=\"Publicaciones - Departamento de Agronom\u00eda\" \/>\n<meta property=\"og:description\" content=\"https:\/\/bibliometria.us.es\/prisma\/publicacion\/buscar Para ver nuestras publicaciones, acceda a PRISMA y seleccione \u00abAgronom\u00eda\u00bb en el desplegable de \u00abTodos los departamentos\u00bb\" \/>\n<meta property=\"og:url\" content=\"https:\/\/departamento.us.es\/dca\/publicaciones\/\" \/>\n<meta property=\"og:site_name\" content=\"Departamento de Agronom\u00eda\" \/>\n<meta property=\"article:modified_time\" content=\"2022-05-17T09:07:29+00:00\" \/>\n<meta property=\"og:image\" content=\"https:\/\/departamento.us.es\/dca\/wp-content\/uploads\/2022\/04\/logoPrismaColor3.png\" \/>\n<meta name=\"twitter:card\" content=\"summary_large_image\" \/>\n<meta name=\"twitter:label1\" content=\"Tiempo de lectura\" \/>\n\t<meta name=\"twitter:data1\" content=\"1 minuto\" \/>\n<script type=\"application\/ld+json\" class=\"yoast-schema-graph\">{\"@context\":\"https:\\\/\\\/schema.org\",\"@graph\":[{\"@type\":\"WebPage\",\"@id\":\"https:\\\/\\\/departamento.us.es\\\/dca\\\/publicaciones\\\/\",\"url\":\"https:\\\/\\\/departamento.us.es\\\/dca\\\/publicaciones\\\/\",\"name\":\"Publicaciones - Departamento de Agronom\u00eda\",\"isPartOf\":{\"@id\":\"https:\\\/\\\/departamento.us.es\\\/dca\\\/#website\"},\"primaryImageOfPage\":{\"@id\":\"https:\\\/\\\/departamento.us.es\\\/dca\\\/publicaciones\\\/#primaryimage\"},\"image\":{\"@id\":\"https:\\\/\\\/departamento.us.es\\\/dca\\\/publicaciones\\\/#primaryimage\"},\"thumbnailUrl\":\"https:\\\/\\\/departamento.us.es\\\/dca\\\/wp-content\\\/uploads\\\/2022\\\/04\\\/logoPrismaColor3.png\",\"datePublished\":\"2022-04-28T09:17:20+00:00\",\"dateModified\":\"2022-05-17T09:07:29+00:00\",\"inLanguage\":\"es\",\"potentialAction\":[{\"@type\":\"ReadAction\",\"target\":[\"https:\\\/\\\/departamento.us.es\\\/dca\\\/publicaciones\\\/\"]}]},{\"@type\":\"ImageObject\",\"inLanguage\":\"es\",\"@id\":\"https:\\\/\\\/departamento.us.es\\\/dca\\\/publicaciones\\\/#primaryimage\",\"url\":\"https:\\\/\\\/departamento.us.es\\\/dca\\\/wp-content\\\/uploads\\\/2022\\\/04\\\/logoPrismaColor3.png\",\"contentUrl\":\"https:\\\/\\\/departamento.us.es\\\/dca\\\/wp-content\\\/uploads\\\/2022\\\/04\\\/logoPrismaColor3.png\",\"width\":2046,\"height\":380},{\"@type\":\"WebSite\",\"@id\":\"https:\\\/\\\/departamento.us.es\\\/dca\\\/#website\",\"url\":\"https:\\\/\\\/departamento.us.es\\\/dca\\\/\",\"name\":\"Departamento de Agronom\u00eda\",\"description\":\"Escuela T\u00e9cnica Superior de Ingenier\u00eda Agron\u00f3mica\",\"publisher\":{\"@id\":\"https:\\\/\\\/departamento.us.es\\\/dca\\\/#organization\"},\"potentialAction\":[{\"@type\":\"SearchAction\",\"target\":{\"@type\":\"EntryPoint\",\"urlTemplate\":\"https:\\\/\\\/departamento.us.es\\\/dca\\\/?s={search_term_string}\"},\"query-input\":{\"@type\":\"PropertyValueSpecification\",\"valueRequired\":true,\"valueName\":\"search_term_string\"}}],\"inLanguage\":\"es\"},{\"@type\":\"Organization\",\"@id\":\"https:\\\/\\\/departamento.us.es\\\/dca\\\/#organization\",\"name\":\"Departamento de Agronom\u00eda\",\"url\":\"https:\\\/\\\/departamento.us.es\\\/dca\\\/\",\"logo\":{\"@type\":\"ImageObject\",\"inLanguage\":\"es\",\"@id\":\"https:\\\/\\\/departamento.us.es\\\/dca\\\/#\\\/schema\\\/logo\\\/image\\\/\",\"url\":\"https:\\\/\\\/departamento.us.es\\\/dca\\\/wp-content\\\/uploads\\\/2022\\\/03\\\/US-marca-digital-cuadrada-200.png\",\"contentUrl\":\"https:\\\/\\\/departamento.us.es\\\/dca\\\/wp-content\\\/uploads\\\/2022\\\/03\\\/US-marca-digital-cuadrada-200.png\",\"width\":200,\"height\":205,\"caption\":\"Departamento de Agronom\u00eda\"},\"image\":{\"@id\":\"https:\\\/\\\/departamento.us.es\\\/dca\\\/#\\\/schema\\\/logo\\\/image\\\/\"}}]}<\/script>\n<!-- \/ Yoast SEO plugin. -->","yoast_head_json":{"title":"Publicaciones - Departamento de Agronom\u00eda","robots":{"index":"index","follow":"follow","max-snippet":"max-snippet:-1","max-image-preview":"max-image-preview:large","max-video-preview":"max-video-preview:-1"},"canonical":"https:\/\/departamento.us.es\/dca\/publicaciones\/","og_locale":"es_ES","og_type":"article","og_title":"Publicaciones - Departamento de Agronom\u00eda","og_description":"https:\/\/bibliometria.us.es\/prisma\/publicacion\/buscar Para ver nuestras publicaciones, acceda a PRISMA y seleccione \u00abAgronom\u00eda\u00bb en el desplegable de \u00abTodos los departamentos\u00bb","og_url":"https:\/\/departamento.us.es\/dca\/publicaciones\/","og_site_name":"Departamento de Agronom\u00eda","article_modified_time":"2022-05-17T09:07:29+00:00","og_image":[{"url":"https:\/\/departamento.us.es\/dca\/wp-content\/uploads\/2022\/04\/logoPrismaColor3.png","type":"","width":"","height":""}],"twitter_card":"summary_large_image","twitter_misc":{"Tiempo de lectura":"1 minuto"},"schema":{"@context":"https:\/\/schema.org","@graph":[{"@type":"WebPage","@id":"https:\/\/departamento.us.es\/dca\/publicaciones\/","url":"https:\/\/departamento.us.es\/dca\/publicaciones\/","name":"Publicaciones - Departamento de Agronom\u00eda","isPartOf":{"@id":"https:\/\/departamento.us.es\/dca\/#website"},"primaryImageOfPage":{"@id":"https:\/\/departamento.us.es\/dca\/publicaciones\/#primaryimage"},"image":{"@id":"https:\/\/departamento.us.es\/dca\/publicaciones\/#primaryimage"},"thumbnailUrl":"https:\/\/departamento.us.es\/dca\/wp-content\/uploads\/2022\/04\/logoPrismaColor3.png","datePublished":"2022-04-28T09:17:20+00:00","dateModified":"2022-05-17T09:07:29+00:00","inLanguage":"es","potentialAction":[{"@type":"ReadAction","target":["https:\/\/departamento.us.es\/dca\/publicaciones\/"]}]},{"@type":"ImageObject","inLanguage":"es","@id":"https:\/\/departamento.us.es\/dca\/publicaciones\/#primaryimage","url":"https:\/\/departamento.us.es\/dca\/wp-content\/uploads\/2022\/04\/logoPrismaColor3.png","contentUrl":"https:\/\/departamento.us.es\/dca\/wp-content\/uploads\/2022\/04\/logoPrismaColor3.png","width":2046,"height":380},{"@type":"WebSite","@id":"https:\/\/departamento.us.es\/dca\/#website","url":"https:\/\/departamento.us.es\/dca\/","name":"Departamento de Agronom\u00eda","description":"Escuela T\u00e9cnica Superior de Ingenier\u00eda Agron\u00f3mica","publisher":{"@id":"https:\/\/departamento.us.es\/dca\/#organization"},"potentialAction":[{"@type":"SearchAction","target":{"@type":"EntryPoint","urlTemplate":"https:\/\/departamento.us.es\/dca\/?s={search_term_string}"},"query-input":{"@type":"PropertyValueSpecification","valueRequired":true,"valueName":"search_term_string"}}],"inLanguage":"es"},{"@type":"Organization","@id":"https:\/\/departamento.us.es\/dca\/#organization","name":"Departamento de Agronom\u00eda","url":"https:\/\/departamento.us.es\/dca\/","logo":{"@type":"ImageObject","inLanguage":"es","@id":"https:\/\/departamento.us.es\/dca\/#\/schema\/logo\/image\/","url":"https:\/\/departamento.us.es\/dca\/wp-content\/uploads\/2022\/03\/US-marca-digital-cuadrada-200.png","contentUrl":"https:\/\/departamento.us.es\/dca\/wp-content\/uploads\/2022\/03\/US-marca-digital-cuadrada-200.png","width":200,"height":205,"caption":"Departamento de Agronom\u00eda"},"image":{"@id":"https:\/\/departamento.us.es\/dca\/#\/schema\/logo\/image\/"}}]}},"_links":{"self":[{"href":"https:\/\/departamento.us.es\/dca\/wp-json\/wp\/v2\/pages\/1414","targetHints":{"allow":["GET"]}}],"collection":[{"href":"https:\/\/departamento.us.es\/dca\/wp-json\/wp\/v2\/pages"}],"about":[{"href":"https:\/\/departamento.us.es\/dca\/wp-json\/wp\/v2\/types\/page"}],"author":[{"embeddable":true,"href":"https:\/\/departamento.us.es\/dca\/wp-json\/wp\/v2\/users\/3"}],"replies":[{"embeddable":true,"href":"https:\/\/departamento.us.es\/dca\/wp-json\/wp\/v2\/comments?post=1414"}],"version-history":[{"count":0,"href":"https:\/\/departamento.us.es\/dca\/wp-json\/wp\/v2\/pages\/1414\/revisions"}],"wp:attachment":[{"href":"https:\/\/departamento.us.es\/dca\/wp-json\/wp\/v2\/media?parent=1414"}],"curies":[{"name":"wp","href":"https:\/\/api.w.org\/{rel}","templated":true}]}}