{"id":353,"date":"2021-04-07T12:21:42","date_gmt":"2021-04-07T12:21:42","guid":{"rendered":"https:\/\/departamento.us.es\/dcefus\/?page_id=353"},"modified":"2021-04-29T10:25:24","modified_gmt":"2021-04-29T10:25:24","slug":"grupos-de-investigacion","status":"publish","type":"page","link":"https:\/\/departamento.us.es\/dcefus\/grupos-de-investigacion\/","title":{"rendered":"Grupos de Investigaci\u00f3n"},"content":{"rendered":"\t\t<div data-elementor-type=\"wp-page\" data-elementor-id=\"353\" class=\"elementor elementor-353\" data-elementor-post-type=\"page\">\n\t\t\t\t\t\t<section class=\"elementor-section elementor-top-section elementor-element elementor-element-3fca077f elementor-section-boxed elementor-section-height-default elementor-section-height-default\" data-id=\"3fca077f\" data-element_type=\"section\">\n\t\t\t\t\t\t<div class=\"elementor-container elementor-column-gap-default\">\n\t\t\t\t\t<div class=\"elementor-column elementor-col-100 elementor-top-column elementor-element elementor-element-234d1a87\" data-id=\"234d1a87\" data-element_type=\"column\">\n\t\t\t<div class=\"elementor-widget-wrap elementor-element-populated\">\n\t\t\t\t\t\t<div class=\"elementor-element elementor-element-906fe9f elementor-position-left elementor-vertical-align-top elementor-invisible elementor-widget elementor-widget-image-box\" data-id=\"906fe9f\" data-element_type=\"widget\" data-settings=\"{&quot;_animation&quot;:&quot;fadeInRight&quot;}\" data-widget_type=\"image-box.default\">\n\t\t\t\t<div class=\"elementor-widget-container\">\n\t\t\t\t\t<div class=\"elementor-image-box-wrapper\"><figure class=\"elementor-image-box-img\"><a href=\"https:\/\/investigacion.us.es\/sisius\/grupo\/SEJ130\" target=\"_blank\" tabindex=\"-1\"><img decoding=\"async\" src=\"https:\/\/departamento.us.es\/dcefus\/wp-content\/uploads\/elementor\/thumbs\/US-marca-principal-rinolrslkiqcpq36xc1qnct7zyfegnihgwru8dz7y8.png\" title=\"US-marca-principal\" alt=\"US-marca-principal\" loading=\"lazy\" \/><\/a><\/figure><div class=\"elementor-image-box-content\"><h3 class=\"elementor-image-box-title\"><a href=\"https:\/\/investigacion.us.es\/sisius\/grupo\/SEJ130\" target=\"_blank\">SEJ130: Nuevos Escenarios de la Informaci\u00f3n Contable<\/a><\/h3><p class=\"elementor-image-box-description\">El grupo SEJ130 \u201cNuevos escenarios de la informaci\u00f3n contable\u201d, creado en 1995, est\u00e1 compuesto por 13 miembros (11 de ellos doctores), de los cuales doce pertenecen al Departamento de Contabilidad y Econom\u00eda Financiera y uno al Departamento de Econom\u00eda Financiera y Direcci\u00f3n de Operaciones. \n<br>\nEste grupo desarrolla su labor investigadora en materias que abarcan diversas tem\u00e1ticas. En particular, su actuaci\u00f3n se centra en las siguientes l\u00edneas prioritarias: a) Gobierno Corporativo y Responsabilidad Social Corporativa, b) Diversidad de g\u00e9nero, principalmente en los consejos de administraci\u00f3n de las empresas, c) Divulgaci\u00f3n de informaci\u00f3n, de car\u00e1cter financiero y no financiero, por parte de las empresas, d) Mercados de capitales, e) Historia de la contabilidad, y f) Educaci\u00f3n en contabilidad. \n<br>\nEn los \u00faltimos cinco a\u00f1os, la producci\u00f3n cient\u00edfica del grupo se ha traducido en la publicaci\u00f3n de diversos libros y cap\u00edtulos de libro en editoriales consideradas por Scholarly Publishers Indicators (SPI), as\u00ed como de m\u00e1s de 40 art\u00edculos en revistas de impacto (JCR y Scopus). Asimismo, los miembros del grupo han dirigido en este periodo distintas tesis doctorales y participado en proyectos de investigaci\u00f3n de car\u00e1cter nacional.\n<\/p><\/div><\/div>\t\t\t\t<\/div>\n\t\t\t\t<\/div>\n\t\t\t\t<div class=\"elementor-element elementor-element-0dc8099 elementor-position-left elementor-vertical-align-top elementor-invisible elementor-widget elementor-widget-image-box\" data-id=\"0dc8099\" data-element_type=\"widget\" data-settings=\"{&quot;_animation&quot;:&quot;fadeInRight&quot;}\" data-widget_type=\"image-box.default\">\n\t\t\t\t<div class=\"elementor-widget-container\">\n\t\t\t\t\t<div class=\"elementor-image-box-wrapper\"><figure class=\"elementor-image-box-img\"><a href=\"https:\/\/investigacion.us.es\/sisius\/grupo\/SEJ180\" target=\"_blank\" tabindex=\"-1\"><img decoding=\"async\" src=\"https:\/\/departamento.us.es\/dcefus\/wp-content\/uploads\/elementor\/thumbs\/US-marca-principal-rinolrslkiqcpq36xc1qnct7zyfegnihgwru8dz7y8.png\" title=\"US-marca-principal\" alt=\"US-marca-principal\" loading=\"lazy\" \/><\/a><\/figure><div class=\"elementor-image-box-content\"><h3 class=\"elementor-image-box-title\"><a href=\"https:\/\/investigacion.us.es\/sisius\/grupo\/SEJ180\" target=\"_blank\">SEJ180: Grupo de investigaci\u00f3n en Contabilidad de la Universidad de Sevilla<\/a><\/h3><p class=\"elementor-image-box-description\">El grupo de investigaci\u00f3n 180 se plantea como objetivos los siguientes:\n<br>- Tendencias actuales de contabilidad y auditor\u00eda. Fundamentalmente todo lo relacionado con la Contabilidad Financiera.\n<br>- aplicaci\u00f3n de las nuevas tecnolog\u00edas a la investigaci\u00f3n en contabilidad y auditor\u00eda\n<br>- Aspectos relacionados con la \u00e9tica en contabilidad y auditor\u00eda\n<br>- Aspectos relacionados con la inteligencia emocional en contabilidad y auditor\u00eda<\/p><\/div><\/div>\t\t\t\t<\/div>\n\t\t\t\t<\/div>\n\t\t\t\t<div class=\"elementor-element elementor-element-ac09d70 elementor-position-left elementor-vertical-align-top elementor-invisible elementor-widget elementor-widget-image-box\" data-id=\"ac09d70\" data-element_type=\"widget\" data-settings=\"{&quot;_animation&quot;:&quot;fadeInRight&quot;}\" data-widget_type=\"image-box.default\">\n\t\t\t\t<div class=\"elementor-widget-container\">\n\t\t\t\t\t<div class=\"elementor-image-box-wrapper\"><figure class=\"elementor-image-box-img\"><a href=\"https:\/\/investigacion.us.es\/sisius\/grupo\/SEJ400\" target=\"_blank\" tabindex=\"-1\"><img decoding=\"async\" src=\"https:\/\/departamento.us.es\/dcefus\/wp-content\/uploads\/elementor\/thumbs\/US-marca-principal-rinolrslkiqcpq36xc1qnct7zyfegnihgwru8dz7y8.png\" title=\"US-marca-principal\" alt=\"US-marca-principal\" loading=\"lazy\" \/><\/a><\/figure><div class=\"elementor-image-box-content\"><h3 class=\"elementor-image-box-title\"><a href=\"https:\/\/investigacion.us.es\/sisius\/grupo\/SEJ400\" target=\"_blank\">SEJ400: Grupo de Investigaci\u00f3n Emp\u00edrica en Econom\u00eda Financiera y Contabilidad de la Universidad de Sevilla<\/a><\/h3><p class=\"elementor-image-box-description\">El Grupo de Investigaci\u00f3n Emp\u00edrica en Contabilidad de la Universidad de Sevilla abarca diversos campos de la investigaci\u00f3n en Contabilidad y, en general, cualquier aspecto del reporting externo de la empresa, predominando la metodolog\u00eda de estudios estad\u00edsticos econom\u00e9tricos y de mercado. Las \u00e1reas de mayor relieve son la normalizaci\u00f3n contable y su desarrollo, su relevancia valorativa, as\u00ed como sus determinantes. En el campo de la CSR destaca los determinantes y relevancia de los informes de carbono de las empresas, as\u00ed como el estudio del activismo de accionistas en iniciativas CSR. Tambi\u00e9n se est\u00e1n desarrollando trabajos en el an\u00e1lisis de pr\u00e1cticas de Greenwashing por parte de las empresas.<\/p><\/div><\/div>\t\t\t\t<\/div>\n\t\t\t\t<\/div>\n\t\t\t\t<div class=\"elementor-element elementor-element-4426d18 elementor-position-left elementor-vertical-align-top elementor-invisible elementor-widget elementor-widget-image-box\" data-id=\"4426d18\" data-element_type=\"widget\" data-settings=\"{&quot;_animation&quot;:&quot;fadeInRight&quot;}\" data-widget_type=\"image-box.default\">\n\t\t\t\t<div class=\"elementor-widget-container\">\n\t\t\t\t\t<div class=\"elementor-image-box-wrapper\"><figure class=\"elementor-image-box-img\"><a href=\"https:\/\/investigacion.us.es\/sisius\/grupo\/SEJ409\" target=\"_blank\" tabindex=\"-1\"><img decoding=\"async\" src=\"https:\/\/departamento.us.es\/dcefus\/wp-content\/uploads\/elementor\/thumbs\/US-marca-principal-rinolrslkiqcpq36xc1qnct7zyfegnihgwru8dz7y8.png\" title=\"US-marca-principal\" alt=\"US-marca-principal\" loading=\"lazy\" \/><\/a><\/figure><div class=\"elementor-image-box-content\"><h3 class=\"elementor-image-box-title\"><a href=\"https:\/\/investigacion.us.es\/sisius\/grupo\/SEJ409\" target=\"_blank\">SEJ409: Sistemas de Informaci\u00f3n para la Gesti\u00f3n<\/a><\/h3><p class=\"elementor-image-box-description\">El Grupo de investigaci\u00f3n SEJ 409 \"SISTEMAS DE INFORMACI\u00d3N PARA LA GESTI\u00d3N\", creado en 2001 y compuesto actualmente por 9 miembros (7 de ellos doctor@s), tiene como objetivo la mejora de los procesos de decisi\u00f3n a trav\u00e9s del suministro de informaci\u00f3n fiable y oportuna.\n<br>\nSus l\u00edneas de trabajo principales son: Corporate Governance, Gesti\u00f3n Sostenible en el Sector Tur\u00edstico, Informaci\u00f3n No Financiera, Responsabilidad Social\/Sostenibilidad, Revenue Management, Sistemas de Informaci\u00f3n y Control.\n<br>\nSus miembros participan en varios proyectos de investigaci\u00f3n y de transferencia y entre su producci\u00f3n m\u00e1s reciente destacan varias publicaciones en revistas de impacto (JCR y Scopus).\n<\/p><\/div><\/div>\t\t\t\t<\/div>\n\t\t\t\t<\/div>\n\t\t\t\t<div class=\"elementor-element elementor-element-e5b2b4e elementor-position-left elementor-vertical-align-top elementor-invisible elementor-widget elementor-widget-image-box\" data-id=\"e5b2b4e\" data-element_type=\"widget\" data-settings=\"{&quot;_animation&quot;:&quot;fadeInRight&quot;}\" data-widget_type=\"image-box.default\">\n\t\t\t\t<div class=\"elementor-widget-container\">\n\t\t\t\t\t<div class=\"elementor-image-box-wrapper\"><figure class=\"elementor-image-box-img\"><a href=\"https:\/\/investigacion.us.es\/sisius\/grupo\/SEJ472\" target=\"_blank\" tabindex=\"-1\"><img decoding=\"async\" src=\"https:\/\/departamento.us.es\/dcefus\/wp-content\/uploads\/elementor\/thumbs\/US-marca-principal-rinolrslkiqcpq36xc1qnct7zyfegnihgwru8dz7y8.png\" title=\"US-marca-principal\" alt=\"US-marca-principal\" loading=\"lazy\" \/><\/a><\/figure><div class=\"elementor-image-box-content\"><h3 class=\"elementor-image-box-title\"><a href=\"https:\/\/investigacion.us.es\/sisius\/grupo\/SEJ472\" target=\"_blank\">SEJ472: Nuevas Tendencias de Investigaci\u00f3n en Auditoria y Sistema de Informaci\u00f3n Contable<\/a><\/h3><p class=\"elementor-image-box-description\">El Grupo de investigaci\u00f3n SEJ 472 \"NUEVAS TENDENCIAS DE INVESTIGACION EN AUDITORIA Y SISTEMA DE INFORMACI\u00d3N CONTABLE\", creado en el a\u00f1o 2007, est\u00e1 compuesto actualmente por 8 miembros (7 de ellos doctores), de los cuales 6 son profesores del Departamento de Contabilidad y Econom\u00eda Financiera, una  profesora del Departamento de Econom\u00eda Financiera y Direcci\u00f3n de Operaciones y una investigadora externa.\n<br>\nEntre sus l\u00edneas de investigaci\u00f3n se encuentran Valoraci\u00f3n de intangibles; Auditoria; Educaci\u00f3n y discapacidad; Responsabilidad Social y Turismo, entre otras, teniendo una producci\u00f3n cient\u00edfica en revistas de impacto (JCR y Scopus), as\u00ed como cap\u00edtulos de libros en revistas SPI que superan los 20 trabajos en los \u00faltimos cinco a\u00f1os. Asimismo, sus miembros participan en varios proyectos de investigaci\u00f3n de distinta \u00edndole.\n<br>\nPor otro lado, cabe destacar que fruto de las relaciones con otras universidades, tanto espa\u00f1olas como extranjeras, en este grupo se est\u00e1n dirigiendo, entre los miembros del mismo, m\u00e1s de 10 proyectos de tesis con estudiantes espa\u00f1oles, portugueses, venezolanos, brasile\u00f1os, chilenos, colombianos y pakistan\u00edes.\n<\/p><\/div><\/div>\t\t\t\t<\/div>\n\t\t\t\t<\/div>\n\t\t\t\t<div class=\"elementor-element elementor-element-17dee2a elementor-position-left elementor-vertical-align-top elementor-invisible elementor-widget elementor-widget-image-box\" data-id=\"17dee2a\" data-element_type=\"widget\" data-settings=\"{&quot;_animation&quot;:&quot;fadeInRight&quot;}\" data-widget_type=\"image-box.default\">\n\t\t\t\t<div class=\"elementor-widget-container\">\n\t\t\t\t\t<div class=\"elementor-image-box-wrapper\"><figure class=\"elementor-image-box-img\"><a href=\"https:\/\/investigacion.us.es\/sisius\/grupo\/SEJ488\" target=\"_blank\" tabindex=\"-1\"><img decoding=\"async\" src=\"https:\/\/departamento.us.es\/dcefus\/wp-content\/uploads\/elementor\/thumbs\/US-marca-principal-rinolrslkiqcpq36xc1qnct7zyfegnihgwru8dz7y8.png\" title=\"US-marca-principal\" alt=\"US-marca-principal\" loading=\"lazy\" \/><\/a><\/figure><div class=\"elementor-image-box-content\"><h3 class=\"elementor-image-box-title\"><a href=\"https:\/\/investigacion.us.es\/sisius\/grupo\/SEJ488\" target=\"_blank\">SEJ488: Responsabilidad Social Corporativa y \u00c9xito Empresarial<\/a><\/h3><p class=\"elementor-image-box-description\">Las l\u00edneas de investigaci\u00f3n del grupo son diversas, al tratarse de un grupo multidisciplinar con investigadores adscritos a distintos departamentos de la Universidad de Sevilla. \n<br>Las principales son: el estudio de la diversidad de g\u00e9nero y su impacto en la gesti\u00f3n empresarial, el desempe\u00f1o organizacional y la responsabilidad social corporativa. \n<br>En todas estas l\u00edneas se han obtenido contratos y publicaciones relevantes.<\/p><\/div><\/div>\t\t\t\t<\/div>\n\t\t\t\t<\/div>\n\t\t\t\t\t<\/div>\n\t\t<\/div>\n\t\t\t\t\t<\/div>\n\t\t<\/section>\n\t\t\t\t<\/div>\n\t\t","protected":false},"excerpt":{"rendered":"<p>SEJ130: Nuevos Escenarios de la Informaci\u00f3n Contable El grupo SEJ130 \u201cNuevos escenarios de la informaci\u00f3n contable\u201d, creado en 1995, est\u00e1<\/p>\n","protected":false},"author":1,"featured_media":382,"parent":0,"menu_order":0,"comment_status":"closed","ping_status":"closed","template":"","meta":{"colormag_page_container_layout":"default_layout","colormag_page_sidebar_layout":"default_layout","_monsterinsights_skip_tracking":false,"_monsterinsights_sitenote_active":false,"_monsterinsights_sitenote_note":"","_monsterinsights_sitenote_category":0,"footnotes":""},"class_list":["post-353","page","type-page","status-publish","has-post-thumbnail","hentry"],"yoast_head":"<!-- This site is optimized with the Yoast SEO plugin v26.7 - https:\/\/yoast.com\/wordpress\/plugins\/seo\/ -->\n<title>Grupos de Investigaci\u00f3n - Departamento de Contabilidad y Econom\u00eda Financiera de La Universidad de Sevilla<\/title>\n<meta name=\"robots\" content=\"index, follow, max-snippet:-1, max-image-preview:large, max-video-preview:-1\" \/>\n<link rel=\"canonical\" href=\"https:\/\/departamento.us.es\/dcefus\/grupos-de-investigacion\/\" \/>\n<meta property=\"og:locale\" content=\"es_ES\" \/>\n<meta property=\"og:type\" content=\"article\" \/>\n<meta property=\"og:title\" content=\"Grupos de Investigaci\u00f3n - Departamento de Contabilidad y Econom\u00eda Financiera de La Universidad de Sevilla\" \/>\n<meta property=\"og:description\" content=\"SEJ130: Nuevos Escenarios de la Informaci\u00f3n Contable El grupo SEJ130 \u201cNuevos escenarios de la informaci\u00f3n contable\u201d, creado en 1995, est\u00e1\" \/>\n<meta property=\"og:url\" content=\"https:\/\/departamento.us.es\/dcefus\/grupos-de-investigacion\/\" \/>\n<meta property=\"og:site_name\" content=\"Departamento de Contabilidad y Econom\u00eda Financiera de La Universidad de Sevilla\" \/>\n<meta property=\"article:modified_time\" content=\"2021-04-29T10:25:24+00:00\" \/>\n<meta property=\"og:image\" content=\"https:\/\/departamento.us.es\/dcefus\/wp-content\/uploads\/2021\/04\/Imagen-destacada-doctorado.jpg\" \/>\n\t<meta property=\"og:image:width\" content=\"1920\" \/>\n\t<meta property=\"og:image:height\" content=\"200\" \/>\n\t<meta property=\"og:image:type\" content=\"image\/jpeg\" \/>\n<meta name=\"twitter:card\" content=\"summary_large_image\" \/>\n<meta name=\"twitter:label1\" content=\"Tiempo de lectura\" \/>\n\t<meta name=\"twitter:data1\" content=\"5 minutos\" \/>\n<script type=\"application\/ld+json\" class=\"yoast-schema-graph\">{\"@context\":\"https:\/\/schema.org\",\"@graph\":[{\"@type\":\"WebPage\",\"@id\":\"https:\/\/departamento.us.es\/dcefus\/grupos-de-investigacion\/\",\"url\":\"https:\/\/departamento.us.es\/dcefus\/grupos-de-investigacion\/\",\"name\":\"Grupos de Investigaci\u00f3n - Departamento de Contabilidad y Econom\u00eda Financiera de La Universidad de Sevilla\",\"isPartOf\":{\"@id\":\"https:\/\/departamento.us.es\/dcefus\/#website\"},\"primaryImageOfPage\":{\"@id\":\"https:\/\/departamento.us.es\/dcefus\/grupos-de-investigacion\/#primaryimage\"},\"image\":{\"@id\":\"https:\/\/departamento.us.es\/dcefus\/grupos-de-investigacion\/#primaryimage\"},\"thumbnailUrl\":\"https:\/\/departamento.us.es\/dcefus\/wp-content\/uploads\/2021\/04\/Imagen-destacada-doctorado.jpg\",\"datePublished\":\"2021-04-07T12:21:42+00:00\",\"dateModified\":\"2021-04-29T10:25:24+00:00\",\"breadcrumb\":{\"@id\":\"https:\/\/departamento.us.es\/dcefus\/grupos-de-investigacion\/#breadcrumb\"},\"inLanguage\":\"es\",\"potentialAction\":[{\"@type\":\"ReadAction\",\"target\":[\"https:\/\/departamento.us.es\/dcefus\/grupos-de-investigacion\/\"]}]},{\"@type\":\"ImageObject\",\"inLanguage\":\"es\",\"@id\":\"https:\/\/departamento.us.es\/dcefus\/grupos-de-investigacion\/#primaryimage\",\"url\":\"https:\/\/departamento.us.es\/dcefus\/wp-content\/uploads\/2021\/04\/Imagen-destacada-doctorado.jpg\",\"contentUrl\":\"https:\/\/departamento.us.es\/dcefus\/wp-content\/uploads\/2021\/04\/Imagen-destacada-doctorado.jpg\",\"width\":1920,\"height\":200},{\"@type\":\"BreadcrumbList\",\"@id\":\"https:\/\/departamento.us.es\/dcefus\/grupos-de-investigacion\/#breadcrumb\",\"itemListElement\":[{\"@type\":\"ListItem\",\"position\":1,\"name\":\"Portada\",\"item\":\"https:\/\/departamento.us.es\/dcefus\/\"},{\"@type\":\"ListItem\",\"position\":2,\"name\":\"Grupos de Investigaci\u00f3n\"}]},{\"@type\":\"WebSite\",\"@id\":\"https:\/\/departamento.us.es\/dcefus\/#website\",\"url\":\"https:\/\/departamento.us.es\/dcefus\/\",\"name\":\"Departamento de Contabilidad y Econom\u00eda Financiera de La Universidad de Sevilla\",\"description\":\"Facultad de Ciencias Econ\u00f3micas y Empresariales\",\"publisher\":{\"@id\":\"https:\/\/departamento.us.es\/dcefus\/#organization\"},\"potentialAction\":[{\"@type\":\"SearchAction\",\"target\":{\"@type\":\"EntryPoint\",\"urlTemplate\":\"https:\/\/departamento.us.es\/dcefus\/?s={search_term_string}\"},\"query-input\":{\"@type\":\"PropertyValueSpecification\",\"valueRequired\":true,\"valueName\":\"search_term_string\"}}],\"inLanguage\":\"es\"},{\"@type\":\"Organization\",\"@id\":\"https:\/\/departamento.us.es\/dcefus\/#organization\",\"name\":\"Departamento de Contabilidad y Econom\u00eda Financiera de La Universidad de Sevilla\",\"url\":\"https:\/\/departamento.us.es\/dcefus\/\",\"logo\":{\"@type\":\"ImageObject\",\"inLanguage\":\"es\",\"@id\":\"https:\/\/departamento.us.es\/dcefus\/#\/schema\/logo\/image\/\",\"url\":\"https:\/\/departamento.us.es\/dcefus\/wp-content\/uploads\/2021\/03\/Logo-CEF1.png\",\"contentUrl\":\"https:\/\/departamento.us.es\/dcefus\/wp-content\/uploads\/2021\/03\/Logo-CEF1.png\",\"width\":482,\"height\":195,\"caption\":\"Departamento de Contabilidad y Econom\u00eda Financiera de La Universidad de Sevilla\"},\"image\":{\"@id\":\"https:\/\/departamento.us.es\/dcefus\/#\/schema\/logo\/image\/\"},\"sameAs\":[\"https:\/\/www.linkedin.com\/company\/dcefus\"]}]}<\/script>\n<!-- \/ Yoast SEO plugin. -->","yoast_head_json":{"title":"Grupos de Investigaci\u00f3n - Departamento de Contabilidad y Econom\u00eda Financiera de La Universidad de Sevilla","robots":{"index":"index","follow":"follow","max-snippet":"max-snippet:-1","max-image-preview":"max-image-preview:large","max-video-preview":"max-video-preview:-1"},"canonical":"https:\/\/departamento.us.es\/dcefus\/grupos-de-investigacion\/","og_locale":"es_ES","og_type":"article","og_title":"Grupos de Investigaci\u00f3n - Departamento de Contabilidad y Econom\u00eda Financiera de La Universidad de Sevilla","og_description":"SEJ130: Nuevos Escenarios de la Informaci\u00f3n Contable El grupo SEJ130 \u201cNuevos escenarios de la informaci\u00f3n contable\u201d, creado en 1995, est\u00e1","og_url":"https:\/\/departamento.us.es\/dcefus\/grupos-de-investigacion\/","og_site_name":"Departamento de Contabilidad y Econom\u00eda Financiera de La Universidad de Sevilla","article_modified_time":"2021-04-29T10:25:24+00:00","og_image":[{"width":1920,"height":200,"url":"https:\/\/departamento.us.es\/dcefus\/wp-content\/uploads\/2021\/04\/Imagen-destacada-doctorado.jpg","type":"image\/jpeg"}],"twitter_card":"summary_large_image","twitter_misc":{"Tiempo de lectura":"5 minutos"},"schema":{"@context":"https:\/\/schema.org","@graph":[{"@type":"WebPage","@id":"https:\/\/departamento.us.es\/dcefus\/grupos-de-investigacion\/","url":"https:\/\/departamento.us.es\/dcefus\/grupos-de-investigacion\/","name":"Grupos de Investigaci\u00f3n - Departamento de Contabilidad y Econom\u00eda Financiera de La Universidad de Sevilla","isPartOf":{"@id":"https:\/\/departamento.us.es\/dcefus\/#website"},"primaryImageOfPage":{"@id":"https:\/\/departamento.us.es\/dcefus\/grupos-de-investigacion\/#primaryimage"},"image":{"@id":"https:\/\/departamento.us.es\/dcefus\/grupos-de-investigacion\/#primaryimage"},"thumbnailUrl":"https:\/\/departamento.us.es\/dcefus\/wp-content\/uploads\/2021\/04\/Imagen-destacada-doctorado.jpg","datePublished":"2021-04-07T12:21:42+00:00","dateModified":"2021-04-29T10:25:24+00:00","breadcrumb":{"@id":"https:\/\/departamento.us.es\/dcefus\/grupos-de-investigacion\/#breadcrumb"},"inLanguage":"es","potentialAction":[{"@type":"ReadAction","target":["https:\/\/departamento.us.es\/dcefus\/grupos-de-investigacion\/"]}]},{"@type":"ImageObject","inLanguage":"es","@id":"https:\/\/departamento.us.es\/dcefus\/grupos-de-investigacion\/#primaryimage","url":"https:\/\/departamento.us.es\/dcefus\/wp-content\/uploads\/2021\/04\/Imagen-destacada-doctorado.jpg","contentUrl":"https:\/\/departamento.us.es\/dcefus\/wp-content\/uploads\/2021\/04\/Imagen-destacada-doctorado.jpg","width":1920,"height":200},{"@type":"BreadcrumbList","@id":"https:\/\/departamento.us.es\/dcefus\/grupos-de-investigacion\/#breadcrumb","itemListElement":[{"@type":"ListItem","position":1,"name":"Portada","item":"https:\/\/departamento.us.es\/dcefus\/"},{"@type":"ListItem","position":2,"name":"Grupos de Investigaci\u00f3n"}]},{"@type":"WebSite","@id":"https:\/\/departamento.us.es\/dcefus\/#website","url":"https:\/\/departamento.us.es\/dcefus\/","name":"Departamento de Contabilidad y Econom\u00eda Financiera de La Universidad de Sevilla","description":"Facultad de Ciencias Econ\u00f3micas y Empresariales","publisher":{"@id":"https:\/\/departamento.us.es\/dcefus\/#organization"},"potentialAction":[{"@type":"SearchAction","target":{"@type":"EntryPoint","urlTemplate":"https:\/\/departamento.us.es\/dcefus\/?s={search_term_string}"},"query-input":{"@type":"PropertyValueSpecification","valueRequired":true,"valueName":"search_term_string"}}],"inLanguage":"es"},{"@type":"Organization","@id":"https:\/\/departamento.us.es\/dcefus\/#organization","name":"Departamento de Contabilidad y Econom\u00eda Financiera de La Universidad de Sevilla","url":"https:\/\/departamento.us.es\/dcefus\/","logo":{"@type":"ImageObject","inLanguage":"es","@id":"https:\/\/departamento.us.es\/dcefus\/#\/schema\/logo\/image\/","url":"https:\/\/departamento.us.es\/dcefus\/wp-content\/uploads\/2021\/03\/Logo-CEF1.png","contentUrl":"https:\/\/departamento.us.es\/dcefus\/wp-content\/uploads\/2021\/03\/Logo-CEF1.png","width":482,"height":195,"caption":"Departamento de Contabilidad y Econom\u00eda Financiera de La Universidad de Sevilla"},"image":{"@id":"https:\/\/departamento.us.es\/dcefus\/#\/schema\/logo\/image\/"},"sameAs":["https:\/\/www.linkedin.com\/company\/dcefus"]}]}},"_links":{"self":[{"href":"https:\/\/departamento.us.es\/dcefus\/wp-json\/wp\/v2\/pages\/353","targetHints":{"allow":["GET"]}}],"collection":[{"href":"https:\/\/departamento.us.es\/dcefus\/wp-json\/wp\/v2\/pages"}],"about":[{"href":"https:\/\/departamento.us.es\/dcefus\/wp-json\/wp\/v2\/types\/page"}],"author":[{"embeddable":true,"href":"https:\/\/departamento.us.es\/dcefus\/wp-json\/wp\/v2\/users\/1"}],"replies":[{"embeddable":true,"href":"https:\/\/departamento.us.es\/dcefus\/wp-json\/wp\/v2\/comments?post=353"}],"version-history":[{"count":0,"href":"https:\/\/departamento.us.es\/dcefus\/wp-json\/wp\/v2\/pages\/353\/revisions"}],"wp:featuredmedia":[{"embeddable":true,"href":"https:\/\/departamento.us.es\/dcefus\/wp-json\/wp\/v2\/media\/382"}],"wp:attachment":[{"href":"https:\/\/departamento.us.es\/dcefus\/wp-json\/wp\/v2\/media?parent=353"}],"curies":[{"name":"wp","href":"https:\/\/api.w.org\/{rel}","templated":true}]}}