{"id":21,"date":"2025-03-10T17:55:49","date_gmt":"2025-03-10T16:55:49","guid":{"rendered":"https:\/\/departamento.us.es\/ddidmate\/?page_id=21"},"modified":"2026-03-27T15:03:43","modified_gmt":"2026-03-27T14:03:43","slug":"personal","status":"publish","type":"page","link":"https:\/\/departamento.us.es\/ddidmate\/personal\/","title":{"rendered":"Personal"},"content":{"rendered":"\n<p><strong>Gestora y Secretaria del Departamento<\/strong>: M\u00aa DOLORES GARC\u00cdA EL\u00cdAS<\/p>\n\n\n\n<p>Situaci\u00f3n: Secretar\u00eda Planta 5\u00aa, Bloque 2<\/p>\n\n\n\n<p>Tel\u00e9fono: 9554-20583<\/p>\n\n\n\n<p>Correo electr\u00f3nico: aliele@us.es<\/p>\n\n\n\n<p><strong>Directora del Departamento<\/strong>: Ver\u00f3nica Mart\u00edn Molina<\/p>\n\n\n\n<p>Consultar abajo sus datos de contacto<\/p>\n\n\n\n<p><strong>Profesorado del Departamento<\/strong><\/p>\n\n\n\n<figure class=\"wp-block-table\"><table><thead><tr><td>NOMBRE<\/td><td>SITUACI\u00d3N<\/td><td>Despacho<\/td><td>Tel\u00e9fono<\/td><td>Correo<\/td><td>WEB<\/td><\/tr><\/thead><tbody><tr><td>BAJO BENITO, JOS\u00c9 MARIANO<\/td><td>PROFESOR ASOCIADO<\/td><td>5.99<\/td><td>9554-20547<\/td><td>jbajo@us.es<\/td><td><\/td><\/tr><tr><td>DOM\u00cdNGUEZ VI\u00d1AS, M\u00aa JOS\u00c9<\/td><td>PROFESORA&nbsp;ASOCIADA<\/td><td>5.81<\/td><td>9554-20529<\/td><td>jdominguez15@us.es<\/td><td><\/td><\/tr><tr><td>ESCUDERO DOM\u00cdNGUEZ, ANA M\u00aa<\/td><td>PROFESORA AYUDANTE DOCTORA<\/td><td>5.81<\/td><td>9554-20529<\/td><td>aescudero1@us.es<\/td><td><\/td><\/tr><tr><td>FERN\u00c1NDEZ LE\u00d3N, AURORA<\/td><td>PROFESORA TITULAR DE UNIVERSIDAD<\/td><td>5.102<\/td><td>9554-20550<\/td><td>aurorafl@us.es<\/td><td><\/td><\/tr><tr><td>GALLEGO S\u00c1NCHEZ, IN\u00c9S&nbsp; M.<\/td><td>PROFESORA PERMANENTE LABORAL \u2013 MOD. PCD<\/td><td>5.97<\/td><td>9554-20545<\/td><td>inesgal@us.es<\/td><td><\/td><\/tr><tr><td>GARCIA HINOJOSA, SANDRA<\/td><td>PROFESORA SUSTITUTA<\/td><td>5.68<\/td><td>sin telef.<\/td><td>sgarcia22@us.es<\/td><td><\/td><\/tr><tr><td>GAVIL\u00c1N IZQUIERDO, JOS\u00c9 MAR\u00cdA<\/td><td>CATEDR\u00c1TICO DE UNIVERSIDAD<\/td><td>5.104<\/td><td>9554-20552<\/td><td>gavilan@us.es<\/td><td><a href=\"https:\/\/investigacion.us.es\/sisius\/sis_showpub.php?idpers=4104\" target=\"_blank\" rel=\"noreferrer noopener\">https:\/\/investigacion.us.es\/sisi\u2026<\/a><\/td><\/tr><tr><td>G\u00d3MEZ DEL REY, PILAR<\/td><td>PROFESORA&nbsp;PERMANENTE LABORAL&nbsp;\u2013 MOD. PCD<\/td><td>5.57<\/td><td>9554-20507<\/td><td>pgomez8@us.es<\/td><td><\/td><\/tr><tr><td>GONZ\u00c1LEZ HERRERA, ANTONIO<\/td><td>PROFESOR TITULAR DE UNIVERSIDAD<\/td><td>5.105<\/td><td>9554-20553<\/td><td>gonzalezh@us.es<\/td><td><\/td><\/tr><tr><td>GONZ\u00c1LEZ REGA\u00d1A, ALFONSO J.<\/td><td>PROFESOR CONTRATADO DOCTOR<\/td><td>5.103<\/td><td>9554-20551<\/td><td>agonzalez@us.es<\/td><td><\/td><\/tr><tr><td>IZQUIERDO ACEBES, ELISA<\/td><td>PROFESORA SUSTITUTA<\/td><td>5.68<\/td><td>Sin telef.<\/td><td>eizquierdo@us.es<\/td><td><\/td><\/tr><tr><td>LI\u00d1\u00c1N GARC\u00cdA, M\u00aa DEL MAR<\/td><td>PROFESORA&nbsp;PERMANENTE LABORAL \u2013 MOD. PCD<\/td><td>5.100<\/td><td>9554-20548<\/td><td>mlinan@us.es<\/td><td><a href=\"https:\/\/www.researchgate.net\/profile\/Maria_Del_Mar_Linan\" target=\"_blank\" rel=\"noreferrer noopener\">researchgate.net\/profile\/Maria\u2026<\/a><a href=\"https:\/\/orcid.org\/0000-0003-1328-3356\" target=\"_blank\" rel=\"noreferrer noopener\">orcid.org\u2026<\/a><\/td><\/tr><tr><td>MART\u00cdN MOLINA, VER\u00d3NICA (Directora)<\/td><td>PROFESORA&nbsp;TITULAR DE UNIVERSIDAD<\/td><td>5.106<\/td><td>9554-20554<\/td><td>veronicamartin@us.es<\/td><td><a href=\"http:\/\/veronicamartin.es\" data-type=\"link\" data-id=\"veronicamartin.es\">veronicamartin.es<br><\/a><a href=\"https:\/\/personal.us.es\/veronicamartin\">https:\/\/personal.us.es\/veronicamartin<\/a><\/td><\/tr><tr><td>MU\u00d1OZ CATAL\u00c1N, M\u00aa DE LA CINTA<\/td><td>PROFESORA&nbsp;TITULAR DE UNIVERSIDAD<\/td><td>5.101<\/td><td>9554-20549<\/td><td>mcmunozcatalan@us.es<\/td><td><a href=\"https:\/\/www.researchgate.net\/profile\/Maria_Cinta_Catalan\" target=\"_blank\" rel=\"noreferrer noopener\">researchgate.net\/profile\/Maria\u2026<\/a><br><a href=\"https:\/\/www.uhu.es\/picmatematicas\/\" target=\"_blank\" rel=\"noreferrer noopener\">uhu.es\/picmatematicas\/<\/a><a href=\"https:\/\/www.dropbox.com\/sh\/mgq6395pp6xy0fv\/AAAKy6pOcVKbAQ2akDxsUrqua?dl=0\" target=\"_blank\" rel=\"noreferrer noopener\">dropbox.com\/\u2026<\/a><br><a href=\"https:\/\/orcid.org\/0000-0003-2329-7612\" target=\"_blank\" rel=\"noreferrer noopener\">https:\/\/orcid.org\/0000-0003-2329-7612<\/a><\/td><\/tr><tr><td>ORTIZ MORALES, SAMUEL<\/td><td>PROFESOR SUSTITUTO<\/td><td>5.68<\/td><td>sin telef.<\/td><td>sortiz1@us.es<\/td><td><\/td><\/tr><tr><td>PASCUAL MART\u00cdN, M\u00aa ISABEL<\/td><td>PROFESORA AYUDANTE DOCTORA<\/td><td>5.81<\/td><td>&nbsp;9554-20529<\/td><td>&nbsp;mpascual@us.es<\/td><td><\/td><\/tr><tr><td>RIVERA BOZA, JUAN ANTONIO<\/td><td>PROFESOR ASOCIADO<\/td><td>5.99<\/td><td>9554-20547<\/td><td>jarivboza@us.es<\/td><td><\/td><\/tr><tr><td>S\u00c1NCHEZ-MATAMOROS GARC\u00cdA, GLORIA<\/td><td>PROFESORA TITULAR DE UNIVERSIDAD<\/td><td>5.107<\/td><td>9554-20555<\/td><td>gsanchezmatamoros@us.es<\/td><td><\/td><\/tr><tr><td>TOSCANO BARRAG\u00c1N, ROC\u00cdO<\/td><td>PROFESORA&nbsp;PERMANENTE LABORAL \u2013 MOD. PCD<\/td><td>5.98<\/td><td>9554-20546<\/td><td>rtoscano@us.es<\/td><td><\/td><\/tr><\/tbody><\/table><\/figure>\n\n\n\n<p><\/p>\n","protected":false},"excerpt":{"rendered":"<p>Gestora y Secretaria del Departamento: M\u00aa DOLORES GARC\u00cdA EL\u00cdAS Situaci\u00f3n: Secretar\u00eda Planta 5\u00aa, Bloque 2 Tel\u00e9fono: 9554-20583 Correo electr\u00f3nico: aliele@us.es Directora del Departamento: Ver\u00f3nica Mart\u00edn Molina Consultar abajo sus datos de contacto Profesorado del Departamento NOMBRE SITUACI\u00d3N Despacho Tel\u00e9fono Correo WEB BAJO BENITO, JOS\u00c9 MARIANO PROFESOR ASOCIADO 5.99 9554-20547 jbajo@us.es DOM\u00cdNGUEZ VI\u00d1AS, M\u00aa JOS\u00c9 PROFESORA&nbsp;ASOCIADA [&hellip;]<\/p>\n","protected":false},"author":1,"featured_media":0,"parent":0,"menu_order":0,"comment_status":"closed","ping_status":"closed","template":"","meta":{"footnotes":""},"class_list":["post-21","page","type-page","status-publish","hentry"],"_links":{"self":[{"href":"https:\/\/departamento.us.es\/ddidmate\/wp-json\/wp\/v2\/pages\/21","targetHints":{"allow":["GET"]}}],"collection":[{"href":"https:\/\/departamento.us.es\/ddidmate\/wp-json\/wp\/v2\/pages"}],"about":[{"href":"https:\/\/departamento.us.es\/ddidmate\/wp-json\/wp\/v2\/types\/page"}],"author":[{"embeddable":true,"href":"https:\/\/departamento.us.es\/ddidmate\/wp-json\/wp\/v2\/users\/1"}],"replies":[{"embeddable":true,"href":"https:\/\/departamento.us.es\/ddidmate\/wp-json\/wp\/v2\/comments?post=21"}],"version-history":[{"count":28,"href":"https:\/\/departamento.us.es\/ddidmate\/wp-json\/wp\/v2\/pages\/21\/revisions"}],"predecessor-version":[{"id":285,"href":"https:\/\/departamento.us.es\/ddidmate\/wp-json\/wp\/v2\/pages\/21\/revisions\/285"}],"wp:attachment":[{"href":"https:\/\/departamento.us.es\/ddidmate\/wp-json\/wp\/v2\/media?parent=21"}],"curies":[{"name":"wp","href":"https:\/\/api.w.org\/{rel}","templated":true}]}}