{"id":27,"date":"2025-03-10T17:59:13","date_gmt":"2025-03-10T16:59:13","guid":{"rendered":"https:\/\/departamento.us.es\/ddidmate\/?page_id=27"},"modified":"2025-03-20T19:40:56","modified_gmt":"2025-03-20T18:40:56","slug":"docencia","status":"publish","type":"page","link":"https:\/\/departamento.us.es\/ddidmate\/docencia\/","title":{"rendered":"Estudiantes"},"content":{"rendered":"\n<p>Mirad en las otras entradas del men\u00fa \u00abEstudiantes\u00bb informaci\u00f3n sobre estudiantes internos, de pr\u00e1cticas y elecciones del Sector C.<\/p>\n\n\n\n<h2 class=\"wp-block-heading\">Fechas de ex\u00e1menes y horarios de las asignaturas<\/h2>\n\n\n\n<p>La Fechas de ex\u00e1menes&nbsp; y horarios de las asignaturas de este Departamento est\u00e1n publicadas en la web de la Facultad de Ciencias de la Educaci\u00f3n:&nbsp;<a href=\"https:\/\/educacion.us.es\/\">https:\/\/educacion.us.es\/<\/a><\/p>\n\n\n\n<h2 class=\"wp-block-heading\">Programas de las asignaturas del departamento<\/h2>\n\n\n\n<p>Los Programas y Proyectos Docentes de las Asignaturas del Departamento se pueden consultar el siguiente enlace: <a href=\"https:\/\/sevius4.us.es\/?PyP=LISTA\">https:\/\/sevius4.us.es\/?PyP=LISTA<\/a><\/p>\n\n\n\n<p><\/p>\n","protected":false},"excerpt":{"rendered":"<p>Mirad en las otras entradas del men\u00fa \u00abEstudiantes\u00bb informaci\u00f3n sobre estudiantes internos, de pr\u00e1cticas y elecciones del Sector C. Fechas de ex\u00e1menes y horarios de las asignaturas La Fechas de ex\u00e1menes&nbsp; y horarios de las asignaturas de este Departamento est\u00e1n publicadas en la web de la Facultad de Ciencias de la Educaci\u00f3n:&nbsp;https:\/\/educacion.us.es\/ Programas de las [&hellip;]<\/p>\n","protected":false},"author":1,"featured_media":0,"parent":0,"menu_order":0,"comment_status":"closed","ping_status":"closed","template":"","meta":{"footnotes":""},"class_list":["post-27","page","type-page","status-publish","hentry"],"_links":{"self":[{"href":"https:\/\/departamento.us.es\/ddidmate\/wp-json\/wp\/v2\/pages\/27","targetHints":{"allow":["GET"]}}],"collection":[{"href":"https:\/\/departamento.us.es\/ddidmate\/wp-json\/wp\/v2\/pages"}],"about":[{"href":"https:\/\/departamento.us.es\/ddidmate\/wp-json\/wp\/v2\/types\/page"}],"author":[{"embeddable":true,"href":"https:\/\/departamento.us.es\/ddidmate\/wp-json\/wp\/v2\/users\/1"}],"replies":[{"embeddable":true,"href":"https:\/\/departamento.us.es\/ddidmate\/wp-json\/wp\/v2\/comments?post=27"}],"version-history":[{"count":5,"href":"https:\/\/departamento.us.es\/ddidmate\/wp-json\/wp\/v2\/pages\/27\/revisions"}],"predecessor-version":[{"id":144,"href":"https:\/\/departamento.us.es\/ddidmate\/wp-json\/wp\/v2\/pages\/27\/revisions\/144"}],"wp:attachment":[{"href":"https:\/\/departamento.us.es\/ddidmate\/wp-json\/wp\/v2\/media?parent=27"}],"curies":[{"name":"wp","href":"https:\/\/api.w.org\/{rel}","templated":true}]}}