{"id":40,"date":"2025-03-10T18:08:59","date_gmt":"2025-03-10T17:08:59","guid":{"rendered":"https:\/\/departamento.us.es\/ddidmate\/?page_id=40"},"modified":"2025-03-10T18:09:00","modified_gmt":"2025-03-10T17:09:00","slug":"investigacion","status":"publish","type":"page","link":"https:\/\/departamento.us.es\/ddidmate\/investigacion\/","title":{"rendered":"Investigaci\u00f3n"},"content":{"rendered":"\n<p>Puedes consultar en PRISMA el perfil del personal del departamento: <a href=\"https:\/\/prisma.us.es\/investigador\/buscar\/departamento\/I0B2\">https:\/\/prisma.us.es\/investigador\/buscar\/departamento\/I0B2<\/a><\/p>\n\n\n\n<p>Tambi\u00e9n puedes consultar la p\u00e1gina del\u00a0<a href=\"https:\/\/grupo.us.es\/geducmate\" target=\"_blank\" rel=\"noreferrer noopener\">Grupo de Investigaci\u00f3n en Educaci\u00f3n Matem\u00e1tica<\/a>.<\/p>\n","protected":false},"excerpt":{"rendered":"<p>Puedes consultar en PRISMA el perfil del personal del departamento: https:\/\/prisma.us.es\/investigador\/buscar\/departamento\/I0B2 Tambi\u00e9n puedes consultar la p\u00e1gina del\u00a0Grupo de Investigaci\u00f3n en Educaci\u00f3n Matem\u00e1tica.<\/p>\n","protected":false},"author":1,"featured_media":0,"parent":0,"menu_order":0,"comment_status":"closed","ping_status":"closed","template":"","meta":{"footnotes":""},"class_list":["post-40","page","type-page","status-publish","hentry"],"_links":{"self":[{"href":"https:\/\/departamento.us.es\/ddidmate\/wp-json\/wp\/v2\/pages\/40","targetHints":{"allow":["GET"]}}],"collection":[{"href":"https:\/\/departamento.us.es\/ddidmate\/wp-json\/wp\/v2\/pages"}],"about":[{"href":"https:\/\/departamento.us.es\/ddidmate\/wp-json\/wp\/v2\/types\/page"}],"author":[{"embeddable":true,"href":"https:\/\/departamento.us.es\/ddidmate\/wp-json\/wp\/v2\/users\/1"}],"replies":[{"embeddable":true,"href":"https:\/\/departamento.us.es\/ddidmate\/wp-json\/wp\/v2\/comments?post=40"}],"version-history":[{"count":1,"href":"https:\/\/departamento.us.es\/ddidmate\/wp-json\/wp\/v2\/pages\/40\/revisions"}],"predecessor-version":[{"id":42,"href":"https:\/\/departamento.us.es\/ddidmate\/wp-json\/wp\/v2\/pages\/40\/revisions\/42"}],"wp:attachment":[{"href":"https:\/\/departamento.us.es\/ddidmate\/wp-json\/wp\/v2\/media?parent=40"}],"curies":[{"name":"wp","href":"https:\/\/api.w.org\/{rel}","templated":true}]}}