{"id":2046,"date":"2022-06-10T08:57:11","date_gmt":"2022-06-10T08:57:11","guid":{"rendered":"https:\/\/departamento.us.es\/depquiorg\/?page_id=2046"},"modified":"2024-10-02T10:09:08","modified_gmt":"2024-10-02T10:09:08","slug":"noticias","status":"publish","type":"page","link":"https:\/\/departamento.us.es\/depquiorg\/noticias\/","title":{"rendered":"Noticias"},"content":{"rendered":"\t\t<div data-elementor-type=\"wp-page\" data-elementor-id=\"2046\" class=\"elementor elementor-2046\" data-elementor-post-type=\"page\">\n\t\t\t\t<div class=\"elementor-element elementor-element-193b01d e-con-full animated-slow e-flex elementor-invisible e-con e-parent\" data-id=\"193b01d\" data-element_type=\"container\" data-settings=\"{&quot;animation&quot;:&quot;fadeIn&quot;}\">\n\t\t<div class=\"elementor-element elementor-element-5ac1728 e-con-full e-flex elementor-invisible e-con e-child\" data-id=\"5ac1728\" data-element_type=\"container\" data-settings=\"{&quot;animation&quot;:&quot;fadeIn&quot;}\">\n\t\t\t\t<div class=\"elementor-element elementor-element-6ecab45 elementor-widget__width-initial elementor-grid-3 elementor-grid-tablet-2 elementor-grid-mobile-1 elementor-posts--thumbnail-top elementor-card-shadow-yes elementor-posts__hover-gradient elementor-widget elementor-widget-posts\" data-id=\"6ecab45\" data-element_type=\"widget\" data-settings=\"{&quot;pagination_type&quot;:&quot;numbers_and_prev_next&quot;,&quot;cards_columns&quot;:&quot;3&quot;,&quot;cards_columns_tablet&quot;:&quot;2&quot;,&quot;cards_columns_mobile&quot;:&quot;1&quot;,&quot;cards_row_gap&quot;:{&quot;unit&quot;:&quot;px&quot;,&quot;size&quot;:35,&quot;sizes&quot;:[]},&quot;cards_row_gap_tablet&quot;:{&quot;unit&quot;:&quot;px&quot;,&quot;size&quot;:&quot;&quot;,&quot;sizes&quot;:[]},&quot;cards_row_gap_mobile&quot;:{&quot;unit&quot;:&quot;px&quot;,&quot;size&quot;:&quot;&quot;,&quot;sizes&quot;:[]}}\" data-widget_type=\"posts.cards\">\n\t\t\t\t<div class=\"elementor-widget-container\">\n\t\t\t\t\t\t\t<div class=\"elementor-posts-container elementor-posts elementor-posts--skin-cards elementor-grid\" role=\"list\">\n\t\t\t\t<article class=\"elementor-post elementor-grid-item post-9918 post type-post status-publish format-standard has-post-thumbnail hentry category-noticias\" role=\"listitem\">\n\t\t\t<div class=\"elementor-post__card\">\n\t\t\t\t<a class=\"elementor-post__thumbnail__link\" href=\"https:\/\/departamento.us.es\/depquiorg\/noticias\/primer-cupon-de-la-once-andaluz-del-ano-dedicado-a-las-mujeres-con-ciencia\/\" tabindex=\"-1\" ><div class=\"elementor-post__thumbnail\"><img fetchpriority=\"high\" decoding=\"async\" width=\"420\" height=\"285\" src=\"https:\/\/departamento.us.es\/depquiorg\/wp-content\/uploads\/2026\/01\/imagenNoticia.jpg\" class=\"attachment-medium_large size-medium_large wp-image-9919\" alt=\"\" srcset=\"https:\/\/departamento.us.es\/depquiorg\/wp-content\/uploads\/2026\/01\/imagenNoticia.jpg 420w, https:\/\/departamento.us.es\/depquiorg\/wp-content\/uploads\/2026\/01\/imagenNoticia-300x204.jpg 300w\" sizes=\"(max-width: 420px) 100vw, 420px\" \/><\/div><\/a>\n\t\t\t\t<div class=\"elementor-post__text\">\n\t\t\t\t<h3 class=\"elementor-post__title\">\n\t\t\t<a href=\"https:\/\/departamento.us.es\/depquiorg\/noticias\/primer-cupon-de-la-once-andaluz-del-ano-dedicado-a-las-mujeres-con-ciencia\/\" >\n\t\t\t\tPrimer cup\u00f3n de la ONCE andaluz del a\u00f1o dedicado a las &#8216;Mujeres con Ciencia&#8217;\t\t\t<\/a>\n\t\t<\/h3>\n\t\t\t\t<div class=\"elementor-post__excerpt\">\n\t\t\t<p>Felicitamos a la catedr\u00e1tica de nuestro departamento, D\u00f1a. Rosario Fern\u00e1ndez por ser la cient\u00edfica andaluza elegida para inaugurar una nueva colecci\u00f3n con la que la<\/p>\n\t\t<\/div>\n\t\t\t\t\t<div class=\"elementor-post__read-more-wrapper\">\n\t\t\n\t\t<a class=\"elementor-post__read-more\" href=\"https:\/\/departamento.us.es\/depquiorg\/noticias\/primer-cupon-de-la-once-andaluz-del-ano-dedicado-a-las-mujeres-con-ciencia\/\" aria-label=\"M\u00e1s informaci\u00f3n sobre Primer cup\u00f3n de la ONCE andaluz del a\u00f1o dedicado a las &#8216;Mujeres con Ciencia&#8217;\" tabindex=\"-1\" >\n\t\t\tLeer M\u00e1s \u00bb\t\t<\/a>\n\n\t\t\t\t\t<\/div>\n\t\t\t\t<\/div>\n\t\t\t\t<div class=\"elementor-post__meta-data\">\n\t\t\t\t\t<span class=\"elementor-post-date\">\n\t\t\t9 de enero de 2026\t\t<\/span>\n\t\t\t\t<\/div>\n\t\t\t\t\t<\/div>\n\t\t<\/article>\n\t\t\t\t<article class=\"elementor-post elementor-grid-item post-9915 post type-post status-publish format-standard has-post-thumbnail hentry category-noticias\" role=\"listitem\">\n\t\t\t<div class=\"elementor-post__card\">\n\t\t\t\t<a class=\"elementor-post__thumbnail__link\" href=\"https:\/\/departamento.us.es\/depquiorg\/noticias\/concesion-premios-a-la-publicacion-del-mes-2024-2025\/\" tabindex=\"-1\" ><div class=\"elementor-post__thumbnail\"><img decoding=\"async\" width=\"768\" height=\"1024\" src=\"https:\/\/departamento.us.es\/depquiorg\/wp-content\/uploads\/2025\/12\/Premios-publicaciones-mes-Facultad-Quimica-2025-768x1024.jpeg\" class=\"attachment-medium_large size-medium_large wp-image-9916\" alt=\"\" srcset=\"https:\/\/departamento.us.es\/depquiorg\/wp-content\/uploads\/2025\/12\/Premios-publicaciones-mes-Facultad-Quimica-2025-768x1024.jpeg 768w, https:\/\/departamento.us.es\/depquiorg\/wp-content\/uploads\/2025\/12\/Premios-publicaciones-mes-Facultad-Quimica-2025-225x300.jpeg 225w, https:\/\/departamento.us.es\/depquiorg\/wp-content\/uploads\/2025\/12\/Premios-publicaciones-mes-Facultad-Quimica-2025-1152x1536.jpeg 1152w, https:\/\/departamento.us.es\/depquiorg\/wp-content\/uploads\/2025\/12\/Premios-publicaciones-mes-Facultad-Quimica-2025.jpeg 1536w\" sizes=\"(max-width: 768px) 100vw, 768px\" \/><\/div><\/a>\n\t\t\t\t<div class=\"elementor-post__text\">\n\t\t\t\t<h3 class=\"elementor-post__title\">\n\t\t\t<a href=\"https:\/\/departamento.us.es\/depquiorg\/noticias\/concesion-premios-a-la-publicacion-del-mes-2024-2025\/\" >\n\t\t\t\tConcesi\u00f3n Premios a la Publicaci\u00f3n del Mes 2024-2025\t\t\t<\/a>\n\t\t<\/h3>\n\t\t\t\t<div class=\"elementor-post__excerpt\">\n\t\t\t<p>\u200b Felicitamos a los investigadores del Departamento de Qu\u00edmica Org\u00e1nica premiados por la Facultad de Qu\u00edmica a los mejores art\u00edculos del mes:\u00a0Juan Manuel Coto, M\u00aa<\/p>\n\t\t<\/div>\n\t\t\t\t\t<div class=\"elementor-post__read-more-wrapper\">\n\t\t\n\t\t<a class=\"elementor-post__read-more\" href=\"https:\/\/departamento.us.es\/depquiorg\/noticias\/concesion-premios-a-la-publicacion-del-mes-2024-2025\/\" aria-label=\"M\u00e1s informaci\u00f3n sobre Concesi\u00f3n Premios a la Publicaci\u00f3n del Mes 2024-2025\" tabindex=\"-1\" >\n\t\t\tLeer M\u00e1s \u00bb\t\t<\/a>\n\n\t\t\t\t\t<\/div>\n\t\t\t\t<\/div>\n\t\t\t\t<div class=\"elementor-post__meta-data\">\n\t\t\t\t\t<span class=\"elementor-post-date\">\n\t\t\t18 de diciembre de 2025\t\t<\/span>\n\t\t\t\t<\/div>\n\t\t\t\t\t<\/div>\n\t\t<\/article>\n\t\t\t\t<article class=\"elementor-post elementor-grid-item post-9910 post type-post status-publish format-standard has-post-thumbnail hentry category-noticias\" role=\"listitem\">\n\t\t\t<div class=\"elementor-post__card\">\n\t\t\t\t<a class=\"elementor-post__thumbnail__link\" href=\"https:\/\/departamento.us.es\/depquiorg\/noticias\/acto-de-entrega-de-premios-tesis-doctorales-seccion-territorial-de-andalucia-occidental-rseq-curso-2023-24\/\" tabindex=\"-1\" ><div class=\"elementor-post__thumbnail\"><img decoding=\"async\" width=\"768\" height=\"576\" src=\"https:\/\/departamento.us.es\/depquiorg\/wp-content\/uploads\/2025\/12\/Presentacion-acto-Premios-23-24-768x576.jpg\" class=\"attachment-medium_large size-medium_large wp-image-9912\" alt=\"\" srcset=\"https:\/\/departamento.us.es\/depquiorg\/wp-content\/uploads\/2025\/12\/Presentacion-acto-Premios-23-24-768x576.jpg 768w, https:\/\/departamento.us.es\/depquiorg\/wp-content\/uploads\/2025\/12\/Presentacion-acto-Premios-23-24-300x225.jpg 300w, https:\/\/departamento.us.es\/depquiorg\/wp-content\/uploads\/2025\/12\/Presentacion-acto-Premios-23-24.jpg 960w\" sizes=\"(max-width: 768px) 100vw, 768px\" \/><\/div><\/a>\n\t\t\t\t<div class=\"elementor-post__text\">\n\t\t\t\t<h3 class=\"elementor-post__title\">\n\t\t\t<a href=\"https:\/\/departamento.us.es\/depquiorg\/noticias\/acto-de-entrega-de-premios-tesis-doctorales-seccion-territorial-de-andalucia-occidental-rseq-curso-2023-24\/\" >\n\t\t\t\tACTO DE ENTREGA DE PREMIOS TESIS DOCTORALES Secci\u00f3n Territorial de Andaluc\u00eda Occidental-RSEQ Curso 2023-24\t\t\t<\/a>\n\t\t<\/h3>\n\t\t\t\t<div class=\"elementor-post__excerpt\">\n\t\t\t<p>\u200b Felicitamos a los Doctores del departamento, Gonzalo Rivero y Carlos Rodr\u00edguez por el premio a las Mejores Tesis Doctorales del curso 23-24, otorgado por<\/p>\n\t\t<\/div>\n\t\t\t\t\t<div class=\"elementor-post__read-more-wrapper\">\n\t\t\n\t\t<a class=\"elementor-post__read-more\" href=\"https:\/\/departamento.us.es\/depquiorg\/noticias\/acto-de-entrega-de-premios-tesis-doctorales-seccion-territorial-de-andalucia-occidental-rseq-curso-2023-24\/\" aria-label=\"M\u00e1s informaci\u00f3n sobre ACTO DE ENTREGA DE PREMIOS TESIS DOCTORALES Secci\u00f3n Territorial de Andaluc\u00eda Occidental-RSEQ Curso 2023-24\" tabindex=\"-1\" >\n\t\t\tLeer M\u00e1s \u00bb\t\t<\/a>\n\n\t\t\t\t\t<\/div>\n\t\t\t\t<\/div>\n\t\t\t\t<div class=\"elementor-post__meta-data\">\n\t\t\t\t\t<span class=\"elementor-post-date\">\n\t\t\t10 de diciembre de 2025\t\t<\/span>\n\t\t\t\t<\/div>\n\t\t\t\t\t<\/div>\n\t\t<\/article>\n\t\t\t\t<article class=\"elementor-post elementor-grid-item post-9907 post type-post status-publish format-standard has-post-thumbnail hentry category-noticias\" role=\"listitem\">\n\t\t\t<div class=\"elementor-post__card\">\n\t\t\t\t<a class=\"elementor-post__thumbnail__link\" href=\"https:\/\/departamento.us.es\/depquiorg\/noticias\/premio-mejores-comunicaciones-orales-9a-congreso-de-estudiantes-de-doctorado-en-quimica\/\" tabindex=\"-1\" ><div class=\"elementor-post__thumbnail\"><img loading=\"lazy\" decoding=\"async\" width=\"768\" height=\"971\" src=\"https:\/\/departamento.us.es\/depquiorg\/wp-content\/uploads\/2025\/11\/Premios-Congreso-Estudiantes-Doctorado-scaled-e1763980318137-768x971.jpeg\" class=\"attachment-medium_large size-medium_large wp-image-9908\" alt=\"\" srcset=\"https:\/\/departamento.us.es\/depquiorg\/wp-content\/uploads\/2025\/11\/Premios-Congreso-Estudiantes-Doctorado-scaled-e1763980318137-768x971.jpeg 768w, https:\/\/departamento.us.es\/depquiorg\/wp-content\/uploads\/2025\/11\/Premios-Congreso-Estudiantes-Doctorado-scaled-e1763980318137-237x300.jpeg 237w, https:\/\/departamento.us.es\/depquiorg\/wp-content\/uploads\/2025\/11\/Premios-Congreso-Estudiantes-Doctorado-scaled-e1763980318137-810x1024.jpeg 810w, https:\/\/departamento.us.es\/depquiorg\/wp-content\/uploads\/2025\/11\/Premios-Congreso-Estudiantes-Doctorado-scaled-e1763980318137-1215x1536.jpeg 1215w, https:\/\/departamento.us.es\/depquiorg\/wp-content\/uploads\/2025\/11\/Premios-Congreso-Estudiantes-Doctorado-scaled-e1763980318137-1620x2048.jpeg 1620w, https:\/\/departamento.us.es\/depquiorg\/wp-content\/uploads\/2025\/11\/Premios-Congreso-Estudiantes-Doctorado-scaled-e1763980318137.jpeg 1920w\" sizes=\"(max-width: 768px) 100vw, 768px\" \/><\/div><\/a>\n\t\t\t\t<div class=\"elementor-post__text\">\n\t\t\t\t<h3 class=\"elementor-post__title\">\n\t\t\t<a href=\"https:\/\/departamento.us.es\/depquiorg\/noticias\/premio-mejores-comunicaciones-orales-9a-congreso-de-estudiantes-de-doctorado-en-quimica\/\" >\n\t\t\t\tPremios a las mejores comunicaciones orales 9\u00aa Congreso de estudiantes de Doctorado en Qu\u00edmica.\t\t\t<\/a>\n\t\t<\/h3>\n\t\t\t\t<div class=\"elementor-post__excerpt\">\n\t\t\t<p>\u200b Felicitamos a las estudiantes de Doctorado de nuestro Departamento, Laura \u00c1lvarez y \u00c1ngela Medina, por los premios obtenidos a las mejores comunicaciones orales presentadas<\/p>\n\t\t<\/div>\n\t\t\t\t\t<div class=\"elementor-post__read-more-wrapper\">\n\t\t\n\t\t<a class=\"elementor-post__read-more\" href=\"https:\/\/departamento.us.es\/depquiorg\/noticias\/premio-mejores-comunicaciones-orales-9a-congreso-de-estudiantes-de-doctorado-en-quimica\/\" aria-label=\"M\u00e1s informaci\u00f3n sobre Premios a las mejores comunicaciones orales 9\u00aa Congreso de estudiantes de Doctorado en Qu\u00edmica.\" tabindex=\"-1\" >\n\t\t\tLeer M\u00e1s \u00bb\t\t<\/a>\n\n\t\t\t\t\t<\/div>\n\t\t\t\t<\/div>\n\t\t\t\t<div class=\"elementor-post__meta-data\">\n\t\t\t\t\t<span class=\"elementor-post-date\">\n\t\t\t24 de noviembre de 2025\t\t<\/span>\n\t\t\t\t<\/div>\n\t\t\t\t\t<\/div>\n\t\t<\/article>\n\t\t\t\t<article class=\"elementor-post elementor-grid-item post-9903 post type-post status-publish format-standard has-post-thumbnail hentry category-noticias\" role=\"listitem\">\n\t\t\t<div class=\"elementor-post__card\">\n\t\t\t\t<a class=\"elementor-post__thumbnail__link\" href=\"https:\/\/departamento.us.es\/depquiorg\/noticias\/conferencia-gecco-biotech\/\" tabindex=\"-1\" ><div class=\"elementor-post__thumbnail\"><img loading=\"lazy\" decoding=\"async\" width=\"338\" height=\"236\" src=\"https:\/\/departamento.us.es\/depquiorg\/wp-content\/uploads\/2025\/11\/Anuncio_ConferenciaNikola_Dpto.jpg\" class=\"attachment-medium_large size-medium_large wp-image-9905\" alt=\"\" srcset=\"https:\/\/departamento.us.es\/depquiorg\/wp-content\/uploads\/2025\/11\/Anuncio_ConferenciaNikola_Dpto.jpg 338w, https:\/\/departamento.us.es\/depquiorg\/wp-content\/uploads\/2025\/11\/Anuncio_ConferenciaNikola_Dpto-300x209.jpg 300w\" sizes=\"(max-width: 338px) 100vw, 338px\" \/><\/div><\/a>\n\t\t\t\t<div class=\"elementor-post__text\">\n\t\t\t\t<h3 class=\"elementor-post__title\">\n\t\t\t<a href=\"https:\/\/departamento.us.es\/depquiorg\/noticias\/conferencia-gecco-biotech\/\" >\n\t\t\t\tPr\u00f3xima Conferencia \u00abGECCO BIOTECH &#8211; Pioneering enzyme solutions that reshape industrial biotechnology\u00bb\t\t\t<\/a>\n\t\t<\/h3>\n\t\t\t\t<div class=\"elementor-post__excerpt\">\n\t\t\t<p>El pr\u00f3ximo 2 de diciembre en el aula de grados de la Facultad de Qu\u00edmica tendr\u00e1 lugar la Conferencia \u00abGecco Biotech &#8211; Pioneering enzyme solutions<\/p>\n\t\t<\/div>\n\t\t\t\t\t<div class=\"elementor-post__read-more-wrapper\">\n\t\t\n\t\t<a class=\"elementor-post__read-more\" href=\"https:\/\/departamento.us.es\/depquiorg\/noticias\/conferencia-gecco-biotech\/\" aria-label=\"M\u00e1s informaci\u00f3n sobre Pr\u00f3xima Conferencia \u00abGECCO BIOTECH &#8211; Pioneering enzyme solutions that reshape industrial biotechnology\u00bb\" tabindex=\"-1\" >\n\t\t\tLeer M\u00e1s \u00bb\t\t<\/a>\n\n\t\t\t\t\t<\/div>\n\t\t\t\t<\/div>\n\t\t\t\t<div class=\"elementor-post__meta-data\">\n\t\t\t\t\t<span class=\"elementor-post-date\">\n\t\t\t21 de noviembre de 2025\t\t<\/span>\n\t\t\t\t<\/div>\n\t\t\t\t\t<\/div>\n\t\t<\/article>\n\t\t\t\t<article class=\"elementor-post elementor-grid-item post-9896 post type-post status-publish format-standard has-post-thumbnail hentry category-noticias\" role=\"listitem\">\n\t\t\t<div class=\"elementor-post__card\">\n\t\t\t\t<a class=\"elementor-post__thumbnail__link\" href=\"https:\/\/departamento.us.es\/depquiorg\/noticias\/reunion-inicial-del-proyecto-net4flow\/\" tabindex=\"-1\" ><div class=\"elementor-post__thumbnail\"><img loading=\"lazy\" decoding=\"async\" width=\"768\" height=\"439\" src=\"https:\/\/departamento.us.es\/depquiorg\/wp-content\/uploads\/2025\/11\/reunion-inicial-768x439.jpg\" class=\"attachment-medium_large size-medium_large wp-image-9897\" alt=\"\" srcset=\"https:\/\/departamento.us.es\/depquiorg\/wp-content\/uploads\/2025\/11\/reunion-inicial-768x439.jpg 768w, https:\/\/departamento.us.es\/depquiorg\/wp-content\/uploads\/2025\/11\/reunion-inicial-300x172.jpg 300w, https:\/\/departamento.us.es\/depquiorg\/wp-content\/uploads\/2025\/11\/reunion-inicial-1024x586.jpg 1024w, https:\/\/departamento.us.es\/depquiorg\/wp-content\/uploads\/2025\/11\/reunion-inicial.jpg 1299w\" sizes=\"(max-width: 768px) 100vw, 768px\" \/><\/div><\/a>\n\t\t\t\t<div class=\"elementor-post__text\">\n\t\t\t\t<h3 class=\"elementor-post__title\">\n\t\t\t<a href=\"https:\/\/departamento.us.es\/depquiorg\/noticias\/reunion-inicial-del-proyecto-net4flow\/\" >\n\t\t\t\tREUNI\u00d3N INICIAL DEL PROYECTO NET4FLOW\t\t\t<\/a>\n\t\t<\/h3>\n\t\t\t\t<div class=\"elementor-post__excerpt\">\n\t\t\t<p>Los d\u00edas 11 y 12 de noviembre se ha realizado de modo virtual la reuni\u00f3n inicial del proyecto europeo HORIZON-MSCA-2024-SE-01-01 NET4FLOW (Next-generation Enzymes and Technology<\/p>\n\t\t<\/div>\n\t\t\t\t\t<div class=\"elementor-post__read-more-wrapper\">\n\t\t\n\t\t<a class=\"elementor-post__read-more\" href=\"https:\/\/departamento.us.es\/depquiorg\/noticias\/reunion-inicial-del-proyecto-net4flow\/\" aria-label=\"M\u00e1s informaci\u00f3n sobre REUNI\u00d3N INICIAL DEL PROYECTO NET4FLOW\" tabindex=\"-1\" >\n\t\t\tLeer M\u00e1s \u00bb\t\t<\/a>\n\n\t\t\t\t\t<\/div>\n\t\t\t\t<\/div>\n\t\t\t\t<div class=\"elementor-post__meta-data\">\n\t\t\t\t\t<span class=\"elementor-post-date\">\n\t\t\t13 de noviembre de 2025\t\t<\/span>\n\t\t\t\t<\/div>\n\t\t\t\t\t<\/div>\n\t\t<\/article>\n\t\t\t\t<\/div>\n\t\t\n\t\t\t\t<div class=\"e-load-more-anchor\" data-page=\"1\" data-max-page=\"4\" data-next-page=\"https:\/\/departamento.us.es\/depquiorg\/wp-json\/wp\/v2\/pages\/2046\/page\/2\/\"><\/div>\n\t\t\t\t<nav class=\"elementor-pagination\" aria-label=\"Paginaci\u00f3n\">\n\t\t\t<span class=\"page-numbers prev\">&laquo; Previous<\/span>\n<span aria-current=\"page\" class=\"page-numbers current\"><span class=\"elementor-screen-only\">P\u00e1gina<\/span>1<\/span>\n<a class=\"page-numbers\" href=\"https:\/\/departamento.us.es\/depquiorg\/wp-json\/wp\/v2\/pages\/2046\/page\/2\/\"><span class=\"elementor-screen-only\">P\u00e1gina<\/span>2<\/a>\n<a class=\"page-numbers\" href=\"https:\/\/departamento.us.es\/depquiorg\/wp-json\/wp\/v2\/pages\/2046\/page\/3\/\"><span class=\"elementor-screen-only\">P\u00e1gina<\/span>3<\/a>\n<a class=\"page-numbers\" href=\"https:\/\/departamento.us.es\/depquiorg\/wp-json\/wp\/v2\/pages\/2046\/page\/4\/\"><span class=\"elementor-screen-only\">P\u00e1gina<\/span>4<\/a>\n<a class=\"page-numbers next\" href=\"https:\/\/departamento.us.es\/depquiorg\/wp-json\/wp\/v2\/pages\/2046\/page\/2\/\">Next &raquo;<\/a>\t\t<\/nav>\n\t\t\t\t\t\t<\/div>\n\t\t\t\t<\/div>\n\t\t\t\t<\/div>\n\t\t\t\t<\/div>\n\t\t\t\t<\/div>\n\t\t","protected":false},"excerpt":{"rendered":"","protected":false},"author":10,"featured_media":0,"parent":0,"menu_order":0,"comment_status":"closed","ping_status":"closed","template":"","meta":{"_acf_changed":false,"footnotes":""},"class_list":["post-2046","page","type-page","status-publish","hentry"],"acf":[],"yoast_head":"<!-- This site is optimized with the Yoast SEO plugin v26.3 - https:\/\/yoast.com\/wordpress\/plugins\/seo\/ -->\n<title>Noticias - Departamento de Qu\u00edmica Org\u00e1nica<\/title>\n<meta name=\"robots\" content=\"index, follow, max-snippet:-1, max-image-preview:large, max-video-preview:-1\" \/>\n<link rel=\"canonical\" href=\"https:\/\/departamento.us.es\/depquiorg\/noticias\/\" \/>\n<meta property=\"og:locale\" content=\"es_ES\" \/>\n<meta property=\"og:type\" content=\"article\" \/>\n<meta property=\"og:title\" content=\"Noticias - Departamento de Qu\u00edmica Org\u00e1nica\" \/>\n<meta property=\"og:url\" content=\"https:\/\/departamento.us.es\/depquiorg\/noticias\/\" \/>\n<meta property=\"og:site_name\" content=\"Departamento de Qu\u00edmica Org\u00e1nica\" \/>\n<meta property=\"article:modified_time\" content=\"2024-10-02T10:09:08+00:00\" \/>\n<meta name=\"twitter:card\" content=\"summary_large_image\" \/>\n<meta name=\"twitter:label1\" content=\"Tiempo de lectura\" \/>\n\t<meta name=\"twitter:data1\" content=\"2 minutos\" \/>\n<script type=\"application\/ld+json\" class=\"yoast-schema-graph\">{\"@context\":\"https:\/\/schema.org\",\"@graph\":[{\"@type\":\"WebPage\",\"@id\":\"https:\/\/departamento.us.es\/depquiorg\/noticias\/\",\"url\":\"https:\/\/departamento.us.es\/depquiorg\/noticias\/\",\"name\":\"Noticias - Departamento de Qu\u00edmica Org\u00e1nica\",\"isPartOf\":{\"@id\":\"https:\/\/departamento.us.es\/depquiorg\/#website\"},\"datePublished\":\"2022-06-10T08:57:11+00:00\",\"dateModified\":\"2024-10-02T10:09:08+00:00\",\"inLanguage\":\"es\",\"potentialAction\":[{\"@type\":\"ReadAction\",\"target\":[\"https:\/\/departamento.us.es\/depquiorg\/noticias\/\"]}]},{\"@type\":\"WebSite\",\"@id\":\"https:\/\/departamento.us.es\/depquiorg\/#website\",\"url\":\"https:\/\/departamento.us.es\/depquiorg\/\",\"name\":\"Departamento de Qu\u00edmica Org\u00e1nica\",\"description\":\"Universidad de Sevilla\",\"publisher\":{\"@id\":\"https:\/\/departamento.us.es\/depquiorg\/#organization\"},\"potentialAction\":[{\"@type\":\"SearchAction\",\"target\":{\"@type\":\"EntryPoint\",\"urlTemplate\":\"https:\/\/departamento.us.es\/depquiorg\/?s={search_term_string}\"},\"query-input\":{\"@type\":\"PropertyValueSpecification\",\"valueRequired\":true,\"valueName\":\"search_term_string\"}}],\"inLanguage\":\"es\"},{\"@type\":\"Organization\",\"@id\":\"https:\/\/departamento.us.es\/depquiorg\/#organization\",\"name\":\"Departamento de Qu\u00edmica Org\u00e1nica\",\"url\":\"https:\/\/departamento.us.es\/depquiorg\/\",\"logo\":{\"@type\":\"ImageObject\",\"inLanguage\":\"es\",\"@id\":\"https:\/\/departamento.us.es\/depquiorg\/#\/schema\/logo\/image\/\",\"url\":\"https:\/\/departamento.us.es\/depquiorg\/wp-content\/uploads\/2024\/07\/bannerQO.png\",\"contentUrl\":\"https:\/\/departamento.us.es\/depquiorg\/wp-content\/uploads\/2024\/07\/bannerQO.png\",\"width\":1373,\"height\":260,\"caption\":\"Departamento de Qu\u00edmica Org\u00e1nica\"},\"image\":{\"@id\":\"https:\/\/departamento.us.es\/depquiorg\/#\/schema\/logo\/image\/\"}}]}<\/script>\n<!-- \/ Yoast SEO plugin. -->","yoast_head_json":{"title":"Noticias - Departamento de Qu\u00edmica Org\u00e1nica","robots":{"index":"index","follow":"follow","max-snippet":"max-snippet:-1","max-image-preview":"max-image-preview:large","max-video-preview":"max-video-preview:-1"},"canonical":"https:\/\/departamento.us.es\/depquiorg\/noticias\/","og_locale":"es_ES","og_type":"article","og_title":"Noticias - Departamento de Qu\u00edmica Org\u00e1nica","og_url":"https:\/\/departamento.us.es\/depquiorg\/noticias\/","og_site_name":"Departamento de Qu\u00edmica Org\u00e1nica","article_modified_time":"2024-10-02T10:09:08+00:00","twitter_card":"summary_large_image","twitter_misc":{"Tiempo de lectura":"2 minutos"},"schema":{"@context":"https:\/\/schema.org","@graph":[{"@type":"WebPage","@id":"https:\/\/departamento.us.es\/depquiorg\/noticias\/","url":"https:\/\/departamento.us.es\/depquiorg\/noticias\/","name":"Noticias - Departamento de Qu\u00edmica Org\u00e1nica","isPartOf":{"@id":"https:\/\/departamento.us.es\/depquiorg\/#website"},"datePublished":"2022-06-10T08:57:11+00:00","dateModified":"2024-10-02T10:09:08+00:00","inLanguage":"es","potentialAction":[{"@type":"ReadAction","target":["https:\/\/departamento.us.es\/depquiorg\/noticias\/"]}]},{"@type":"WebSite","@id":"https:\/\/departamento.us.es\/depquiorg\/#website","url":"https:\/\/departamento.us.es\/depquiorg\/","name":"Departamento de Qu\u00edmica Org\u00e1nica","description":"Universidad de Sevilla","publisher":{"@id":"https:\/\/departamento.us.es\/depquiorg\/#organization"},"potentialAction":[{"@type":"SearchAction","target":{"@type":"EntryPoint","urlTemplate":"https:\/\/departamento.us.es\/depquiorg\/?s={search_term_string}"},"query-input":{"@type":"PropertyValueSpecification","valueRequired":true,"valueName":"search_term_string"}}],"inLanguage":"es"},{"@type":"Organization","@id":"https:\/\/departamento.us.es\/depquiorg\/#organization","name":"Departamento de Qu\u00edmica Org\u00e1nica","url":"https:\/\/departamento.us.es\/depquiorg\/","logo":{"@type":"ImageObject","inLanguage":"es","@id":"https:\/\/departamento.us.es\/depquiorg\/#\/schema\/logo\/image\/","url":"https:\/\/departamento.us.es\/depquiorg\/wp-content\/uploads\/2024\/07\/bannerQO.png","contentUrl":"https:\/\/departamento.us.es\/depquiorg\/wp-content\/uploads\/2024\/07\/bannerQO.png","width":1373,"height":260,"caption":"Departamento de Qu\u00edmica Org\u00e1nica"},"image":{"@id":"https:\/\/departamento.us.es\/depquiorg\/#\/schema\/logo\/image\/"}}]}},"_links":{"self":[{"href":"https:\/\/departamento.us.es\/depquiorg\/wp-json\/wp\/v2\/pages\/2046","targetHints":{"allow":["GET"]}}],"collection":[{"href":"https:\/\/departamento.us.es\/depquiorg\/wp-json\/wp\/v2\/pages"}],"about":[{"href":"https:\/\/departamento.us.es\/depquiorg\/wp-json\/wp\/v2\/types\/page"}],"author":[{"embeddable":true,"href":"https:\/\/departamento.us.es\/depquiorg\/wp-json\/wp\/v2\/users\/10"}],"replies":[{"embeddable":true,"href":"https:\/\/departamento.us.es\/depquiorg\/wp-json\/wp\/v2\/comments?post=2046"}],"version-history":[{"count":0,"href":"https:\/\/departamento.us.es\/depquiorg\/wp-json\/wp\/v2\/pages\/2046\/revisions"}],"wp:attachment":[{"href":"https:\/\/departamento.us.es\/depquiorg\/wp-json\/wp\/v2\/media?parent=2046"}],"curies":[{"name":"wp","href":"https:\/\/api.w.org\/{rel}","templated":true}]}}