{"id":18,"date":"2025-03-14T10:21:50","date_gmt":"2025-03-14T09:21:50","guid":{"rendered":"http:\/\/departamento.us.es\/newdhamerica\/?page_id=18"},"modified":"2026-03-24T09:00:30","modified_gmt":"2026-03-24T08:00:30","slug":"personal","status":"publish","type":"page","link":"http:\/\/departamento.us.es\/dhamerica\/?page_id=18","title":{"rendered":"PERSONAL"},"content":{"rendered":"\n<p><strong>DIRECCI\u00d3N<\/strong><\/p>\n\n\n\n<p>PETIT-BREUILH SEP\u00daLVEDA, MAR\u00cdA EUGENIA<\/p>\n\n\n\n<p><strong>SECRETAR\u00cdA ACAD\u00c9MICA<\/strong><\/p>\n\n\n\n<p>LUQUE AZCONA, EMILIO JOS\u00c9<\/p>\n\n\n\n<p><strong>ADMINISTRACI\u00d3N Y SERVICIOS<\/strong><br> HUELVA PRIOR, CRISTINA &#8211; Gestora<br> Tel\u00e9fono: 954551444<br> Fax: 954557158<br> E-mail:&nbsp;<a href=\"mailto:dha@us.es\">dha@us.es<\/a><\/p>\n\n\n\n<p><strong>DOCENTE E INVESTIGADOR<\/strong><\/p>\n\n\n\n<p><a href=\"https:\/\/prisma.us.es\/investigador\/7383\" target=\"_blank\" rel=\"noreferrer noopener\">ALTEZ ORTEGA, ROGELIO<\/a> &#8211; Profesor Titular de Universidad<br><br><a href=\"https:\/\/prisma.us.es\/investigador\/10367\">ASIN MURIES, MIGUEL<\/a> &#8211; Predoctoral PIF FPU Ministerio<br><br><a href=\"https:\/\/prisma.us.es\/investigador\/6676\" target=\"_blank\" rel=\"noreferrer noopener\">BELMONTE POSTIGO, JOS\u00c9 LUIS<\/a> &#8211; Profesor Titular de Universidad<br><br><a href=\"https:\/\/prisma.us.es\/investigador\/7899\" target=\"_blank\" rel=\"noreferrer noopener\">CHAVIANO PEREZ, LIZBETH JHOANNA<\/a> &#8211; Profesora Ayudante Doctor<br><br><a href=\"https:\/\/prisma.us.es\/investigador\/1036\" target=\"_blank\" rel=\"noreferrer noopener\">DELIBES MATEOS, ROC\u00cdO<\/a> &#8211; Profesor Titular de Universidad<\/p>\n\n\n\n<p><a href=\"https:\/\/prisma.us.es\/investigador\/10142\">ENCARNACION PINEDO, MIRIAM<\/a> &#8211; Profesora Sustituta Interina<\/p>\n\n\n\n<p><a href=\"https:\/\/prisma.us.es\/investigador\/9925\" target=\"_blank\">IB\u00c1\u00d1EZ BONILLO, PABLO<\/a> -Investigador postdoctoral Ram\u00f3n y Cajal<br><br><a href=\"https:\/\/prisma.us.es\/investigador\/5293\" target=\"_blank\">JIM\u00c9NEZ JIM\u00c9NEZ, ISMAEL<\/a> &#8211; Profesor Titular de Universidad<br><br><a href=\"https:\/\/prisma.us.es\/investigador\/2379\">LUQUE AZCONA, EMILIO JOS\u00c9<\/a>  &#8211; Catedr\u00e1tico de Universidad<\/p>\n\n\n\n<p><a href=\"https:\/\/prisma.us.es\/investigador\/3045\" target=\"_blank\" rel=\"noreferrer noopener\">OLIVERO GUIDOBONO, SANDRA FABIANA<\/a> &#8211; Profesora Titular de Universidad<\/p>\n\n\n\n<p><a href=\"https:\/\/prisma.us.es\/investigador\/3311\" target=\"_blank\" rel=\"noreferrer noopener\">PETIT BREUILH SEP\u00daLVEDA, MAR\u00cdA EUGENIA<\/a> &#8211; Profesora&nbsp;Titular de Universidad<\/p>\n\n\n\n<p><a href=\"https:\/\/prisma.us.es\/investigador\/8689\" target=\"_blank\" rel=\"noreferrer noopener\">RAM\u00cdREZ S\u00c1NCHEZ, GONZALO<\/a> &#8211; Predoctoral PIF FPU Ministerio<\/p>\n\n\n\n<p><a href=\"https:\/\/prisma.us.es\/investigador\/10538\">RODR\u00cdGUEZ GARC\u00cdA, HUASCAR ALBERTO<\/a> &#8211; Contrato Acceso de Personal Investigador Doctor<\/p>\n\n\n\n<p><a href=\"https:\/\/prisma.us.es\/investigador\/7552\" target=\"_blank\" rel=\"noreferrer noopener\">SIM\u00d3N RUIZ, MAR\u00cd\u008dA INMACULADA<\/a> &#8211; Profesora Titular de Universidad<\/p>\n\n\n\n<p><\/p>\n","protected":false},"excerpt":{"rendered":"<p>DIRECCI\u00d3N PETIT-BREUILH SEP\u00daLVEDA, MAR\u00cdA EUGENIA SECRETAR\u00cdA ACAD\u00c9MICA LUQUE AZCONA, EMILIO JOS\u00c9 ADMINISTRACI\u00d3N Y SERVICIOS HUELVA PRIOR, CRISTINA &#8211; Gestora Tel\u00e9fono: 954551444 Fax: 954557158 E-mail:&nbsp;dha@us.es DOCENTE E INVESTIGADOR ALTEZ ORTEGA, ROGELIO &#8211; Profesor Titular de Universidad ASIN MURIES, MIGUEL &#8211; Predoctoral PIF FPU Ministerio BELMONTE POSTIGO, JOS\u00c9 LUIS &#8211; Profesor Titular de Universidad CHAVIANO PEREZ, LIZBETH [&hellip;]<\/p>\n","protected":false},"author":1,"featured_media":0,"parent":0,"menu_order":0,"comment_status":"closed","ping_status":"closed","template":"","meta":{"footnotes":""},"class_list":["post-18","page","type-page","status-publish","hentry"],"_links":{"self":[{"href":"http:\/\/departamento.us.es\/dhamerica\/index.php?rest_route=\/wp\/v2\/pages\/18","targetHints":{"allow":["GET"]}}],"collection":[{"href":"http:\/\/departamento.us.es\/dhamerica\/index.php?rest_route=\/wp\/v2\/pages"}],"about":[{"href":"http:\/\/departamento.us.es\/dhamerica\/index.php?rest_route=\/wp\/v2\/types\/page"}],"author":[{"embeddable":true,"href":"http:\/\/departamento.us.es\/dhamerica\/index.php?rest_route=\/wp\/v2\/users\/1"}],"replies":[{"embeddable":true,"href":"http:\/\/departamento.us.es\/dhamerica\/index.php?rest_route=%2Fwp%2Fv2%2Fcomments&post=18"}],"version-history":[{"count":22,"href":"http:\/\/departamento.us.es\/dhamerica\/index.php?rest_route=\/wp\/v2\/pages\/18\/revisions"}],"predecessor-version":[{"id":137,"href":"http:\/\/departamento.us.es\/dhamerica\/index.php?rest_route=\/wp\/v2\/pages\/18\/revisions\/137"}],"wp:attachment":[{"href":"http:\/\/departamento.us.es\/dhamerica\/index.php?rest_route=%2Fwp%2Fv2%2Fmedia&parent=18"}],"curies":[{"name":"wp","href":"https:\/\/api.w.org\/{rel}","templated":true}]}}