{"id":19,"date":"2025-03-14T10:21:50","date_gmt":"2025-03-14T09:21:50","guid":{"rendered":"http:\/\/departamento.us.es\/newdhamerica\/?page_id=19"},"modified":"2025-06-06T08:13:20","modified_gmt":"2025-06-06T06:13:20","slug":"docencia","status":"publish","type":"page","link":"http:\/\/departamento.us.es\/dhamerica\/?page_id=19","title":{"rendered":"DOCENCIA"},"content":{"rendered":"\n<p><strong>POSTGRADO<\/strong><\/p>\n\n\n\n<p>Master&nbsp;Universitario&nbsp;en Estudios Americanos<br>Master Universitario en Estudios Hist\u00f3ricos Avanzados<br>Master Universitario en Patrimonio Art\u00ed\u00adstico Andaluz y su proyecci\u00f3n iberoamericana<\/p>\n\n\n\n<p><strong>ASIGNATURAS OFERTADAS EN GRADOS<\/strong><\/p>\n\n\n\n<p><strong>Grado en Historia<\/strong><br>Historia de Am\u00e9rica en la Edad Moderna<br>Historia de la Am\u00e9rica Prehisp\u00c3\u00a1nica<br>Historia de Am\u00e9rica Contempor\u00e1nea<br>Historia Econ\u00f3mica y Social del Mundo Hisp\u00e1nico en la Edad Moderna<br>Historia de Estados Unidos<\/p>\n\n\n\n<p><strong>Grado en Estudios de Asia Oriental<\/strong><br>Relaciones internacionales de Espa\u00f1a, Latinoam\u00e9rica y Asia Oriental<\/p>\n\n\n\n<p><strong>Grado en Arqueolog\u00ed\u00ada<\/strong><br>Historia General de Am\u00e9rica<br>Historia de las Culturas Andinas y Mesoamericanas<br>Prehistoria de Am\u00e9rica<\/p>\n","protected":false},"excerpt":{"rendered":"<p>POSTGRADO Master&nbsp;Universitario&nbsp;en Estudios AmericanosMaster Universitario en Estudios Hist\u00f3ricos AvanzadosMaster Universitario en Patrimonio Art\u00ed\u00adstico Andaluz y su proyecci\u00f3n iberoamericana ASIGNATURAS OFERTADAS EN GRADOS Grado en HistoriaHistoria de Am\u00e9rica en la Edad ModernaHistoria de la Am\u00e9rica Prehisp\u00c3\u00a1nicaHistoria de Am\u00e9rica Contempor\u00e1neaHistoria Econ\u00f3mica y Social del Mundo Hisp\u00e1nico en la Edad ModernaHistoria de Estados Unidos Grado en Estudios de [&hellip;]<\/p>\n","protected":false},"author":1,"featured_media":0,"parent":0,"menu_order":0,"comment_status":"closed","ping_status":"closed","template":"","meta":{"footnotes":""},"class_list":["post-19","page","type-page","status-publish","hentry"],"_links":{"self":[{"href":"http:\/\/departamento.us.es\/dhamerica\/index.php?rest_route=\/wp\/v2\/pages\/19","targetHints":{"allow":["GET"]}}],"collection":[{"href":"http:\/\/departamento.us.es\/dhamerica\/index.php?rest_route=\/wp\/v2\/pages"}],"about":[{"href":"http:\/\/departamento.us.es\/dhamerica\/index.php?rest_route=\/wp\/v2\/types\/page"}],"author":[{"embeddable":true,"href":"http:\/\/departamento.us.es\/dhamerica\/index.php?rest_route=\/wp\/v2\/users\/1"}],"replies":[{"embeddable":true,"href":"http:\/\/departamento.us.es\/dhamerica\/index.php?rest_route=%2Fwp%2Fv2%2Fcomments&post=19"}],"version-history":[{"count":4,"href":"http:\/\/departamento.us.es\/dhamerica\/index.php?rest_route=\/wp\/v2\/pages\/19\/revisions"}],"predecessor-version":[{"id":80,"href":"http:\/\/departamento.us.es\/dhamerica\/index.php?rest_route=\/wp\/v2\/pages\/19\/revisions\/80"}],"wp:attachment":[{"href":"http:\/\/departamento.us.es\/dhamerica\/index.php?rest_route=%2Fwp%2Fv2%2Fmedia&parent=19"}],"curies":[{"name":"wp","href":"https:\/\/api.w.org\/{rel}","templated":true}]}}