{"id":51,"date":"2025-05-13T10:13:29","date_gmt":"2025-05-13T08:13:29","guid":{"rendered":"https:\/\/departamento.us.es\/testdhantigua\/?page_id=51"},"modified":"2025-05-16T09:25:30","modified_gmt":"2025-05-16T07:25:30","slug":"grupos-y-proyectos","status":"publish","type":"page","link":"https:\/\/departamento.us.es\/dhantigua\/?page_id=51","title":{"rendered":"Grupos y Proyectos"},"content":{"rendered":"\n<p><strong>Grupo de investigaci\u00f3n HUM-323<\/strong><br><strong>La B\u00e9tica romana: su Patrimonio Hist\u00f3rico<\/strong><br>Responsable: Prof. Dr. Antonio Caballos Rufino<br><a href=\"https:\/\/investigacion.us.es\/sisius\/sis_depgrupos.php?seltext=HUM-323&amp;selfield=CodPAI\" target=\"_blank\" rel=\"noreferrer noopener\">Acceso a la informaci\u00f3n del Grupo en SISIUS<\/a><br><a href=\"https:\/\/grupo.us.es\/beticaromana\/\" target=\"_blank\" rel=\"noreferrer noopener\">Acceso al sitio web del Grupo<\/a><\/p>\n\n\n\n<p><strong>Grupo de Investigaci\u00f3n HUM-441<\/strong><br><strong>Campo y Ciudad: Estructuras Sociales, Econ\u00f3micas e Ideol\u00f3gicas en Andaluc\u00eda y el Mundo Mediterr\u00e1neo durante la Antig\u00fcedad<\/strong><br>Responsable: Prof. Dr. Salvador Ord\u00f3\u00f1ez Agulla<br><a href=\"https:\/\/investigacion.us.es\/sisius\/sis_depgrupos.php?seltext=HUM441&amp;selfield=CODIGO\" target=\"_blank\" rel=\"noreferrer noopener\">Acceso a la informaci\u00f3n del Grupo en SISIUS<\/a><\/p>\n\n\n\n<p><strong>Proyecto de Investigaci\u00f3n HAR2014-5587-P<\/strong><br><strong>Funciones y V\u00ednculos de las Elites Municipales de la B\u00e9tica. Marco Jur\u00eddico, Estudio Documental y Recuperaci\u00f3n Contextual del Patrimonio Epigr\u00e1fico.<\/strong><br>Tipo de Proyecto: Plan Estatal 2013-2016 Excelencia &#8211; Proyectos I+D+<br>Responsables: Prof. Dr. Antonio Caballos Rufino y Prof.\u00aa Dr.\u00aa D.\u00aa Rosario de Castro Camero<br><a href=\"https:\/\/investigacion.us.es\/sisius\/sis_proyecto.php?idproy=25659\" target=\"_blank\" rel=\"noreferrer noopener\">Acceso a la informaci\u00f3n del Proyecto en SISIUS<\/a><\/p>\n\n\n\n<p><strong>Proyecto de Investigaci\u00f3n HAR2014-52725-P<\/strong><br><strong>Marginaci\u00f3n Pol\u00edtica, Jur\u00eddica y Religiosa de la Mujer durante el Alto Imperio Romano (Siglos I-III)<\/strong><br>Tipo de Proyecto: Plan Estatal 2013-2016 Excelencia &#8211; Proyectos I+D<br>Responsable: Prof.\u00aa Dr.\u00aa Pilar Pav\u00f3n Torrej\u00f3n<br><a href=\"https:\/\/investigacion.us.es\/sisius\/sis_proyecto.php?idproy=25782\" target=\"_blank\" rel=\"noreferrer noopener\">Acceso a la informaci\u00f3n del Proyecto en SISIUS<\/a><\/p>\n\n\n\n<p><a href=\"https:\/\/grupo.us.es\/conditiofeminae\" target=\"_blank\" rel=\"noreferrer noopener\">Acceso al sitio web del Proyecto de Investigaci\u00f3n<\/a><\/p>\n\n\n\n<p>P<strong>royecto de Investigaci\u00f3n PGC2018-094169-B-I00<\/strong><\/p>\n\n\n\n<p><strong>Marginaci\u00f3n y Visibilidad de la Mujer en el Imperio Romano: Estudio de Contrastes en los \u00c1mbitos Pol\u00edticos, Jur\u00eddicos y Religiosos<\/strong><\/p>\n\n\n\n<p>Tipo de proyecto: Plan Estatal 2017-2020 Generaci\u00f3n Conocimiento &#8211; Proyectos I+D+i<\/p>\n\n\n\n<p>Responsable: Prof\u00aa Dra. Pilar Pav\u00f3n Torrej\u00f3n<\/p>\n\n\n\n<p><a href=\"https:\/\/investigacion.us.es\/sisius\/sis_proyecto.php?idproy=29469\">Acceso a la informaci\u00f3n del proyecto en SISIUS<\/a><\/p>\n\n\n\n<p><a href=\"https:\/\/grupo.us.es\/conditiofeminae\" target=\"_blank\" rel=\"noreferrer noopener\">Acceso al sitio web del Proyecto de Investigaci\u00f3n<\/a><\/p>\n\n\n\n<p><strong>Proyecto de investigaci\u00f3n PGC2018-093507-B-100<\/strong><\/p>\n\n\n\n<p><strong>Funciones y V\u00ednculos de las \u00c9lites Municipales de la B\u00e9tica . Marco Jur\u00eddico, Estudio Documental y Recuperaci\u00f3n Contextual del Patrimonio Epigr\u00e1fico. II<\/strong><\/p>\n\n\n\n<p>Tipo de proyecto: Plan Estatal 2017-2020 Generaci\u00f3n Conocimiento &#8211; Proyectos I+D+i<\/p>\n\n\n\n<p>Responsables: Prof. Dr. D. Salvador Ord\u00f3\u00f1ez Agulla\/Prof. Dr. Enrique Melchor Gil<\/p>\n\n\n\n<p><a href=\"https:\/\/investigacion.us.es\/sisius\/sis_proyecto.php?idproy=29557\">Acceso a la informaci\u00f3n del proyecto en SISIUS<\/a><\/p>\n\n\n\n<p><strong>Proyecto de Investigaci\u00f3n PGC2018-096500-B-C31<\/strong><\/p>\n\n\n\n<p><strong>Discursos del Imperio Romano: Palabras y Rituales que construyeron el Imperio<\/strong><\/p>\n\n\n\n<p>Tipo de proyecto: Plan Estatal 2017-2020 Generaci\u00f3n Conocimiento &#8211; Proyectos I+D+i<\/p>\n\n\n\n<p>Responsables: Prof. Dr. D. Fernando Lozano G\u00f3mez\/Prof. Dr. Juan Manuel Cort\u00e9s Copete<\/p>\n\n\n\n<p><a href=\"https:\/\/investigacion.us.es\/sisius\/sis_proyecto.php?idproy=29427\">Acceso a la informaci\u00f3n del proyecto en SISIUS<\/a><\/p>\n\n\n\n<p><strong>Proyecto de Investigaci\u00f3n US-1380257<\/strong><\/p>\n\n\n\n<p><strong>Antig\u00fcedad y Modernidad: la doble existencia hist\u00f3rica del sistema pol\u00edtico democr\u00e1tico<\/strong><\/p>\n\n\n\n<p>Tipo de Proyecto: Proyectos I+D+i FEDER Andaluc\u00eda 2014-2020<\/p>\n\n\n\n<p>Responsables: Prof. Dr. C\u00e9sar Antonio Fornis Vaquero\/Prof. Dr. Antonio Hermosa And\u00fajar<\/p>\n\n\n\n<p><a href=\"https:\/\/investigacion.us.es\/sisius\/sis_proyecto.php?idproy=32937\">Acceso a la informaci\u00f3n del proyecto en SISIUS<\/a><\/p>\n\n\n\n<p><strong>Proyecto de Investigaci\u00f3n PID2021-125226NB-C21<\/strong><\/p>\n\n\n\n<p><strong>Discursos del imperio desde las provincias<\/strong><\/p>\n\n\n\n<p>Tipo de proyecto: Plan Estatal 2021-2023 &#8211; Proyectos Investigaci\u00f3n No Orientada<\/p>\n\n\n\n<p>Responsables: Prof. Dr. Fernando Lozano G\u00f3mez\/Prof. Dr. Juan Manuel Cort\u00e9s Copete<\/p>\n\n\n\n<p><a href=\"https:\/\/investigacion.us.es\/sisius\/sis_proyecto.php?idproy=35429\">Acceso a la informaci\u00f3n del proyecto en SISIUS<\/a><\/p>\n\n\n\n<p><strong>Proyecto de Investigaci\u00f3n PID2022-138873NB-I00<\/strong><\/p>\n\n\n\n<p><strong>Funciones y v\u00ednculos de las \u00e9lites municipales de la B\u00e9tica. Marco jur\u00eddico, estudio documental y recuperaci\u00f3n contextual del patrimonio epigr\u00e1fico. III<\/strong><\/p>\n\n\n\n<p>Tipo de proyecto: Plan estatal 2021-23 &#8211; Proyectos Investigaci\u00f3n No orientada<\/p>\n\n\n\n<p>Responsables: Prof. Dr. Salvador Ord\u00f3\u00f1ez Aguya<\/p>\n\n\n\n<p><a href=\"https:\/\/investigacion.us.es\/sisius\/sis_proyecto.php?idproy=37749\">Acceso a la informaci\u00f3n del proyecto en SISIUS<\/a><\/p>\n\n\n\n<p><strong>Proyecto de Investigaci\u00f3n PID2022-142974NA-I00<\/strong><\/p>\n\n\n\n<p><strong>Redes invisibles: patronazgo en el culto funerario del Reino Antiguo<\/strong><\/p>\n\n\n\n<p>Tipo de proyecto: Plan estatal 2021-23 &#8211; Proyectos de Investigaci\u00f3n No orientada<\/p>\n\n\n\n<p>Responsable: Prof. Dr. Ra\u00fal S\u00e1nchez Casado<\/p>\n\n\n\n<p><a href=\"https:\/\/investigacion.us.es\/sisius\/sis_proyecto.php?idproy=39144\">Acceso a la informaci\u00f3n del proyecto en SISIUS<\/a><\/p>\n\n\n\n<p><\/p>\n","protected":false},"excerpt":{"rendered":"<p>Grupo de investigaci\u00f3n HUM-323La B\u00e9tica romana: su Patrimonio Hist\u00f3ricoResponsable: Prof. Dr. Antonio Caballos RufinoAcceso a la informaci\u00f3n del Grupo en SISIUSAcceso al sitio web del Grupo Grupo de Investigaci\u00f3n HUM-441Campo y Ciudad: Estructuras Sociales, Econ\u00f3micas e Ideol\u00f3gicas en Andaluc\u00eda y el Mundo Mediterr\u00e1neo durante la Antig\u00fcedadResponsable: Prof. Dr. Salvador Ord\u00f3\u00f1ez AgullaAcceso a la informaci\u00f3n del [&hellip;]<\/p>\n","protected":false},"author":1,"featured_media":0,"parent":0,"menu_order":0,"comment_status":"closed","ping_status":"closed","template":"","meta":{"footnotes":""},"class_list":["post-51","page","type-page","status-publish","hentry"],"_links":{"self":[{"href":"https:\/\/departamento.us.es\/dhantigua\/index.php?rest_route=\/wp\/v2\/pages\/51","targetHints":{"allow":["GET"]}}],"collection":[{"href":"https:\/\/departamento.us.es\/dhantigua\/index.php?rest_route=\/wp\/v2\/pages"}],"about":[{"href":"https:\/\/departamento.us.es\/dhantigua\/index.php?rest_route=\/wp\/v2\/types\/page"}],"author":[{"embeddable":true,"href":"https:\/\/departamento.us.es\/dhantigua\/index.php?rest_route=\/wp\/v2\/users\/1"}],"replies":[{"embeddable":true,"href":"https:\/\/departamento.us.es\/dhantigua\/index.php?rest_route=%2Fwp%2Fv2%2Fcomments&post=51"}],"version-history":[{"count":2,"href":"https:\/\/departamento.us.es\/dhantigua\/index.php?rest_route=\/wp\/v2\/pages\/51\/revisions"}],"predecessor-version":[{"id":142,"href":"https:\/\/departamento.us.es\/dhantigua\/index.php?rest_route=\/wp\/v2\/pages\/51\/revisions\/142"}],"wp:attachment":[{"href":"https:\/\/departamento.us.es\/dhantigua\/index.php?rest_route=%2Fwp%2Fv2%2Fmedia&parent=51"}],"curies":[{"name":"wp","href":"https:\/\/api.w.org\/{rel}","templated":true}]}}