{"id":59,"date":"2025-05-13T10:14:55","date_gmt":"2025-05-13T08:14:55","guid":{"rendered":"https:\/\/departamento.us.es\/testdhantigua\/?page_id=59"},"modified":"2025-05-16T09:29:21","modified_gmt":"2025-05-16T07:29:21","slug":"normativa-de-uso","status":"publish","type":"page","link":"https:\/\/departamento.us.es\/dhantigua\/?page_id=59","title":{"rendered":"Normativa de uso"},"content":{"rendered":"\n<p><strong>Normas de utilizaci\u00f3n de la Biblioteca<\/strong><\/p>\n\n\n\n<p><strong>1. Consulta<\/strong><\/p>\n\n\n\n<p>Las monograf\u00edas y las publicaciones peri\u00f3dicas se consultar\u00e1n en la sala de consulta de la Biblioteca de Humanidades. Tambi\u00e9n pueden retirarse de la Biblioteca del Departamento para realizar fotocopias puntuales. En ambos casos, la cesi\u00f3n no podr\u00e1 exceder del horario de apertura de la Biblioteca del Departamento el d\u00eda de la consulta o del fotocopiado, exigi\u00e9ndose como fianza la entrega de la tarjeta universitaria o del DNI, que quedar\u00e1 bajo la custodia del encargado de la Biblioteca.<\/p>\n\n\n\n<p><strong>2. Pr\u00e9stamo<\/strong><\/p>\n\n\n\n<p>El pr\u00e9stamo de esta Biblioteca se encuentra automatizado. Son usuarios del pr\u00e9stamo los miembros de la Universidad de Sevilla (profesores, alumnos y personal de administraci\u00f3n y servicios), los miembros de Centros e Institutos adscritos a la Universidad de Sevilla, los investigadores acreditados y las personas presentadas por un profesor numerario de esta Universidad, que tendr\u00e1n la consideraci\u00f3n de investigadores y profesores invitados, respectivamente, y, dentro del personal no universitario, los ciudadanos residentes en Sevilla y su provincia. Para poder utilizar el servicio de pr\u00e9stamo ser\u00e1 necesaria la presentaci\u00f3n del carnet expedido por la Universidad, en el caso de miembros de la comunidad universitaria, o del carnet expedido por la Biblioteca, cuando se trate de usuarios ajenos a la comunidad de la Universidad de Sevilla<\/p>\n\n\n\n<p><strong>2.1. Monograf\u00edas<\/strong><\/p>\n\n\n\n<p>&#8211; Alumnos de 1\u00ba y 2\u00ba Ciclo: 5 vol\u00famenes durante 7 d\u00edas (el pr\u00e9stamo se podr\u00e1 renovar dos veces por el mismo per\u00edodo, siempre que otro usuario no haya solicitado el libro).<\/p>\n\n\n\n<p>&#8211; Tercer Ciclo: 5 vol\u00famenes durante 15 d\u00edas (el pr\u00e9stamo se podr\u00e1 renovar dos veces por el mismo per\u00edodo, siempre que otro usuario no haya solicitado el libro).<\/p>\n\n\n\n<p>&#8211; Profesores: 5 vol\u00famenes durante 1 mes (el pr\u00e9stamo se podr\u00e1 renovar otros 30 d\u00edas, siempre que otro usuario no haya solicitado el libro).<\/p>\n\n\n\n<p>&#8211; Las monograf\u00edas con <strong>punto rojo<\/strong> no se ceden en pr\u00e9stamo. S\u00f3lo se podr\u00e1n retirar de la Biblioteca del Departamento para su consulta en la sala de lectura de la Biblioteca de Humanidades o para realizar fotocopias puntuales, en ambos casos durante un per\u00edodo que no podr\u00e1 exceder el horario de apertura de la Biblioteca del Departamento el d\u00eda de la consulta o del fotocopiado. En cualquiera de los dos casos, ser\u00e1 necesario presentar un carnet oficial (universitario o DNI), que quedar\u00e1 como fianza bajo la custodia del encargado de la Biblioteca. Las microfichas est\u00e1n exentas de pr\u00e9stamo.<\/p>\n\n\n\n<p><strong>2.2. Publicaciones peri\u00f3dicas<\/strong><\/p>\n\n\n\n<p>Las publicaciones peri\u00f3dicas no se ceden en pr\u00e9stamo. S\u00f3lo se podr\u00e1n retirar de la Biblioteca del Departamento para su consulta en la sala de lectura de la Biblioteca de Humanidades o para realizar fotocopias puntuales, en ambos casos durante un per\u00edodo que no podr\u00e1 exceder el horario de apertura de la Biblioteca del Departamento el d\u00eda de la consulta o del fotocopiado. En cualquiera de los dos casos, ser\u00e1 necesario presentar un carnet oficial (universitario o DNI), que quedar\u00e1 como fianza bajo la custodia del encargado de la Biblioteca.<\/p>\n\n\n\n<p><strong>PR\u00c9STAMO:<\/strong><\/p>\n\n\n\n<p><a href=\"https:\/\/bib.us.es\/humanidades\/cita_prestamo\">https:\/\/bib.us.es\/humanidades\/cita_prestamo<\/a><\/p>\n\n\n\n<p><\/p>\n","protected":false},"excerpt":{"rendered":"<p>Normas de utilizaci\u00f3n de la Biblioteca 1. Consulta Las monograf\u00edas y las publicaciones peri\u00f3dicas se consultar\u00e1n en la sala de consulta de la Biblioteca de Humanidades. Tambi\u00e9n pueden retirarse de la Biblioteca del Departamento para realizar fotocopias puntuales. En ambos casos, la cesi\u00f3n no podr\u00e1 exceder del horario de apertura de la Biblioteca del Departamento [&hellip;]<\/p>\n","protected":false},"author":1,"featured_media":0,"parent":0,"menu_order":0,"comment_status":"closed","ping_status":"closed","template":"","meta":{"footnotes":""},"class_list":["post-59","page","type-page","status-publish","hentry"],"_links":{"self":[{"href":"https:\/\/departamento.us.es\/dhantigua\/index.php?rest_route=\/wp\/v2\/pages\/59","targetHints":{"allow":["GET"]}}],"collection":[{"href":"https:\/\/departamento.us.es\/dhantigua\/index.php?rest_route=\/wp\/v2\/pages"}],"about":[{"href":"https:\/\/departamento.us.es\/dhantigua\/index.php?rest_route=\/wp\/v2\/types\/page"}],"author":[{"embeddable":true,"href":"https:\/\/departamento.us.es\/dhantigua\/index.php?rest_route=\/wp\/v2\/users\/1"}],"replies":[{"embeddable":true,"href":"https:\/\/departamento.us.es\/dhantigua\/index.php?rest_route=%2Fwp%2Fv2%2Fcomments&post=59"}],"version-history":[{"count":2,"href":"https:\/\/departamento.us.es\/dhantigua\/index.php?rest_route=\/wp\/v2\/pages\/59\/revisions"}],"predecessor-version":[{"id":145,"href":"https:\/\/departamento.us.es\/dhantigua\/index.php?rest_route=\/wp\/v2\/pages\/59\/revisions\/145"}],"wp:attachment":[{"href":"https:\/\/departamento.us.es\/dhantigua\/index.php?rest_route=%2Fwp%2Fv2%2Fmedia&parent=59"}],"curies":[{"name":"wp","href":"https:\/\/api.w.org\/{rel}","templated":true}]}}