{"id":160,"date":"2014-10-14T15:53:46","date_gmt":"2014-10-14T15:53:46","guid":{"rendered":"http:\/\/departamento.us.es\/diqaus\/?page_id=160"},"modified":"2024-09-19T11:10:44","modified_gmt":"2024-09-19T11:10:44","slug":"informacion-del-master","status":"publish","type":"page","link":"https:\/\/departamento.us.es\/diqaus\/master\/master-de-ingenieria-quimica\/informacion-del-master\/","title":{"rendered":"Informaci\u00f3n del M\u00e1ster"},"content":{"rendered":"<h3>Informaci\u00f3n del M\u00e1ster en Ingenier\u00eda Qu\u00edmica<\/h3>\n<p>El nuevo\u00a0<strong>M\u00e1ster en Ingenier\u00eda Qu\u00edmica<\/strong>, con una duraci\u00f3n de <strong>90 cr\u00e9ditos ECTS<\/strong>, tiene como objetivo que el estudiante\u00a0<strong>ampl\u00ede conocimientos en dos \u00e1reas<\/strong> diferentes y fundamentales para su carrera profesional futura. Por una parte en <strong>disciplinas espec\u00edficas de la Ingenier\u00eda Qu\u00edmica<\/strong>, para que desarrolle tareas de dise\u00f1o, investigaci\u00f3n, innovaci\u00f3n y direcci\u00f3n t\u00e9cnica en todas las \u00e1reas relacionadas con la industria qu\u00edmica. En segundo lugar en la <strong>direcci\u00f3n y gesti\u00f3n empresarial<\/strong>, con lo que se capacita para la direcci\u00f3n de recursos humanos y la organizaci\u00f3n industrial. De esta forma estar\u00e1 capacitado para proyectar y dise\u00f1ar instalaciones industriales en el campo de la industria qu\u00edmica y otros sectores relacionados, como el farmac\u00e9utico, biotecnol\u00f3gico, energ\u00e9tico o medioambiental, adem\u00e1s de dirigir y gestionar instalaciones de todos estos sectores. El m\u00e1ster adem\u00e1s permite el <a href=\"https:\/\/institucional.us.es\/docenequiamb\/index.php\/es\/\" target=\"_blank\" rel=\"noopener noreferrer\"><strong>acceso a los estudios de doctorado<\/strong><\/a> para aquellos que est\u00e9n interesados en comenzar una carrera investigadora.<\/p>\n<p>En el primer curso del m\u00e1ster el estudiante adquirir\u00e1 una formaci\u00f3n te\u00f3rica, pudiendo elegir optatividad entre <strong>dos itinerarios profesionales<\/strong>, uno de <strong>Procesos Qu\u00edmicos<\/strong> y otro <strong>Ambiental<\/strong>. En el segundo curso, que dura s\u00f3lo un cuatrimestre, el estudiante, adem\u00e1s de llevar a cabo su trabajo fin de m\u00e1ster podr\u00e1 realizar estancias en el extranjero o pr\u00e1cticas en empresas e instituciones p\u00fablicas.<\/p>\n<p>Debido a la gran transversalidad de asignaturas entre el <strong>M\u00e1ster en Ingenier\u00eda Qu\u00edmica<\/strong> (90 ECTS) y el <a href=\"https:\/\/departamento.us.es\/diqaus\/master\/master-de-ingenieria-ambiental\/informacion-del-master\/\" target=\"_blank\" rel=\"noopener noreferrer\"><strong>M\u00e1ster en Ingenier\u00eda Ambiental<\/strong><\/a> (60 ECTS), a partir del curso 2020-2021 se oferta el <strong>Doble M\u00e1ster en Ingenier\u00eda Qu\u00edmica y Ambiental, <\/strong>un itinerario curricular que <strong>permite cursar ambos m\u00e1steres simult\u00e1neamente en dos a\u00f1os<\/strong>. En este <a href=\"https:\/\/alojamientosv.us.es\/diqaus\/wp-content\/uploads\/2021\/folleto-miq-miamb_v4.pdf\" target=\"_blank\" rel=\"noopener noreferrer\"><strong>documento<\/strong><\/a> puede encontrar informaci\u00f3n del Doble M\u00e1ster.<\/p>\n<p>El <strong>M\u00e1ster Universitario en Ingenier\u00eda Qu\u00edmica<\/strong>  y el <strong>M\u00e1ster Universitario en Ingenier\u00eda Ambiental<\/strong> han obtenido en Mayo de 2023 el<strong> sello internacional EUR-ACE\u00ae<\/strong> que avala la <strong>calidad de los estudios<\/strong> y el reconocimiento en la <strong>excelencia en la formaci\u00f3n de profesionales de la ingenier\u00eda<\/strong>. De este modo, el <strong>Doble M\u00e1ster Universitario en Ingenier\u00eda Qu\u00edmica e Ingenier\u00eda Ambiental<\/strong> es el <strong>primer doble m\u00e1ster<\/strong> de estas caracter\u00edsticas en contar con el <strong>Sello EUR-ACE\u00ae <\/strong>en toda <strong>Espa\u00f1a<\/strong>.<\/p>\n<p>Para <strong>informaci\u00f3n m\u00e1s detallada<\/strong> sobre el M\u00e1ster en Ingenier\u00eda Qu\u00edmica puedes acceder al siguiente <a href=\"https:\/\/departamento.us.es\/diqaus\/wp-content\/uploads\/2021\/folleto-muiq_AVP_v4.pdf\" target=\"_blank\" rel=\"noopener noreferrer\"><strong>documento<\/strong>\u00a0<\/a>o consultar la <a href=\"https:\/\/www.us.es\/estudiar\/que-estudiar\/oferta-de-masteres\/master-universitario-en-ingenieria-quimica\" target=\"_blank\" rel=\"noopener noreferrer\"><strong>p\u00e1gina oficial del M\u00e1ster en Ingenier\u00eda Qu\u00edmica<\/strong><\/a> de la Universidad de Sevilla. Si desea informaci\u00f3n sobre c\u00f3mo se desarrollan los <strong>Objetivos de Desarrollo Sostenible (ODS)<\/strong> definidos en la Agenda 2030 en las asignaturas del M\u00e1ster, acceda a este <a href=\"https:\/\/app.powerbi.com\/view?r=eyJrIjoiOWI5YTI3YzMtYTJkNS00ZmNjLThmYmEtOGQwMWFkNGFjZmUzIiwidCI6ImVmNGE2ODRlLTgxYjUtNDkxYy1hOThlLWM3YjMxYmU2YzQ2OSIsImMiOjh9\" target=\"_blank\" rel=\"noopener noreferrer\"><strong>enlace<\/strong><\/a><\/p>\n<p>Para <strong>consultas particulares<\/strong> sobre el m\u00e1ster contacte con el coordinador del mismo, cuya informaci\u00f3n de contacto se encuentra\u00a0<a title=\"Personal\" href=\"https:\/\/departamento.us.es\/diqaus\/personal\/\"><strong>aqu\u00ed<\/strong><\/a>.<\/p>\n<p>Para <strong>solicitar plaza<\/strong> en el m\u00e1ster acceda al portal del\u00a0<a href=\"https:\/\/www.juntadeandalucia.es\/economiaconocimientoempresasyuniversidad\/sguit\/\" target=\"_blank\" rel=\"noopener noreferrer\"><strong>Distrito \u00danico Andaluz<\/strong><\/a><\/p>\n","protected":false},"excerpt":{"rendered":"<p>Informaci\u00f3n del M\u00e1ster en Ingenier\u00eda Qu\u00edmica El nuevo\u00a0M\u00e1ster en Ingenier\u00eda Qu\u00edmica, con una duraci\u00f3n de 90 cr\u00e9ditos ECTS, tiene como objetivo que el estudiante\u00a0ampl\u00ede conocimientos en dos \u00e1reas diferentes y fundamentales para su carrera profesional futura. Por una parte en disciplinas espec\u00edficas de la Ingenier\u00eda Qu\u00edmica, para que desarrolle tareas de dise\u00f1o, investigaci\u00f3n, innovaci\u00f3n y [&hellip;]<\/p>\n","protected":false},"author":1,"featured_media":0,"parent":186,"menu_order":0,"comment_status":"open","ping_status":"closed","template":"","meta":{"footnotes":""},"class_list":["post-160","page","type-page","status-publish","hentry"],"yoast_head":"<!-- This site is optimized with the Yoast SEO plugin v27.1.1 - https:\/\/yoast.com\/product\/yoast-seo-wordpress\/ -->\n<title>M\u00e1ster en Ingenier\u00eda Qu\u00edmica - Universidad de Sevilla<\/title>\n<meta name=\"description\" content=\"Encuentra toda la informaci\u00f3n sobre nuestro prestigioso M\u00e1ster de Ingenier\u00eda Qu\u00edmica. Estudia en la Universidad de Sevilla.\" \/>\n<meta name=\"robots\" content=\"index, follow, max-snippet:-1, max-image-preview:large, max-video-preview:-1\" \/>\n<link rel=\"canonical\" href=\"https:\/\/departamento.us.es\/diqaus\/master\/master-de-ingenieria-quimica\/informacion-del-master\/\" \/>\n<meta property=\"og:locale\" content=\"es_ES\" \/>\n<meta property=\"og:type\" content=\"article\" \/>\n<meta property=\"og:title\" content=\"M\u00e1ster en Ingenier\u00eda Qu\u00edmica - Universidad de Sevilla\" \/>\n<meta property=\"og:description\" content=\"Encuentra toda la informaci\u00f3n sobre nuestro prestigioso M\u00e1ster de Ingenier\u00eda Qu\u00edmica. Estudia en la Universidad de Sevilla.\" \/>\n<meta property=\"og:url\" content=\"https:\/\/departamento.us.es\/diqaus\/master\/master-de-ingenieria-quimica\/informacion-del-master\/\" \/>\n<meta property=\"og:site_name\" content=\"Departamento Ingenier\u00eda Qu\u00edmica y Ambiental US\" \/>\n<meta property=\"article:modified_time\" content=\"2024-09-19T11:10:44+00:00\" \/>\n<meta name=\"twitter:card\" content=\"summary_large_image\" \/>\n<meta name=\"twitter:label1\" content=\"Tiempo de lectura\" \/>\n\t<meta name=\"twitter:data1\" content=\"2 minutos\" \/>\n<script type=\"application\/ld+json\" class=\"yoast-schema-graph\">{\"@context\":\"https:\/\/schema.org\",\"@graph\":[{\"@type\":\"WebPage\",\"@id\":\"https:\/\/departamento.us.es\/diqaus\/master\/master-de-ingenieria-quimica\/informacion-del-master\/\",\"url\":\"https:\/\/departamento.us.es\/diqaus\/master\/master-de-ingenieria-quimica\/informacion-del-master\/\",\"name\":\"M\u00e1ster en Ingenier\u00eda Qu\u00edmica - Universidad de Sevilla\",\"isPartOf\":{\"@id\":\"https:\/\/departamento.us.es\/diqaus\/#website\"},\"datePublished\":\"2014-10-14T15:53:46+00:00\",\"dateModified\":\"2024-09-19T11:10:44+00:00\",\"description\":\"Encuentra toda la informaci\u00f3n sobre nuestro prestigioso M\u00e1ster de Ingenier\u00eda Qu\u00edmica. Estudia en la Universidad de Sevilla.\",\"breadcrumb\":{\"@id\":\"https:\/\/departamento.us.es\/diqaus\/master\/master-de-ingenieria-quimica\/informacion-del-master\/#breadcrumb\"},\"inLanguage\":\"es\",\"potentialAction\":[{\"@type\":\"ReadAction\",\"target\":[\"https:\/\/departamento.us.es\/diqaus\/master\/master-de-ingenieria-quimica\/informacion-del-master\/\"]}]},{\"@type\":\"BreadcrumbList\",\"@id\":\"https:\/\/departamento.us.es\/diqaus\/master\/master-de-ingenieria-quimica\/informacion-del-master\/#breadcrumb\",\"itemListElement\":[{\"@type\":\"ListItem\",\"position\":1,\"name\":\"Portada\",\"item\":\"https:\/\/departamento.us.es\/diqaus\/\"},{\"@type\":\"ListItem\",\"position\":2,\"name\":\"M\u00e1ster\",\"item\":\"https:\/\/departamento.us.es\/diqaus\/master\/\"},{\"@type\":\"ListItem\",\"position\":3,\"name\":\"M\u00e1ster de Ingenier\u00eda Qu\u00edmica\",\"item\":\"https:\/\/departamento.us.es\/diqaus\/master\/master-de-ingenieria-quimica\/\"},{\"@type\":\"ListItem\",\"position\":4,\"name\":\"Informaci\u00f3n del M\u00e1ster\"}]},{\"@type\":\"WebSite\",\"@id\":\"https:\/\/departamento.us.es\/diqaus\/#website\",\"url\":\"https:\/\/departamento.us.es\/diqaus\/\",\"name\":\"Departamento Ingenier\u00eda Qu\u00edmica y Ambiental US\",\"description\":\"Web del Departamento de Ingenier\u00eda Qu\u00edmica y Ambiental de la Universidad de Sevilla. Informaci\u00f3n sobre los estudios de Grado, Masters, l\u00edneas de investigaci\u00f3n y salidas laborales.\",\"publisher\":{\"@id\":\"https:\/\/departamento.us.es\/diqaus\/#organization\"},\"potentialAction\":[{\"@type\":\"SearchAction\",\"target\":{\"@type\":\"EntryPoint\",\"urlTemplate\":\"https:\/\/departamento.us.es\/diqaus\/?s={search_term_string}\"},\"query-input\":{\"@type\":\"PropertyValueSpecification\",\"valueRequired\":true,\"valueName\":\"search_term_string\"}}],\"inLanguage\":\"es\"},{\"@type\":\"Organization\",\"@id\":\"https:\/\/departamento.us.es\/diqaus\/#organization\",\"name\":\"Departamento de Ingenier\u00eda Qu\u00edmica y Ambiental US\",\"url\":\"https:\/\/departamento.us.es\/diqaus\/\",\"logo\":{\"@type\":\"ImageObject\",\"inLanguage\":\"es\",\"@id\":\"https:\/\/departamento.us.es\/diqaus\/#\/schema\/logo\/image\/\",\"url\":\"https:\/\/departamento.us.es\/diqaus\/wp-content\/uploads\/2021\/11\/logo-departamento-ingenieria-quimica-ambiental-us-e1637856642858.png\",\"contentUrl\":\"https:\/\/departamento.us.es\/diqaus\/wp-content\/uploads\/2021\/11\/logo-departamento-ingenieria-quimica-ambiental-us-e1637856642858.png\",\"width\":126,\"height\":127,\"caption\":\"Departamento de Ingenier\u00eda Qu\u00edmica y Ambiental US\"},\"image\":{\"@id\":\"https:\/\/departamento.us.es\/diqaus\/#\/schema\/logo\/image\/\"}}]}<\/script>\n<!-- \/ Yoast SEO plugin. -->","yoast_head_json":{"title":"M\u00e1ster en Ingenier\u00eda Qu\u00edmica - Universidad de Sevilla","description":"Encuentra toda la informaci\u00f3n sobre nuestro prestigioso M\u00e1ster de Ingenier\u00eda Qu\u00edmica. Estudia en la Universidad de Sevilla.","robots":{"index":"index","follow":"follow","max-snippet":"max-snippet:-1","max-image-preview":"max-image-preview:large","max-video-preview":"max-video-preview:-1"},"canonical":"https:\/\/departamento.us.es\/diqaus\/master\/master-de-ingenieria-quimica\/informacion-del-master\/","og_locale":"es_ES","og_type":"article","og_title":"M\u00e1ster en Ingenier\u00eda Qu\u00edmica - Universidad de Sevilla","og_description":"Encuentra toda la informaci\u00f3n sobre nuestro prestigioso M\u00e1ster de Ingenier\u00eda Qu\u00edmica. Estudia en la Universidad de Sevilla.","og_url":"https:\/\/departamento.us.es\/diqaus\/master\/master-de-ingenieria-quimica\/informacion-del-master\/","og_site_name":"Departamento Ingenier\u00eda Qu\u00edmica y Ambiental US","article_modified_time":"2024-09-19T11:10:44+00:00","twitter_card":"summary_large_image","twitter_misc":{"Tiempo de lectura":"2 minutos"},"schema":{"@context":"https:\/\/schema.org","@graph":[{"@type":"WebPage","@id":"https:\/\/departamento.us.es\/diqaus\/master\/master-de-ingenieria-quimica\/informacion-del-master\/","url":"https:\/\/departamento.us.es\/diqaus\/master\/master-de-ingenieria-quimica\/informacion-del-master\/","name":"M\u00e1ster en Ingenier\u00eda Qu\u00edmica - Universidad de Sevilla","isPartOf":{"@id":"https:\/\/departamento.us.es\/diqaus\/#website"},"datePublished":"2014-10-14T15:53:46+00:00","dateModified":"2024-09-19T11:10:44+00:00","description":"Encuentra toda la informaci\u00f3n sobre nuestro prestigioso M\u00e1ster de Ingenier\u00eda Qu\u00edmica. Estudia en la Universidad de Sevilla.","breadcrumb":{"@id":"https:\/\/departamento.us.es\/diqaus\/master\/master-de-ingenieria-quimica\/informacion-del-master\/#breadcrumb"},"inLanguage":"es","potentialAction":[{"@type":"ReadAction","target":["https:\/\/departamento.us.es\/diqaus\/master\/master-de-ingenieria-quimica\/informacion-del-master\/"]}]},{"@type":"BreadcrumbList","@id":"https:\/\/departamento.us.es\/diqaus\/master\/master-de-ingenieria-quimica\/informacion-del-master\/#breadcrumb","itemListElement":[{"@type":"ListItem","position":1,"name":"Portada","item":"https:\/\/departamento.us.es\/diqaus\/"},{"@type":"ListItem","position":2,"name":"M\u00e1ster","item":"https:\/\/departamento.us.es\/diqaus\/master\/"},{"@type":"ListItem","position":3,"name":"M\u00e1ster de Ingenier\u00eda Qu\u00edmica","item":"https:\/\/departamento.us.es\/diqaus\/master\/master-de-ingenieria-quimica\/"},{"@type":"ListItem","position":4,"name":"Informaci\u00f3n del M\u00e1ster"}]},{"@type":"WebSite","@id":"https:\/\/departamento.us.es\/diqaus\/#website","url":"https:\/\/departamento.us.es\/diqaus\/","name":"Departamento Ingenier\u00eda Qu\u00edmica y Ambiental US","description":"Web del Departamento de Ingenier\u00eda Qu\u00edmica y Ambiental de la Universidad de Sevilla. Informaci\u00f3n sobre los estudios de Grado, Masters, l\u00edneas de investigaci\u00f3n y salidas laborales.","publisher":{"@id":"https:\/\/departamento.us.es\/diqaus\/#organization"},"potentialAction":[{"@type":"SearchAction","target":{"@type":"EntryPoint","urlTemplate":"https:\/\/departamento.us.es\/diqaus\/?s={search_term_string}"},"query-input":{"@type":"PropertyValueSpecification","valueRequired":true,"valueName":"search_term_string"}}],"inLanguage":"es"},{"@type":"Organization","@id":"https:\/\/departamento.us.es\/diqaus\/#organization","name":"Departamento de Ingenier\u00eda Qu\u00edmica y Ambiental US","url":"https:\/\/departamento.us.es\/diqaus\/","logo":{"@type":"ImageObject","inLanguage":"es","@id":"https:\/\/departamento.us.es\/diqaus\/#\/schema\/logo\/image\/","url":"https:\/\/departamento.us.es\/diqaus\/wp-content\/uploads\/2021\/11\/logo-departamento-ingenieria-quimica-ambiental-us-e1637856642858.png","contentUrl":"https:\/\/departamento.us.es\/diqaus\/wp-content\/uploads\/2021\/11\/logo-departamento-ingenieria-quimica-ambiental-us-e1637856642858.png","width":126,"height":127,"caption":"Departamento de Ingenier\u00eda Qu\u00edmica y Ambiental US"},"image":{"@id":"https:\/\/departamento.us.es\/diqaus\/#\/schema\/logo\/image\/"}}]}},"_links":{"self":[{"href":"https:\/\/departamento.us.es\/diqaus\/wp-json\/wp\/v2\/pages\/160","targetHints":{"allow":["GET"]}}],"collection":[{"href":"https:\/\/departamento.us.es\/diqaus\/wp-json\/wp\/v2\/pages"}],"about":[{"href":"https:\/\/departamento.us.es\/diqaus\/wp-json\/wp\/v2\/types\/page"}],"author":[{"embeddable":true,"href":"https:\/\/departamento.us.es\/diqaus\/wp-json\/wp\/v2\/users\/1"}],"replies":[{"embeddable":true,"href":"https:\/\/departamento.us.es\/diqaus\/wp-json\/wp\/v2\/comments?post=160"}],"version-history":[{"count":2,"href":"https:\/\/departamento.us.es\/diqaus\/wp-json\/wp\/v2\/pages\/160\/revisions"}],"predecessor-version":[{"id":2530,"href":"https:\/\/departamento.us.es\/diqaus\/wp-json\/wp\/v2\/pages\/160\/revisions\/2530"}],"up":[{"embeddable":true,"href":"https:\/\/departamento.us.es\/diqaus\/wp-json\/wp\/v2\/pages\/186"}],"wp:attachment":[{"href":"https:\/\/departamento.us.es\/diqaus\/wp-json\/wp\/v2\/media?parent=160"}],"curies":[{"name":"wp","href":"https:\/\/api.w.org\/{rel}","templated":true}]}}