{"id":162,"date":"2014-10-14T15:54:59","date_gmt":"2014-10-14T15:54:59","guid":{"rendered":"http:\/\/departamento.us.es\/diqaus\/?page_id=162"},"modified":"2014-10-16T06:40:20","modified_gmt":"2014-10-16T06:40:20","slug":"formacion-recomendada","status":"publish","type":"page","link":"https:\/\/departamento.us.es\/diqaus\/master\/master-de-ingenieria-quimica\/formacion-recomendada\/","title":{"rendered":"Formaci\u00f3n recomendada"},"content":{"rendered":"<h3>Perfiles recomendados<\/h3>\n<p>La <strong>formaci\u00f3n necesaria<\/strong> <strong>para el acceso<\/strong> al M\u00e1ster es la del <strong>Grado en Ingenier\u00eda Qu\u00edmica<\/strong>, ya que es necesario haber cubierto todas las competencias que se proporcionan en dicho grado. <strong>En el<\/strong> <strong>caso de otros grados<\/strong>, la Comisi\u00f3n de Docencia propondr\u00e1 un itinerario docente personalizado, incluyendo los <strong>complementos de formaci\u00f3n<\/strong> necesarios.<\/p>\n","protected":false},"excerpt":{"rendered":"<p>Perfiles recomendados La formaci\u00f3n necesaria para el acceso al M\u00e1ster es la del Grado en Ingenier\u00eda Qu\u00edmica, ya que es necesario haber cubierto todas las competencias que se proporcionan en dicho grado. En el caso de otros grados, la Comisi\u00f3n de Docencia propondr\u00e1 un itinerario docente personalizado, incluyendo los complementos de formaci\u00f3n necesarios.<\/p>\n","protected":false},"author":1,"featured_media":0,"parent":186,"menu_order":0,"comment_status":"open","ping_status":"closed","template":"","meta":{"footnotes":""},"class_list":["post-162","page","type-page","status-publish","hentry"],"yoast_head":"<!-- This site is optimized with the Yoast SEO plugin v27.1.1 - https:\/\/yoast.com\/product\/yoast-seo-wordpress\/ -->\n<title>Formaci\u00f3n recomendada - Departamento Ingenier\u00eda Qu\u00edmica y Ambiental US<\/title>\n<meta name=\"robots\" content=\"index, follow, max-snippet:-1, max-image-preview:large, max-video-preview:-1\" \/>\n<link rel=\"canonical\" href=\"https:\/\/departamento.us.es\/diqaus\/master\/master-de-ingenieria-quimica\/formacion-recomendada\/\" \/>\n<meta property=\"og:locale\" content=\"es_ES\" \/>\n<meta property=\"og:type\" content=\"article\" \/>\n<meta property=\"og:title\" content=\"Formaci\u00f3n recomendada - Departamento Ingenier\u00eda Qu\u00edmica y Ambiental US\" \/>\n<meta property=\"og:description\" content=\"Perfiles recomendados La formaci\u00f3n necesaria para el acceso al M\u00e1ster es la del Grado en Ingenier\u00eda Qu\u00edmica, ya que es necesario haber cubierto todas las competencias que se proporcionan en dicho grado. En el caso de otros grados, la Comisi\u00f3n de Docencia propondr\u00e1 un itinerario docente personalizado, incluyendo los complementos de formaci\u00f3n necesarios.\" \/>\n<meta property=\"og:url\" content=\"https:\/\/departamento.us.es\/diqaus\/master\/master-de-ingenieria-quimica\/formacion-recomendada\/\" \/>\n<meta property=\"og:site_name\" content=\"Departamento Ingenier\u00eda Qu\u00edmica y Ambiental US\" \/>\n<meta property=\"article:modified_time\" content=\"2014-10-16T06:40:20+00:00\" \/>\n<meta name=\"twitter:card\" content=\"summary_large_image\" \/>\n<script type=\"application\/ld+json\" class=\"yoast-schema-graph\">{\"@context\":\"https:\/\/schema.org\",\"@graph\":[{\"@type\":\"WebPage\",\"@id\":\"https:\/\/departamento.us.es\/diqaus\/master\/master-de-ingenieria-quimica\/formacion-recomendada\/\",\"url\":\"https:\/\/departamento.us.es\/diqaus\/master\/master-de-ingenieria-quimica\/formacion-recomendada\/\",\"name\":\"Formaci\u00f3n recomendada - Departamento Ingenier\u00eda Qu\u00edmica y Ambiental US\",\"isPartOf\":{\"@id\":\"https:\/\/departamento.us.es\/diqaus\/#website\"},\"datePublished\":\"2014-10-14T15:54:59+00:00\",\"dateModified\":\"2014-10-16T06:40:20+00:00\",\"breadcrumb\":{\"@id\":\"https:\/\/departamento.us.es\/diqaus\/master\/master-de-ingenieria-quimica\/formacion-recomendada\/#breadcrumb\"},\"inLanguage\":\"es\",\"potentialAction\":[{\"@type\":\"ReadAction\",\"target\":[\"https:\/\/departamento.us.es\/diqaus\/master\/master-de-ingenieria-quimica\/formacion-recomendada\/\"]}]},{\"@type\":\"BreadcrumbList\",\"@id\":\"https:\/\/departamento.us.es\/diqaus\/master\/master-de-ingenieria-quimica\/formacion-recomendada\/#breadcrumb\",\"itemListElement\":[{\"@type\":\"ListItem\",\"position\":1,\"name\":\"Portada\",\"item\":\"https:\/\/departamento.us.es\/diqaus\/\"},{\"@type\":\"ListItem\",\"position\":2,\"name\":\"M\u00e1ster\",\"item\":\"https:\/\/departamento.us.es\/diqaus\/master\/\"},{\"@type\":\"ListItem\",\"position\":3,\"name\":\"M\u00e1ster de Ingenier\u00eda Qu\u00edmica\",\"item\":\"https:\/\/departamento.us.es\/diqaus\/master\/master-de-ingenieria-quimica\/\"},{\"@type\":\"ListItem\",\"position\":4,\"name\":\"Formaci\u00f3n recomendada\"}]},{\"@type\":\"WebSite\",\"@id\":\"https:\/\/departamento.us.es\/diqaus\/#website\",\"url\":\"https:\/\/departamento.us.es\/diqaus\/\",\"name\":\"Departamento Ingenier\u00eda Qu\u00edmica y Ambiental US\",\"description\":\"Web del Departamento de Ingenier\u00eda Qu\u00edmica y Ambiental de la Universidad de Sevilla. Informaci\u00f3n sobre los estudios de Grado, Masters, l\u00edneas de investigaci\u00f3n y salidas laborales.\",\"publisher\":{\"@id\":\"https:\/\/departamento.us.es\/diqaus\/#organization\"},\"potentialAction\":[{\"@type\":\"SearchAction\",\"target\":{\"@type\":\"EntryPoint\",\"urlTemplate\":\"https:\/\/departamento.us.es\/diqaus\/?s={search_term_string}\"},\"query-input\":{\"@type\":\"PropertyValueSpecification\",\"valueRequired\":true,\"valueName\":\"search_term_string\"}}],\"inLanguage\":\"es\"},{\"@type\":\"Organization\",\"@id\":\"https:\/\/departamento.us.es\/diqaus\/#organization\",\"name\":\"Departamento de Ingenier\u00eda Qu\u00edmica y Ambiental US\",\"url\":\"https:\/\/departamento.us.es\/diqaus\/\",\"logo\":{\"@type\":\"ImageObject\",\"inLanguage\":\"es\",\"@id\":\"https:\/\/departamento.us.es\/diqaus\/#\/schema\/logo\/image\/\",\"url\":\"https:\/\/departamento.us.es\/diqaus\/wp-content\/uploads\/2021\/11\/logo-departamento-ingenieria-quimica-ambiental-us-e1637856642858.png\",\"contentUrl\":\"https:\/\/departamento.us.es\/diqaus\/wp-content\/uploads\/2021\/11\/logo-departamento-ingenieria-quimica-ambiental-us-e1637856642858.png\",\"width\":126,\"height\":127,\"caption\":\"Departamento de Ingenier\u00eda Qu\u00edmica y Ambiental US\"},\"image\":{\"@id\":\"https:\/\/departamento.us.es\/diqaus\/#\/schema\/logo\/image\/\"}}]}<\/script>\n<!-- \/ Yoast SEO plugin. -->","yoast_head_json":{"title":"Formaci\u00f3n recomendada - Departamento Ingenier\u00eda Qu\u00edmica y Ambiental US","robots":{"index":"index","follow":"follow","max-snippet":"max-snippet:-1","max-image-preview":"max-image-preview:large","max-video-preview":"max-video-preview:-1"},"canonical":"https:\/\/departamento.us.es\/diqaus\/master\/master-de-ingenieria-quimica\/formacion-recomendada\/","og_locale":"es_ES","og_type":"article","og_title":"Formaci\u00f3n recomendada - Departamento Ingenier\u00eda Qu\u00edmica y Ambiental US","og_description":"Perfiles recomendados La formaci\u00f3n necesaria para el acceso al M\u00e1ster es la del Grado en Ingenier\u00eda Qu\u00edmica, ya que es necesario haber cubierto todas las competencias que se proporcionan en dicho grado. En el caso de otros grados, la Comisi\u00f3n de Docencia propondr\u00e1 un itinerario docente personalizado, incluyendo los complementos de formaci\u00f3n necesarios.","og_url":"https:\/\/departamento.us.es\/diqaus\/master\/master-de-ingenieria-quimica\/formacion-recomendada\/","og_site_name":"Departamento Ingenier\u00eda Qu\u00edmica y Ambiental US","article_modified_time":"2014-10-16T06:40:20+00:00","twitter_card":"summary_large_image","schema":{"@context":"https:\/\/schema.org","@graph":[{"@type":"WebPage","@id":"https:\/\/departamento.us.es\/diqaus\/master\/master-de-ingenieria-quimica\/formacion-recomendada\/","url":"https:\/\/departamento.us.es\/diqaus\/master\/master-de-ingenieria-quimica\/formacion-recomendada\/","name":"Formaci\u00f3n recomendada - Departamento Ingenier\u00eda Qu\u00edmica y Ambiental US","isPartOf":{"@id":"https:\/\/departamento.us.es\/diqaus\/#website"},"datePublished":"2014-10-14T15:54:59+00:00","dateModified":"2014-10-16T06:40:20+00:00","breadcrumb":{"@id":"https:\/\/departamento.us.es\/diqaus\/master\/master-de-ingenieria-quimica\/formacion-recomendada\/#breadcrumb"},"inLanguage":"es","potentialAction":[{"@type":"ReadAction","target":["https:\/\/departamento.us.es\/diqaus\/master\/master-de-ingenieria-quimica\/formacion-recomendada\/"]}]},{"@type":"BreadcrumbList","@id":"https:\/\/departamento.us.es\/diqaus\/master\/master-de-ingenieria-quimica\/formacion-recomendada\/#breadcrumb","itemListElement":[{"@type":"ListItem","position":1,"name":"Portada","item":"https:\/\/departamento.us.es\/diqaus\/"},{"@type":"ListItem","position":2,"name":"M\u00e1ster","item":"https:\/\/departamento.us.es\/diqaus\/master\/"},{"@type":"ListItem","position":3,"name":"M\u00e1ster de Ingenier\u00eda Qu\u00edmica","item":"https:\/\/departamento.us.es\/diqaus\/master\/master-de-ingenieria-quimica\/"},{"@type":"ListItem","position":4,"name":"Formaci\u00f3n recomendada"}]},{"@type":"WebSite","@id":"https:\/\/departamento.us.es\/diqaus\/#website","url":"https:\/\/departamento.us.es\/diqaus\/","name":"Departamento Ingenier\u00eda Qu\u00edmica y Ambiental US","description":"Web del Departamento de Ingenier\u00eda Qu\u00edmica y Ambiental de la Universidad de Sevilla. Informaci\u00f3n sobre los estudios de Grado, Masters, l\u00edneas de investigaci\u00f3n y salidas laborales.","publisher":{"@id":"https:\/\/departamento.us.es\/diqaus\/#organization"},"potentialAction":[{"@type":"SearchAction","target":{"@type":"EntryPoint","urlTemplate":"https:\/\/departamento.us.es\/diqaus\/?s={search_term_string}"},"query-input":{"@type":"PropertyValueSpecification","valueRequired":true,"valueName":"search_term_string"}}],"inLanguage":"es"},{"@type":"Organization","@id":"https:\/\/departamento.us.es\/diqaus\/#organization","name":"Departamento de Ingenier\u00eda Qu\u00edmica y Ambiental US","url":"https:\/\/departamento.us.es\/diqaus\/","logo":{"@type":"ImageObject","inLanguage":"es","@id":"https:\/\/departamento.us.es\/diqaus\/#\/schema\/logo\/image\/","url":"https:\/\/departamento.us.es\/diqaus\/wp-content\/uploads\/2021\/11\/logo-departamento-ingenieria-quimica-ambiental-us-e1637856642858.png","contentUrl":"https:\/\/departamento.us.es\/diqaus\/wp-content\/uploads\/2021\/11\/logo-departamento-ingenieria-quimica-ambiental-us-e1637856642858.png","width":126,"height":127,"caption":"Departamento de Ingenier\u00eda Qu\u00edmica y Ambiental US"},"image":{"@id":"https:\/\/departamento.us.es\/diqaus\/#\/schema\/logo\/image\/"}}]}},"_links":{"self":[{"href":"https:\/\/departamento.us.es\/diqaus\/wp-json\/wp\/v2\/pages\/162","targetHints":{"allow":["GET"]}}],"collection":[{"href":"https:\/\/departamento.us.es\/diqaus\/wp-json\/wp\/v2\/pages"}],"about":[{"href":"https:\/\/departamento.us.es\/diqaus\/wp-json\/wp\/v2\/types\/page"}],"author":[{"embeddable":true,"href":"https:\/\/departamento.us.es\/diqaus\/wp-json\/wp\/v2\/users\/1"}],"replies":[{"embeddable":true,"href":"https:\/\/departamento.us.es\/diqaus\/wp-json\/wp\/v2\/comments?post=162"}],"version-history":[{"count":0,"href":"https:\/\/departamento.us.es\/diqaus\/wp-json\/wp\/v2\/pages\/162\/revisions"}],"up":[{"embeddable":true,"href":"https:\/\/departamento.us.es\/diqaus\/wp-json\/wp\/v2\/pages\/186"}],"wp:attachment":[{"href":"https:\/\/departamento.us.es\/diqaus\/wp-json\/wp\/v2\/media?parent=162"}],"curies":[{"name":"wp","href":"https:\/\/api.w.org\/{rel}","templated":true}]}}