{"id":282,"date":"2014-10-22T09:45:11","date_gmt":"2014-10-22T09:45:11","guid":{"rendered":"http:\/\/departamento.us.es\/diqaus\/?page_id=282"},"modified":"2016-09-02T10:29:22","modified_gmt":"2016-09-02T10:29:22","slug":"colaboracion-con-empresas","status":"publish","type":"page","link":"https:\/\/departamento.us.es\/diqaus\/empresas\/colaboracion-con-empresas\/","title":{"rendered":"Proyectos con empresas"},"content":{"rendered":"<p>El Departamento de Ingenier\u00eda Qu\u00edmica y Ambiental de la Universidad de Sevilla tiene un largo historial de cooperaci\u00f3n con empresas del sector p\u00fablico y privado, tanto en proyectos de ingenier\u00eda como de investigaci\u00f3n y desarrollo. Dichas colaboraciones se llevan a cabo a trav\u00e9s de instituciones como <a title=\"Asociaci\u00f3n de Investigaci\u00f3n y Cooperaci\u00f3n Industrial de Andaluc\u00eda\" href=\"http:\/\/www.aicia.es\/\" target=\"_blank\">AICIA<\/a> (Asociaci\u00f3n de Investigaci\u00f3n y Cooperaci\u00f3n Industrial de Andaluc\u00eda), <a title=\"Oficina de Transferencia Tecnol\u00f3gica\" href=\"http:\/\/otri.us.es\/\" target=\"_blank\">OTRI<\/a> (Oficina de Transferencia Tecnol\u00f3gica) o <a title=\"Fundaci\u00f3n de Investigaci\u00f3n de la Universidad de Sevilla\" href=\"http:\/\/www.fius.us.es\/\" target=\"_blank\">FIUS<\/a> (Fundaci\u00f3n de Investigaci\u00f3n de la Universidad de Sevilla).<\/p>\n<p>&nbsp;<\/p>\n<div class=\"row\">\n<div class=\"col-md-4\">\n<div class=\"cajaimagen\"><img decoding=\"async\" src=\"http:\/\/departamento.us.es\/diqaus\/wp-content\/themes\/diqaus\/media\/img\/logoaicia.png\" alt=\"Aicia\" \/><\/div>\n<\/div>\n<div class=\"col-md-4\">\n<div class=\"cajaimagen\"><img decoding=\"async\" src=\"http:\/\/departamento.us.es\/diqaus\/wp-content\/themes\/diqaus\/media\/img\/otri.jpg\" alt=\"Otri\" \/><\/div>\n<\/div>\n<div class=\"col-md-4\">\n<div class=\"cajaimagen\"><img decoding=\"async\" src=\"http:\/\/departamento.us.es\/diqaus\/wp-content\/themes\/diqaus\/media\/img\/fius.png\" alt=\"Fius\" \/><\/div>\n<\/div>\n<\/div>\n<p>Puedes acceder a la secci\u00f3n de las <a title=\"L\u00edneas de investigaci\u00f3n\" href=\"http:\/\/departamento.us.es\/diqaus\/investigacion\/lineas-de-investigacion\/\">l\u00edneas de investigaci\u00f3n<\/a> del departamento para determinar en qu\u00e9 \u00e1rea quieres trabajar con nosotros y a qu\u00e9 personas debes dirigirte.<\/p>\n","protected":false},"excerpt":{"rendered":"<p>El Departamento de Ingenier\u00eda Qu\u00edmica y Ambiental de la Universidad de Sevilla tiene un largo historial de cooperaci\u00f3n con empresas del sector p\u00fablico y privado, tanto en proyectos de ingenier\u00eda como de investigaci\u00f3n y desarrollo. Dichas colaboraciones se llevan a cabo a trav\u00e9s de instituciones como AICIA (Asociaci\u00f3n de Investigaci\u00f3n y Cooperaci\u00f3n Industrial de Andaluc\u00eda), [&hellip;]<\/p>\n","protected":false},"author":1,"featured_media":0,"parent":18,"menu_order":0,"comment_status":"open","ping_status":"open","template":"","meta":{"footnotes":""},"class_list":["post-282","page","type-page","status-publish","hentry"],"yoast_head":"<!-- This site is optimized with the Yoast SEO plugin v27.1.1 - https:\/\/yoast.com\/product\/yoast-seo-wordpress\/ -->\n<title>Proyectos con empresas - Departamento Ingenier\u00eda Qu\u00edmica y Ambiental US<\/title>\n<meta name=\"robots\" content=\"index, follow, max-snippet:-1, max-image-preview:large, max-video-preview:-1\" \/>\n<link rel=\"canonical\" href=\"https:\/\/departamento.us.es\/diqaus\/empresas\/colaboracion-con-empresas\/\" \/>\n<meta property=\"og:locale\" content=\"es_ES\" \/>\n<meta property=\"og:type\" content=\"article\" \/>\n<meta property=\"og:title\" content=\"Proyectos con empresas - Departamento Ingenier\u00eda Qu\u00edmica y Ambiental US\" \/>\n<meta property=\"og:description\" content=\"El Departamento de Ingenier\u00eda Qu\u00edmica y Ambiental de la Universidad de Sevilla tiene un largo historial de cooperaci\u00f3n con empresas del sector p\u00fablico y privado, tanto en proyectos de ingenier\u00eda como de investigaci\u00f3n y desarrollo. Dichas colaboraciones se llevan a cabo a trav\u00e9s de instituciones como AICIA (Asociaci\u00f3n de Investigaci\u00f3n y Cooperaci\u00f3n Industrial de Andaluc\u00eda), [&hellip;]\" \/>\n<meta property=\"og:url\" content=\"https:\/\/departamento.us.es\/diqaus\/empresas\/colaboracion-con-empresas\/\" \/>\n<meta property=\"og:site_name\" content=\"Departamento Ingenier\u00eda Qu\u00edmica y Ambiental US\" \/>\n<meta property=\"article:modified_time\" content=\"2016-09-02T10:29:22+00:00\" \/>\n<meta property=\"og:image\" content=\"http:\/\/departamento.us.es\/diqaus\/wp-content\/themes\/diqaus\/media\/img\/logoaicia.png\" \/>\n<meta name=\"twitter:card\" content=\"summary_large_image\" \/>\n<meta name=\"twitter:label1\" content=\"Tiempo de lectura\" \/>\n\t<meta name=\"twitter:data1\" content=\"1 minuto\" \/>\n<script type=\"application\/ld+json\" class=\"yoast-schema-graph\">{\"@context\":\"https:\/\/schema.org\",\"@graph\":[{\"@type\":\"WebPage\",\"@id\":\"https:\/\/departamento.us.es\/diqaus\/empresas\/colaboracion-con-empresas\/\",\"url\":\"https:\/\/departamento.us.es\/diqaus\/empresas\/colaboracion-con-empresas\/\",\"name\":\"Proyectos con empresas - Departamento Ingenier\u00eda Qu\u00edmica y Ambiental US\",\"isPartOf\":{\"@id\":\"https:\/\/departamento.us.es\/diqaus\/#website\"},\"primaryImageOfPage\":{\"@id\":\"https:\/\/departamento.us.es\/diqaus\/empresas\/colaboracion-con-empresas\/#primaryimage\"},\"image\":{\"@id\":\"https:\/\/departamento.us.es\/diqaus\/empresas\/colaboracion-con-empresas\/#primaryimage\"},\"thumbnailUrl\":\"http:\/\/departamento.us.es\/diqaus\/wp-content\/themes\/diqaus\/media\/img\/logoaicia.png\",\"datePublished\":\"2014-10-22T09:45:11+00:00\",\"dateModified\":\"2016-09-02T10:29:22+00:00\",\"breadcrumb\":{\"@id\":\"https:\/\/departamento.us.es\/diqaus\/empresas\/colaboracion-con-empresas\/#breadcrumb\"},\"inLanguage\":\"es\",\"potentialAction\":[{\"@type\":\"ReadAction\",\"target\":[\"https:\/\/departamento.us.es\/diqaus\/empresas\/colaboracion-con-empresas\/\"]}]},{\"@type\":\"ImageObject\",\"inLanguage\":\"es\",\"@id\":\"https:\/\/departamento.us.es\/diqaus\/empresas\/colaboracion-con-empresas\/#primaryimage\",\"url\":\"http:\/\/departamento.us.es\/diqaus\/wp-content\/themes\/diqaus\/media\/img\/logoaicia.png\",\"contentUrl\":\"http:\/\/departamento.us.es\/diqaus\/wp-content\/themes\/diqaus\/media\/img\/logoaicia.png\"},{\"@type\":\"BreadcrumbList\",\"@id\":\"https:\/\/departamento.us.es\/diqaus\/empresas\/colaboracion-con-empresas\/#breadcrumb\",\"itemListElement\":[{\"@type\":\"ListItem\",\"position\":1,\"name\":\"Portada\",\"item\":\"https:\/\/departamento.us.es\/diqaus\/\"},{\"@type\":\"ListItem\",\"position\":2,\"name\":\"Empresas\",\"item\":\"https:\/\/departamento.us.es\/diqaus\/empresas\/\"},{\"@type\":\"ListItem\",\"position\":3,\"name\":\"Proyectos con empresas\"}]},{\"@type\":\"WebSite\",\"@id\":\"https:\/\/departamento.us.es\/diqaus\/#website\",\"url\":\"https:\/\/departamento.us.es\/diqaus\/\",\"name\":\"Departamento Ingenier\u00eda Qu\u00edmica y Ambiental US\",\"description\":\"Web del Departamento de Ingenier\u00eda Qu\u00edmica y Ambiental de la Universidad de Sevilla. Informaci\u00f3n sobre los estudios de Grado, Masters, l\u00edneas de investigaci\u00f3n y salidas laborales.\",\"publisher\":{\"@id\":\"https:\/\/departamento.us.es\/diqaus\/#organization\"},\"potentialAction\":[{\"@type\":\"SearchAction\",\"target\":{\"@type\":\"EntryPoint\",\"urlTemplate\":\"https:\/\/departamento.us.es\/diqaus\/?s={search_term_string}\"},\"query-input\":{\"@type\":\"PropertyValueSpecification\",\"valueRequired\":true,\"valueName\":\"search_term_string\"}}],\"inLanguage\":\"es\"},{\"@type\":\"Organization\",\"@id\":\"https:\/\/departamento.us.es\/diqaus\/#organization\",\"name\":\"Departamento de Ingenier\u00eda Qu\u00edmica y Ambiental US\",\"url\":\"https:\/\/departamento.us.es\/diqaus\/\",\"logo\":{\"@type\":\"ImageObject\",\"inLanguage\":\"es\",\"@id\":\"https:\/\/departamento.us.es\/diqaus\/#\/schema\/logo\/image\/\",\"url\":\"https:\/\/departamento.us.es\/diqaus\/wp-content\/uploads\/2021\/11\/logo-departamento-ingenieria-quimica-ambiental-us-e1637856642858.png\",\"contentUrl\":\"https:\/\/departamento.us.es\/diqaus\/wp-content\/uploads\/2021\/11\/logo-departamento-ingenieria-quimica-ambiental-us-e1637856642858.png\",\"width\":126,\"height\":127,\"caption\":\"Departamento de Ingenier\u00eda Qu\u00edmica y Ambiental US\"},\"image\":{\"@id\":\"https:\/\/departamento.us.es\/diqaus\/#\/schema\/logo\/image\/\"}}]}<\/script>\n<!-- \/ Yoast SEO plugin. -->","yoast_head_json":{"title":"Proyectos con empresas - Departamento Ingenier\u00eda Qu\u00edmica y Ambiental US","robots":{"index":"index","follow":"follow","max-snippet":"max-snippet:-1","max-image-preview":"max-image-preview:large","max-video-preview":"max-video-preview:-1"},"canonical":"https:\/\/departamento.us.es\/diqaus\/empresas\/colaboracion-con-empresas\/","og_locale":"es_ES","og_type":"article","og_title":"Proyectos con empresas - Departamento Ingenier\u00eda Qu\u00edmica y Ambiental US","og_description":"El Departamento de Ingenier\u00eda Qu\u00edmica y Ambiental de la Universidad de Sevilla tiene un largo historial de cooperaci\u00f3n con empresas del sector p\u00fablico y privado, tanto en proyectos de ingenier\u00eda como de investigaci\u00f3n y desarrollo. Dichas colaboraciones se llevan a cabo a trav\u00e9s de instituciones como AICIA (Asociaci\u00f3n de Investigaci\u00f3n y Cooperaci\u00f3n Industrial de Andaluc\u00eda), [&hellip;]","og_url":"https:\/\/departamento.us.es\/diqaus\/empresas\/colaboracion-con-empresas\/","og_site_name":"Departamento Ingenier\u00eda Qu\u00edmica y Ambiental US","article_modified_time":"2016-09-02T10:29:22+00:00","og_image":[{"url":"http:\/\/departamento.us.es\/diqaus\/wp-content\/themes\/diqaus\/media\/img\/logoaicia.png","type":"","width":"","height":""}],"twitter_card":"summary_large_image","twitter_misc":{"Tiempo de lectura":"1 minuto"},"schema":{"@context":"https:\/\/schema.org","@graph":[{"@type":"WebPage","@id":"https:\/\/departamento.us.es\/diqaus\/empresas\/colaboracion-con-empresas\/","url":"https:\/\/departamento.us.es\/diqaus\/empresas\/colaboracion-con-empresas\/","name":"Proyectos con empresas - Departamento Ingenier\u00eda Qu\u00edmica y Ambiental US","isPartOf":{"@id":"https:\/\/departamento.us.es\/diqaus\/#website"},"primaryImageOfPage":{"@id":"https:\/\/departamento.us.es\/diqaus\/empresas\/colaboracion-con-empresas\/#primaryimage"},"image":{"@id":"https:\/\/departamento.us.es\/diqaus\/empresas\/colaboracion-con-empresas\/#primaryimage"},"thumbnailUrl":"http:\/\/departamento.us.es\/diqaus\/wp-content\/themes\/diqaus\/media\/img\/logoaicia.png","datePublished":"2014-10-22T09:45:11+00:00","dateModified":"2016-09-02T10:29:22+00:00","breadcrumb":{"@id":"https:\/\/departamento.us.es\/diqaus\/empresas\/colaboracion-con-empresas\/#breadcrumb"},"inLanguage":"es","potentialAction":[{"@type":"ReadAction","target":["https:\/\/departamento.us.es\/diqaus\/empresas\/colaboracion-con-empresas\/"]}]},{"@type":"ImageObject","inLanguage":"es","@id":"https:\/\/departamento.us.es\/diqaus\/empresas\/colaboracion-con-empresas\/#primaryimage","url":"http:\/\/departamento.us.es\/diqaus\/wp-content\/themes\/diqaus\/media\/img\/logoaicia.png","contentUrl":"http:\/\/departamento.us.es\/diqaus\/wp-content\/themes\/diqaus\/media\/img\/logoaicia.png"},{"@type":"BreadcrumbList","@id":"https:\/\/departamento.us.es\/diqaus\/empresas\/colaboracion-con-empresas\/#breadcrumb","itemListElement":[{"@type":"ListItem","position":1,"name":"Portada","item":"https:\/\/departamento.us.es\/diqaus\/"},{"@type":"ListItem","position":2,"name":"Empresas","item":"https:\/\/departamento.us.es\/diqaus\/empresas\/"},{"@type":"ListItem","position":3,"name":"Proyectos con empresas"}]},{"@type":"WebSite","@id":"https:\/\/departamento.us.es\/diqaus\/#website","url":"https:\/\/departamento.us.es\/diqaus\/","name":"Departamento Ingenier\u00eda Qu\u00edmica y Ambiental US","description":"Web del Departamento de Ingenier\u00eda Qu\u00edmica y Ambiental de la Universidad de Sevilla. Informaci\u00f3n sobre los estudios de Grado, Masters, l\u00edneas de investigaci\u00f3n y salidas laborales.","publisher":{"@id":"https:\/\/departamento.us.es\/diqaus\/#organization"},"potentialAction":[{"@type":"SearchAction","target":{"@type":"EntryPoint","urlTemplate":"https:\/\/departamento.us.es\/diqaus\/?s={search_term_string}"},"query-input":{"@type":"PropertyValueSpecification","valueRequired":true,"valueName":"search_term_string"}}],"inLanguage":"es"},{"@type":"Organization","@id":"https:\/\/departamento.us.es\/diqaus\/#organization","name":"Departamento de Ingenier\u00eda Qu\u00edmica y Ambiental US","url":"https:\/\/departamento.us.es\/diqaus\/","logo":{"@type":"ImageObject","inLanguage":"es","@id":"https:\/\/departamento.us.es\/diqaus\/#\/schema\/logo\/image\/","url":"https:\/\/departamento.us.es\/diqaus\/wp-content\/uploads\/2021\/11\/logo-departamento-ingenieria-quimica-ambiental-us-e1637856642858.png","contentUrl":"https:\/\/departamento.us.es\/diqaus\/wp-content\/uploads\/2021\/11\/logo-departamento-ingenieria-quimica-ambiental-us-e1637856642858.png","width":126,"height":127,"caption":"Departamento de Ingenier\u00eda Qu\u00edmica y Ambiental US"},"image":{"@id":"https:\/\/departamento.us.es\/diqaus\/#\/schema\/logo\/image\/"}}]}},"_links":{"self":[{"href":"https:\/\/departamento.us.es\/diqaus\/wp-json\/wp\/v2\/pages\/282","targetHints":{"allow":["GET"]}}],"collection":[{"href":"https:\/\/departamento.us.es\/diqaus\/wp-json\/wp\/v2\/pages"}],"about":[{"href":"https:\/\/departamento.us.es\/diqaus\/wp-json\/wp\/v2\/types\/page"}],"author":[{"embeddable":true,"href":"https:\/\/departamento.us.es\/diqaus\/wp-json\/wp\/v2\/users\/1"}],"replies":[{"embeddable":true,"href":"https:\/\/departamento.us.es\/diqaus\/wp-json\/wp\/v2\/comments?post=282"}],"version-history":[{"count":2,"href":"https:\/\/departamento.us.es\/diqaus\/wp-json\/wp\/v2\/pages\/282\/revisions"}],"predecessor-version":[{"id":1057,"href":"https:\/\/departamento.us.es\/diqaus\/wp-json\/wp\/v2\/pages\/282\/revisions\/1057"}],"up":[{"embeddable":true,"href":"https:\/\/departamento.us.es\/diqaus\/wp-json\/wp\/v2\/pages\/18"}],"wp:attachment":[{"href":"https:\/\/departamento.us.es\/diqaus\/wp-json\/wp\/v2\/media?parent=282"}],"curies":[{"name":"wp","href":"https:\/\/api.w.org\/{rel}","templated":true}]}}