{"id":2954,"date":"2022-11-14T10:18:49","date_gmt":"2022-11-14T10:18:49","guid":{"rendered":"https:\/\/departamento.us.es\/dmatcon\/?page_id=2954"},"modified":"2023-05-04T10:31:18","modified_gmt":"2023-05-04T10:31:18","slug":"docencia-en-dobles-grados","status":"publish","type":"page","link":"https:\/\/departamento.us.es\/dmatcon\/docencia-en-dobles-grados\/","title":{"rendered":"Docencia en Dobles Grados"},"content":{"rendered":"\t\t<div data-elementor-type=\"wp-page\" data-elementor-id=\"2954\" class=\"elementor elementor-2954\">\n\t\t\t\t\t\t<section class=\"elementor-section elementor-top-section elementor-element elementor-element-bfe265d elementor-section-boxed elementor-section-height-default elementor-section-height-default\" data-id=\"bfe265d\" data-element_type=\"section\">\n\t\t\t\t\t\t<div class=\"elementor-container elementor-column-gap-default\">\n\t\t\t\t\t<div class=\"elementor-column elementor-col-100 elementor-top-column elementor-element elementor-element-21cb858\" data-id=\"21cb858\" data-element_type=\"column\">\n\t\t\t<div class=\"elementor-widget-wrap elementor-element-populated\">\n\t\t\t\t\t\t<div class=\"elementor-element elementor-element-7e04c5c elementor-invisible elementor-widget elementor-widget-text-editor\" data-id=\"7e04c5c\" data-element_type=\"widget\" data-settings=\"{&quot;_animation&quot;:&quot;fadeIn&quot;}\" data-widget_type=\"text-editor.default\">\n\t\t\t\t<div class=\"elementor-widget-container\">\n\t\t\t\t\t\t\t\t\t<p style=\"text-align: justify;\">El Departamento de F\u00edsica de la Materia Condensada imparte docencia en siete titulaciones de Grado, cuatro titulaciones de Doble Grado y dos titulaciones de M\u00e1ster de la\u00a0<a href=\"http:\/\/www.us.es\/\" target=\"_blank\" rel=\"noopener\">Universidad de Sevilla<\/a>\u00a0. La docencia se desarrolla en diversos centros:\u00a0<a href=\"http:\/\/fisica.us.es\/\" target=\"_blank\" rel=\"noopener\">Facultad de F\u00edsica<\/a>,\u00a0<a href=\"http:\/\/www.bio.us.es\/\" target=\"_blank\" rel=\"noopener\">Facultad de Biologia<\/a>,\u00a0<a href=\"http:\/\/www.centro.us.es\/quimica\" target=\"_blank\" rel=\"noopener\">Facultad de Qu\u00edmica<\/a>,\u00a0<a href=\"http:\/\/www.farmacia.us.es\/\" target=\"_blank\" rel=\"noopener\">Facultad de Farmacia<\/a>,\u00a0<a href=\"http:\/\/www.informatica.us.es\/\" target=\"_blank\" rel=\"noopener\">Escuela T\u00e9cnica Superior de Ingenier\u00eda Inform\u00e1tica<\/a>\u00a0y\u00a0<a href=\"http:\/\/centrointernacional.us.es\/\" target=\"_blank\" rel=\"noopener\">Centro Internacional de Posgrado<\/a>. Para consultar el profesorado, los programas y los proyectos docentes de cada asignatura impartida despliegue el men\u00fa inferior.<\/p>\t\t\t\t\t\t\t\t<\/div>\n\t\t\t\t<\/div>\n\t\t\t\t<div class=\"elementor-element elementor-element-23c9d6f elementor-invisible elementor-widget elementor-widget-toggle\" data-id=\"23c9d6f\" data-element_type=\"widget\" data-settings=\"{&quot;_animation&quot;:&quot;fadeIn&quot;}\" data-widget_type=\"toggle.default\">\n\t\t\t\t<div class=\"elementor-widget-container\">\n\t\t\t\t\t\t\t<div class=\"elementor-toggle\">\n\t\t\t\t\t\t\t<div class=\"elementor-toggle-item\">\n\t\t\t\t\t<div id=\"elementor-tab-title-3751\" class=\"elementor-tab-title\" data-tab=\"1\" role=\"button\" aria-controls=\"elementor-tab-content-3751\" aria-expanded=\"false\">\n\t\t\t\t\t\t\t\t\t\t\t\t<span class=\"elementor-toggle-icon elementor-toggle-icon-left\" aria-hidden=\"true\">\n\t\t\t\t\t\t\t\t\t\t\t\t\t\t\t<span class=\"elementor-toggle-icon-closed\"><i class=\"fas fa-caret-right\"><\/i><\/span>\n\t\t\t\t\t\t\t\t<span class=\"elementor-toggle-icon-opened\"><i class=\"elementor-toggle-icon-opened fas fa-caret-up\"><\/i><\/span>\n\t\t\t\t\t\t\t\t\t\t\t\t\t<\/span>\n\t\t\t\t\t\t\t\t\t\t\t\t<a class=\"elementor-toggle-title\" tabindex=\"0\">F\u00edsica e Ingenier\u00eda de Materiales<\/a>\n\t\t\t\t\t<\/div>\n\n\t\t\t\t\t<div id=\"elementor-tab-content-3751\" class=\"elementor-tab-content elementor-clearfix\" data-tab=\"1\" role=\"region\" aria-labelledby=\"elementor-tab-title-3751\"><ul><li><a href=\"https:\/\/www.us.es\/estudiar\/que-estudiar\/oferta-de-grados\/doble-grado-en-fisica-y-en-ingenieria-de-materiales\/2310065\" target=\"_blank\" rel=\"noopener\">F\u00edsica General 1<\/a><\/li><li><a href=\"https:\/\/www.us.es\/estudiar\/que-estudiar\/oferta-de-grados\/doble-grado-en-fisica-y-en-ingenieria-de-materiales\/2310066\" target=\"_blank\" rel=\"noopener\">F\u00edsica General 2<\/a><\/li><li><a href=\"https:\/\/www.us.es\/estudiar\/que-estudiar\/oferta-de-grados\/doble-grado-en-fisica-y-en-ingenieria-de-materiales\/2310008\" target=\"_blank\" rel=\"noopener\">T\u00e9cnicas Experimentales B\u00e1sicas<\/a><\/li><li><a href=\"https:\/\/www.us.es\/estudiar\/que-estudiar\/oferta-de-grados\/doble-grado-en-fisica-y-en-ingenieria-de-materiales\/2310010\" target=\"_blank\" rel=\"noopener\">Mec\u00e1nica y Ondas<\/a><\/li><li><a href=\"https:\/\/www.us.es\/estudiar\/que-estudiar\/oferta-de-grados\/doble-grado-en-fisica-y-en-ingenieria-de-materiales\/2310012\" target=\"_blank\" rel=\"noopener\">Termodin\u00e1mica<\/a><\/li><li><a href=\"https:\/\/www.us.es\/estudiar\/que-estudiar\/oferta-de-grados\/doble-grado-en-fisica-y-en-ingenieria-de-materiales\/2310023\" target=\"_blank\" rel=\"noopener\">F\u00edsica del Estado S\u00f3lido<\/a><\/li><li><a href=\"https:\/\/www.us.es\/estudiar\/que-estudiar\/oferta-de-grados\/doble-grado-en-fisica-y-en-ingenieria-de-materiales\/2310017\" target=\"_blank\" rel=\"noopener\">\u00d3ptica<\/a><\/li><li><a href=\"https:\/\/www.us.es\/estudiar\/que-estudiar\/oferta-de-grados\/doble-grado-en-fisica-y-en-ingenieria-de-materiales\/2310021\" target=\"_blank\" rel=\"noopener\">Comportamiento Mec\u00e1nico<\/a><\/li><li><a href=\"https:\/\/www.us.es\/estudiar\/que-estudiar\/oferta-de-grados\/doble-grado-en-fisica-y-en-ingenieria-de-materiales\/2310031\" target=\"_blank\" rel=\"noopener\">Comportamiento T\u00e9rmico, El\u00e9ctrico, \u00d3ptico y Magn\u00e9tico de los Materiales<\/a><\/li><li><a href=\"https:\/\/www.us.es\/estudiar\/que-estudiar\/oferta-de-grados\/doble-grado-en-fisica-y-en-ingenieria-de-materiales\/2310030\" target=\"_blank\" rel=\"noopener\">T\u00e9cnicas Experimentales I<\/a><\/li><\/ul><\/div>\n\t\t\t\t<\/div>\n\t\t\t\t\t\t\t<div class=\"elementor-toggle-item\">\n\t\t\t\t\t<div id=\"elementor-tab-title-3752\" class=\"elementor-tab-title\" data-tab=\"2\" role=\"button\" aria-controls=\"elementor-tab-content-3752\" aria-expanded=\"false\">\n\t\t\t\t\t\t\t\t\t\t\t\t<span class=\"elementor-toggle-icon elementor-toggle-icon-left\" aria-hidden=\"true\">\n\t\t\t\t\t\t\t\t\t\t\t\t\t\t\t<span class=\"elementor-toggle-icon-closed\"><i class=\"fas fa-caret-right\"><\/i><\/span>\n\t\t\t\t\t\t\t\t<span class=\"elementor-toggle-icon-opened\"><i class=\"elementor-toggle-icon-opened fas fa-caret-up\"><\/i><\/span>\n\t\t\t\t\t\t\t\t\t\t\t\t\t<\/span>\n\t\t\t\t\t\t\t\t\t\t\t\t<a class=\"elementor-toggle-title\" tabindex=\"0\">F\u00edsica y Matem\u00e1ticas<\/a>\n\t\t\t\t\t<\/div>\n\n\t\t\t\t\t<div id=\"elementor-tab-content-3752\" class=\"elementor-tab-content elementor-clearfix\" data-tab=\"2\" role=\"region\" aria-labelledby=\"elementor-tab-title-3752\"><ul><li><a href=\"https:\/\/www.us.es\/estudiar\/que-estudiar\/oferta-de-grados\/doble-grado-en-fisica-y-matematicas\/2400080\" target=\"_blank\" rel=\"noopener\">F\u00edsica General 1<\/a><\/li><li><a href=\"https:\/\/www.us.es\/estudiar\/que-estudiar\/oferta-de-grados\/doble-grado-en-fisica-y-matematicas\/2400081\" target=\"_blank\" rel=\"noopener\">F\u00edsica General 2<\/a><\/li><li><a href=\"https:\/\/www.us.es\/estudiar\/que-estudiar\/oferta-de-grados\/doble-grado-en-fisica-y-matematicas\/2400008\" target=\"_blank\" rel=\"noopener\">T\u00e9cnicas Experimentales B\u00e1sicas<\/a><\/li><li><a href=\"https:\/\/www.us.es\/estudiar\/que-estudiar\/oferta-de-grados\/doble-grado-en-fisica-y-matematicas\/2400009\" target=\"_blank\" rel=\"noopener\">Mec\u00e1nica y Ondas<\/a><\/li><li><a href=\"https:\/\/www.us.es\/estudiar\/que-estudiar\/oferta-de-grados\/doble-grado-en-fisica-y-matematicas\/2400010\" target=\"_blank\" rel=\"noopener\">Termodin\u00e1mica<\/a><\/li><li><a href=\"https:\/\/www.us.es\/estudiar\/que-estudiar\/oferta-de-grados\/doble-grado-en-fisica-y-matematicas\/2400020\" target=\"_blank\" rel=\"noopener\">\u00d3ptica<\/a><\/li><li><a href=\"https:\/\/www.us.es\/estudiar\/que-estudiar\/oferta-de-grados\/doble-grado-en-fisica-y-matematicas\/2400070\" target=\"_blank\" rel=\"noopener\">Comportamiento T\u00e9rmico, El\u00e9ctrico, \u00d3ptico y Magn\u00e9tico de Materiales<\/a><\/li><li><a href=\"https:\/\/www.us.es\/estudiar\/que-estudiar\/oferta-de-grados\/doble-grado-en-fisica-y-matematicas\/2400037\" target=\"_blank\" rel=\"noopener\">F\u00edsica del Estado S\u00f3lido<\/a><\/li><li><a href=\"https:\/\/www.us.es\/estudiar\/que-estudiar\/oferta-de-grados\/doble-grado-en-fisica-y-matematicas\/2400073\" target=\"_blank\" rel=\"noopener\">Fuentes de Energ\u00eda<\/a><\/li><li><a href=\"https:\/\/www.us.es\/estudiar\/que-estudiar\/oferta-de-grados\/doble-grado-en-fisica-y-matematicas\/2400076\" target=\"_blank\" rel=\"noopener\">Medio Ambiente y Meteorolog\u00eda<\/a><\/li><li><a href=\"https:\/\/www.us.es\/estudiar\/que-estudiar\/oferta-de-grados\/doble-grado-en-fisica-y-matematicas\/2400045\" target=\"_blank\" rel=\"noopener\">Ampliaci\u00f3n de F\u00edsica del Estado S\u00f3lido<\/a><\/li><li><a href=\"https:\/\/www.us.es\/estudiar\/que-estudiar\/oferta-de-grados\/doble-grado-en-fisica-y-matematicas\/2400051\" target=\"_blank\" rel=\"noopener\">Biof\u00edsica<\/a><\/li><li><a href=\"https:\/\/www.us.es\/estudiar\/que-estudiar\/oferta-de-grados\/doble-grado-en-fisica-y-matematicas\/2400057\" target=\"_blank\" rel=\"noopener\">F\u00edsica de Materiales<\/a><\/li><li><a href=\"https:\/\/www.us.es\/estudiar\/que-estudiar\/oferta-de-grados\/doble-grado-en-fisica-y-matematicas\/2400062\" target=\"_blank\" rel=\"noopener\">T\u00e9cnicas Experimentales I<\/a><\/li><\/ul><\/div>\n\t\t\t\t<\/div>\n\t\t\t\t\t\t\t<div class=\"elementor-toggle-item\">\n\t\t\t\t\t<div id=\"elementor-tab-title-3753\" class=\"elementor-tab-title\" data-tab=\"3\" role=\"button\" aria-controls=\"elementor-tab-content-3753\" aria-expanded=\"false\">\n\t\t\t\t\t\t\t\t\t\t\t\t<span class=\"elementor-toggle-icon elementor-toggle-icon-left\" aria-hidden=\"true\">\n\t\t\t\t\t\t\t\t\t\t\t\t\t\t\t<span class=\"elementor-toggle-icon-closed\"><i class=\"fas fa-caret-right\"><\/i><\/span>\n\t\t\t\t\t\t\t\t<span class=\"elementor-toggle-icon-opened\"><i class=\"elementor-toggle-icon-opened fas fa-caret-up\"><\/i><\/span>\n\t\t\t\t\t\t\t\t\t\t\t\t\t<\/span>\n\t\t\t\t\t\t\t\t\t\t\t\t<a class=\"elementor-toggle-title\" tabindex=\"0\">Qu\u00edmica e Ingenier\u00eda de Materiales<\/a>\n\t\t\t\t\t<\/div>\n\n\t\t\t\t\t<div id=\"elementor-tab-content-3753\" class=\"elementor-tab-content elementor-clearfix\" data-tab=\"3\" role=\"region\" aria-labelledby=\"elementor-tab-title-3753\"><ul><li><a href=\"https:\/\/www.us.es\/estudiar\/que-estudiar\/oferta-de-grados\/doble-grado-en-quimica-y-en-ingenieria-de-materiales\/2320003\" target=\"_blank\" rel=\"noopener\">F\u00edsica I<\/a><\/li><li><a href=\"https:\/\/www.us.es\/estudiar\/que-estudiar\/oferta-de-grados\/doble-grado-en-quimica-y-en-ingenieria-de-materiales\/2320021\" target=\"_blank\" rel=\"noopener\">Comportamiento Electr\u00f3nico y T\u00e9rmico<\/a><\/li><li><a href=\"https:\/\/www.us.es\/estudiar\/que-estudiar\/oferta-de-grados\/doble-grado-en-quimica-y-en-ingenieria-de-materiales\/2320024\" target=\"_blank\" rel=\"noopener\">Comportamiento Mec\u00e1nico<\/a><\/li><li><a href=\"https:\/\/www.us.es\/estudiar\/que-estudiar\/oferta-de-grados\/doble-grado-en-quimica-y-en-ingenieria-de-materiales\/2320032\" target=\"_blank\" rel=\"noopener\">Comportamiento \u00d3ptico y Magn\u00e9tico<\/a><\/li><li><a href=\"https:\/\/www.us.es\/estudiar\/que-estudiar\/oferta-de-grados\/doble-grado-en-quimica-y-en-ingenieria-de-materiales\/2320030\" target=\"_blank\" rel=\"noopener\">Microscop\u00eda y Espectroscop\u00eda de Materiales<\/a><\/li><\/ul><\/div>\n\t\t\t\t<\/div>\n\t\t\t\t\t\t\t<div class=\"elementor-toggle-item\">\n\t\t\t\t\t<div id=\"elementor-tab-title-3754\" class=\"elementor-tab-title\" data-tab=\"4\" role=\"button\" aria-controls=\"elementor-tab-content-3754\" aria-expanded=\"false\">\n\t\t\t\t\t\t\t\t\t\t\t\t<span class=\"elementor-toggle-icon elementor-toggle-icon-left\" aria-hidden=\"true\">\n\t\t\t\t\t\t\t\t\t\t\t\t\t\t\t<span class=\"elementor-toggle-icon-closed\"><i class=\"fas fa-caret-right\"><\/i><\/span>\n\t\t\t\t\t\t\t\t<span class=\"elementor-toggle-icon-opened\"><i class=\"elementor-toggle-icon-opened fas fa-caret-up\"><\/i><\/span>\n\t\t\t\t\t\t\t\t\t\t\t\t\t<\/span>\n\t\t\t\t\t\t\t\t\t\t\t\t<a class=\"elementor-toggle-title\" tabindex=\"0\">Farmacia y \u00d3ptica y Optometr\u00eda<\/a>\n\t\t\t\t\t<\/div>\n\n\t\t\t\t\t<div id=\"elementor-tab-content-3754\" class=\"elementor-tab-content elementor-clearfix\" data-tab=\"4\" role=\"region\" aria-labelledby=\"elementor-tab-title-3754\"><ul><li><a href=\"https:\/\/www.us.es\/estudiar\/que-estudiar\/oferta-de-grados\/doble-grado-en-farmacia-y-en-optica-y-optometria\/2490008\" target=\"_blank\" rel=\"noopener\">\u00d3ptica Geom\u00e9trica<\/a><\/li><li><a href=\"https:\/\/www.us.es\/estudiar\/que-estudiar\/oferta-de-grados\/doble-grado-en-farmacia-y-en-optica-y-optometria\/2300014\" target=\"_blank\" rel=\"noopener\">Instrumentos \u00d3pticos<\/a><\/li><li><a href=\"https:\/\/www.us.es\/estudiar\/que-estudiar\/oferta-de-grados\/doble-grado-en-farmacia-y-en-optica-y-optometria\/2300016\" target=\"_blank\" rel=\"noopener\">\u00d3ptica Fisiol\u00f3gica<\/a><\/li><li><a href=\"https:\/\/www.us.es\/estudiar\/que-estudiar\/oferta-de-grados\/doble-grado-en-farmacia-y-en-optica-y-optometria\/2300023\" target=\"_blank\" rel=\"noopener\">Tecnolog\u00eda \u00d3ptica I<\/a><\/li><li><a href=\"https:\/\/www.us.es\/estudiar\/que-estudiar\/oferta-de-grados\/doble-grado-en-farmacia-y-en-optica-y-optometria\/2300028\" target=\"_blank\" rel=\"noopener\">Tecnolog\u00eda \u00d3ptica II<\/a><\/li><li><a href=\"https:\/\/www.us.es\/estudiar\/que-estudiar\/oferta-de-grados\/doble-grado-en-farmacia-y-en-optica-y-optometria\/2300032\" target=\"_blank\" rel=\"noopener\">Optometr\u00eda I<\/a><\/li><li><a href=\"https:\/\/www.us.es\/estudiar\/que-estudiar\/oferta-de-grados\/doble-grado-en-farmacia-y-en-optica-y-optometria\/2300035\" target=\"_blank\" rel=\"noopener\">Contactolog\u00eda I<\/a><\/li><li><a href=\"https:\/\/www.us.es\/estudiar\/que-estudiar\/oferta-de-grados\/doble-grado-en-farmacia-y-en-optica-y-optometria\/2300038\" target=\"_blank\" rel=\"noopener\">Optometr\u00eda II<\/a><\/li><li><a href=\"https:\/\/www.us.es\/estudiar\/que-estudiar\/oferta-de-grados\/doble-grado-en-farmacia-y-en-optica-y-optometria\/2300051\" target=\"_blank\" rel=\"noopener\">Contactolog\u00eda II<\/a><\/li><li><a href=\"https:\/\/www.us.es\/estudiar\/que-estudiar\/oferta-de-grados\/doble-grado-en-farmacia-y-en-optica-y-optometria\/2300048\" target=\"_blank\" rel=\"noopener\">Optometr\u00eda Pedi\u00e1trica<\/a><\/li><li><a href=\"https:\/\/www.us.es\/estudiar\/que-estudiar\/oferta-de-grados\/doble-grado-en-farmacia-y-en-optica-y-optometria\/2300050\" target=\"_blank\" rel=\"noopener\">Salud Visual, Prevenci\u00f3n de la Ceguera y Baja Visi\u00f3n<\/a><\/li><li><a href=\"https:\/\/www.us.es\/estudiar\/que-estudiar\/oferta-de-grados\/doble-grado-en-farmacia-y-en-optica-y-optometria\/2300055\" target=\"_blank\" rel=\"noopener\">Visi\u00f3n Binocular y Rehabilitaci\u00f3n Visual<\/a><\/li><li><a href=\"https:\/\/www.us.es\/estudiar\/que-estudiar\/oferta-de-grados\/doble-grado-en-farmacia-y-en-optica-y-optometria\/2300057\" target=\"_blank\" rel=\"noopener\">Consulta de Contactolog\u00eda. Casos Cl\u00ednicos Especiales<\/a><\/li><li><a href=\"https:\/\/www.us.es\/estudiar\/que-estudiar\/oferta-de-grados\/doble-grado-en-farmacia-y-en-optica-y-optometria\/2300058\" target=\"_blank\" rel=\"noopener\">Consulta de Optometr\u00eda. Casos Cl\u00ednicos Especiales<\/a><\/li><\/ul><\/div>\n\t\t\t\t<\/div>\n\t\t\t\t\t\t\t\t<\/div>\n\t\t\t\t\t\t<\/div>\n\t\t\t\t<\/div>\n\t\t\t\t<div class=\"elementor-element elementor-element-fd9b614 elementor-invisible elementor-widget elementor-widget-heading\" data-id=\"fd9b614\" data-element_type=\"widget\" data-settings=\"{&quot;_animation&quot;:&quot;fadeIn&quot;}\" data-widget_type=\"heading.default\">\n\t\t\t\t<div class=\"elementor-widget-container\">\n\t\t\t\t\t<h2 class=\"elementor-heading-title elementor-size-default\">Enlaces de inter\u00e9s<\/h2>\t\t\t\t<\/div>\n\t\t\t\t<\/div>\n\t\t\t\t<section class=\"elementor-section elementor-inner-section elementor-element elementor-element-a5ce3af elementor-section-boxed elementor-section-height-default elementor-section-height-default elementor-invisible\" data-id=\"a5ce3af\" data-element_type=\"section\" data-settings=\"{&quot;animation&quot;:&quot;fadeIn&quot;}\">\n\t\t\t\t\t\t<div class=\"elementor-container elementor-column-gap-default\">\n\t\t\t\t\t<div class=\"elementor-column elementor-col-50 elementor-inner-column elementor-element elementor-element-c12fe33\" data-id=\"c12fe33\" data-element_type=\"column\">\n\t\t\t<div class=\"elementor-widget-wrap elementor-element-populated\">\n\t\t\t\t\t\t<div class=\"elementor-element elementor-element-54b0406 elementor-align-right elementor-mobile-align-center elementor-widget elementor-widget-button\" data-id=\"54b0406\" data-element_type=\"widget\" data-widget_type=\"button.default\">\n\t\t\t\t<div class=\"elementor-widget-container\">\n\t\t\t\t\t\t\t\t\t<div class=\"elementor-button-wrapper\">\n\t\t\t\t\t<a class=\"elementor-button elementor-button-link elementor-size-sm\" href=\"https:\/\/departamento.us.es\/dmatcon\/wp-content\/uploads\/2022\/11\/HORARIO_DE_TUTORIAS_2022_23.pdf\" target=\"_blank\" rel=\"nofollow\">\n\t\t\t\t\t\t<span class=\"elementor-button-content-wrapper\">\n\t\t\t\t\t\t\t\t\t<span class=\"elementor-button-text\">HORARIO DE TUTOR\u00cdAS<br>Curso 2022\/2023<\/span>\n\t\t\t\t\t<\/span>\n\t\t\t\t\t<\/a>\n\t\t\t\t<\/div>\n\t\t\t\t\t\t\t\t<\/div>\n\t\t\t\t<\/div>\n\t\t\t\t\t<\/div>\n\t\t<\/div>\n\t\t\t\t<div class=\"elementor-column elementor-col-50 elementor-inner-column elementor-element elementor-element-f7bb3cc\" data-id=\"f7bb3cc\" data-element_type=\"column\">\n\t\t\t<div class=\"elementor-widget-wrap elementor-element-populated\">\n\t\t\t\t\t\t<div class=\"elementor-element elementor-element-27da330 elementor-align-left elementor-mobile-align-center elementor-widget elementor-widget-button\" data-id=\"27da330\" data-element_type=\"widget\" data-widget_type=\"button.default\">\n\t\t\t\t<div class=\"elementor-widget-container\">\n\t\t\t\t\t\t\t\t\t<div class=\"elementor-button-wrapper\">\n\t\t\t\t\t<a class=\"elementor-button elementor-button-link elementor-size-sm\" href=\"https:\/\/institucional.us.es\/exponaus\/\" target=\"_blank\" rel=\"nofollow\">\n\t\t\t\t\t\t<span class=\"elementor-button-content-wrapper\">\n\t\t\t\t\t\t\t\t\t<span class=\"elementor-button-text\">QUEJAS Y<br> SUGERENCIAS<\/span>\n\t\t\t\t\t<\/span>\n\t\t\t\t\t<\/a>\n\t\t\t\t<\/div>\n\t\t\t\t\t\t\t\t<\/div>\n\t\t\t\t<\/div>\n\t\t\t\t\t<\/div>\n\t\t<\/div>\n\t\t\t\t\t<\/div>\n\t\t<\/section>\n\t\t\t\t\t<\/div>\n\t\t<\/div>\n\t\t\t\t\t<\/div>\n\t\t<\/section>\n\t\t\t\t<\/div>\n\t\t","protected":false},"excerpt":{"rendered":"<p>El Departamento de F\u00edsica de la Materia Condensada imparte docencia en siete titulaciones de Grado, cuatro titulaciones de Doble Grado<\/p>\n","protected":false},"author":3,"featured_media":0,"parent":0,"menu_order":0,"comment_status":"closed","ping_status":"closed","template":"","meta":{"colormag_page_layout":"default_layout","footnotes":""},"class_list":["post-2954","page","type-page","status-publish","hentry"],"_links":{"self":[{"href":"https:\/\/departamento.us.es\/dmatcon\/wp-json\/wp\/v2\/pages\/2954","targetHints":{"allow":["GET"]}}],"collection":[{"href":"https:\/\/departamento.us.es\/dmatcon\/wp-json\/wp\/v2\/pages"}],"about":[{"href":"https:\/\/departamento.us.es\/dmatcon\/wp-json\/wp\/v2\/types\/page"}],"author":[{"embeddable":true,"href":"https:\/\/departamento.us.es\/dmatcon\/wp-json\/wp\/v2\/users\/3"}],"replies":[{"embeddable":true,"href":"https:\/\/departamento.us.es\/dmatcon\/wp-json\/wp\/v2\/comments?post=2954"}],"version-history":[{"count":0,"href":"https:\/\/departamento.us.es\/dmatcon\/wp-json\/wp\/v2\/pages\/2954\/revisions"}],"wp:attachment":[{"href":"https:\/\/departamento.us.es\/dmatcon\/wp-json\/wp\/v2\/media?parent=2954"}],"curies":[{"name":"wp","href":"https:\/\/api.w.org\/{rel}","templated":true}]}}