{"id":338,"date":"2026-01-22T13:39:03","date_gmt":"2026-01-22T12:39:03","guid":{"rendered":"https:\/\/departamento.us.es\/dmicro\/web\/?page_id=338"},"modified":"2026-01-22T13:44:17","modified_gmt":"2026-01-22T12:44:17","slug":"contacto","status":"publish","type":"page","link":"https:\/\/departamento.us.es\/dmicro\/web\/contacto\/","title":{"rendered":"Contacto"},"content":{"rendered":"<p><iframe loading=\"lazy\" style=\"border: 0;\" src=\"https:\/\/www.google.com\/maps\/embed?pb=!1m18!1m12!1m3!1d3171.227430632657!2d-5.990028588208799!3d37.360795135781935!2m3!1f0!2f0!3f0!3m2!1i1024!2i768!4f13.1!3m3!1m2!1s0xd126c2cea5b8957%3A0x38adc5639975248b!2sC.%20Prof.%20Garc%C3%ADa%20Gonz%C3%A1lez%2C%2041012%20Sevilla!5e0!3m2!1ses!2ses!4v1769085489171!5m2!1ses!2ses\" width=\"800\" height=\"300\" allowfullscreen=\"allowfullscreen\"><\/iframe><\/p>\n<h3>Datos de contacto<\/h3>\n<ul>\n<li><strong>Direcci\u00f3n Postal: <\/strong>C\/ Profesor Garc\u00eda Gonz\u00e1lez. CP. 41012 Sevilla.<\/li>\n<li><strong>Correo electr\u00f3nico:<\/strong> microbio@us.es<\/li>\n<li><strong>Tel\u00e9fonos<\/strong>\n<ul>\n<li><strong>Secretar\u00eda:<\/strong> 954 557 117<\/li>\n<li><strong>Laboratorios:<\/strong> 954 554 416<\/li>\n<\/ul>\n<\/li>\n<\/ul>\n","protected":false},"excerpt":{"rendered":"<p>Datos de contacto Direcci\u00f3n Postal: C\/ Profesor Garc\u00eda Gonz\u00e1lez. CP. 41012 Sevilla. Correo electr\u00f3nico: microbio@us.es Tel\u00e9fonos Secretar\u00eda: 954 557 117 Laboratorios: 954 554 416<\/p>\n","protected":false},"author":1,"featured_media":0,"parent":0,"menu_order":0,"comment_status":"closed","ping_status":"closed","template":"","meta":{"_kad_post_transparent":"","_kad_post_title":"","_kad_post_layout":"","_kad_post_sidebar_id":"","_kad_post_content_style":"","_kad_post_vertical_padding":"","_kad_post_feature":"","_kad_post_feature_position":"","_kad_post_header":false,"_kad_post_footer":false,"_kad_post_classname":"","footnotes":""},"class_list":["post-338","page","type-page","status-publish","hentry"],"_links":{"self":[{"href":"https:\/\/departamento.us.es\/dmicro\/web\/wp-json\/wp\/v2\/pages\/338","targetHints":{"allow":["GET"]}}],"collection":[{"href":"https:\/\/departamento.us.es\/dmicro\/web\/wp-json\/wp\/v2\/pages"}],"about":[{"href":"https:\/\/departamento.us.es\/dmicro\/web\/wp-json\/wp\/v2\/types\/page"}],"author":[{"embeddable":true,"href":"https:\/\/departamento.us.es\/dmicro\/web\/wp-json\/wp\/v2\/users\/1"}],"replies":[{"embeddable":true,"href":"https:\/\/departamento.us.es\/dmicro\/web\/wp-json\/wp\/v2\/comments?post=338"}],"version-history":[{"count":2,"href":"https:\/\/departamento.us.es\/dmicro\/web\/wp-json\/wp\/v2\/pages\/338\/revisions"}],"predecessor-version":[{"id":341,"href":"https:\/\/departamento.us.es\/dmicro\/web\/wp-json\/wp\/v2\/pages\/338\/revisions\/341"}],"wp:attachment":[{"href":"https:\/\/departamento.us.es\/dmicro\/web\/wp-json\/wp\/v2\/media?parent=338"}],"curies":[{"name":"wp","href":"https:\/\/api.w.org\/{rel}","templated":true}]}}