{"id":371,"date":"2026-01-23T11:17:03","date_gmt":"2026-01-23T10:17:03","guid":{"rendered":"https:\/\/departamento.us.es\/dmicro\/web\/?page_id=371"},"modified":"2026-04-13T11:46:46","modified_gmt":"2026-04-13T09:46:46","slug":"investigadores-contratados","status":"publish","type":"page","link":"https:\/\/departamento.us.es\/dmicro\/web\/investigadores-contratados\/","title":{"rendered":"Investigadores contratados"},"content":{"rendered":"<p>Te invitamos a conocer a los <strong>Investigadores contratados<\/strong> que forman parte del Departamento de Microbiolog\u00eda.<br \/>\n<!-- \n    LISTADO DE PROFESORADO PARA KADENCE\n\n    Estructura: \n    - El nombre va en etiqueta <strong>.\n    - El cargo va en la l\u00ednea siguiente despu\u00e9s de un salto de l\u00ednea (\n).\n    - Todo el bloque est\u00e1 contenido en un p\u00e1rrafo () para facilitar la edici\u00f3n \n      y evitar m\u00e1rgenes excesivos entre l\u00edneas.\n--><br \/>\n<a href=\"https:\/\/departamento.us.es\/dmicro\/web\/investigadores-contratados\/alejandro-arce-rodriguez\/\"><strong>Dr. D. Alejandro Arce Rodr\u00edguez<\/strong><\/a><br \/>\nContrato Emergia.<\/p>\n<hr style=\"margin: 15px 0;\" \/>\n<p><strong>Dr. D. Pablo del Cerro S\u00e1nchez<\/strong><br \/>\nContrato Ram\u00f3n y Cajal.<\/p>\n<hr style=\"margin: 15px 0;\" \/>\n<p><strong>Dra. D\u00aa. Catherine Jacott<\/strong><br \/>\nContrato postdoctoral Marie Curie.<\/p>\n<hr style=\"margin: 15px 0;\" \/>\n<p><a href=\"https:\/\/departamento.us.es\/dmicro\/web\/investigadores-contratados\/antonio-javier-moreno-perez\/\"><strong>Dr. D. Antonio J. Moreno P\u00e9rez<\/strong><\/a><br \/>\nContrato Acceso.<\/p>\n<hr style=\"margin: 15px 0;\" \/>\n<p><a href=\"https:\/\/prisma.us.es\/investigador\/9610\" target=\"_blank\" rel=\"noopener\"><strong>D\u00aa. Ana Cuti\u00f1o Gobea<\/strong><\/a><br \/>\nPersonal Investigador en formaci\u00f3n.<\/p>\n<hr style=\"margin: 15px 0;\" \/>\n<p><a href=\"https:\/\/prisma.us.es\/investigador\/7420\" target=\"_blank\" rel=\"noopener\"><strong>Dr. D. Francisco Fuentes Romero<\/strong><\/a><br \/>\nPersonal Investigador en formaci\u00f3n.<\/p>\n<hr style=\"margin: 15px 0;\" \/>\n<p><a href=\"https:\/\/alojawebapps.us.es\/centrosdptos\/pdi\/pdi.php?pdi=16593\" target=\"_blank\" rel=\"noopener\"><strong>D. Diego Garc\u00eda Rodr\u00edguez<\/strong><\/a><br \/>\nPersonal Investigador en formaci\u00f3n.<\/p>\n<hr style=\"margin: 15px 0;\" \/>\n<p><a href=\"https:\/\/prisma.us.es\/investigador\/8665\" target=\"_blank\" rel=\"noopener\"><strong>D\u00aa. Irene Herrero G\u00f3mez<\/strong><\/a><br \/>\nPersonal Investigador en formaci\u00f3n.<\/p>\n<hr style=\"margin: 15px 0;\" \/>\n<p><a href=\"https:\/\/prisma.us.es\/investigador\/8004\" target=\"_blank\" rel=\"noopener\"><strong>D\u00aa. Natalia Moreno de Castro<\/strong><\/a><br \/>\nPersonal Investigador en formaci\u00f3n.<\/p>\n<hr style=\"margin: 15px 0;\" \/>\n<p><a href=\"https:\/\/prisma.us.es\/investigador\/9821\" target=\"_blank\" rel=\"noopener\"><strong>D\u00aa. Mar\u00eda del Carmen S\u00e1nchez Aguilar<\/strong><\/a><br \/>\nPersonal Investigador en formaci\u00f3n.<\/p>\n","protected":false},"excerpt":{"rendered":"<p>Te invitamos a conocer a los Investigadores contratados que forman parte del Departamento de Microbiolog\u00eda. Dr. D. Alejandro Arce Rodr\u00edguez Contrato Emergia. Dr. D. Pablo del Cerro S\u00e1nchez Contrato Ram\u00f3n y Cajal. Dra. D\u00aa. Catherine Jacott Contrato postdoctoral Marie Curie. Dr. D. Antonio J. Moreno P\u00e9rez Contrato Acceso. D\u00aa. Ana Cuti\u00f1o Gobea Personal Investigador en&#8230;<\/p>\n","protected":false},"author":1,"featured_media":0,"parent":0,"menu_order":0,"comment_status":"closed","ping_status":"closed","template":"","meta":{"_kad_post_transparent":"","_kad_post_title":"","_kad_post_layout":"","_kad_post_sidebar_id":"","_kad_post_content_style":"","_kad_post_vertical_padding":"","_kad_post_feature":"","_kad_post_feature_position":"","_kad_post_header":false,"_kad_post_footer":false,"_kad_post_classname":"","footnotes":""},"class_list":["post-371","page","type-page","status-publish","hentry"],"_links":{"self":[{"href":"https:\/\/departamento.us.es\/dmicro\/web\/wp-json\/wp\/v2\/pages\/371","targetHints":{"allow":["GET"]}}],"collection":[{"href":"https:\/\/departamento.us.es\/dmicro\/web\/wp-json\/wp\/v2\/pages"}],"about":[{"href":"https:\/\/departamento.us.es\/dmicro\/web\/wp-json\/wp\/v2\/types\/page"}],"author":[{"embeddable":true,"href":"https:\/\/departamento.us.es\/dmicro\/web\/wp-json\/wp\/v2\/users\/1"}],"replies":[{"embeddable":true,"href":"https:\/\/departamento.us.es\/dmicro\/web\/wp-json\/wp\/v2\/comments?post=371"}],"version-history":[{"count":12,"href":"https:\/\/departamento.us.es\/dmicro\/web\/wp-json\/wp\/v2\/pages\/371\/revisions"}],"predecessor-version":[{"id":535,"href":"https:\/\/departamento.us.es\/dmicro\/web\/wp-json\/wp\/v2\/pages\/371\/revisions\/535"}],"wp:attachment":[{"href":"https:\/\/departamento.us.es\/dmicro\/web\/wp-json\/wp\/v2\/media?parent=371"}],"curies":[{"name":"wp","href":"https:\/\/api.w.org\/{rel}","templated":true}]}}