{"id":374,"date":"2026-01-23T11:29:43","date_gmt":"2026-01-23T10:29:43","guid":{"rendered":"https:\/\/departamento.us.es\/dmicro\/web\/?page_id=374"},"modified":"2026-01-28T13:28:43","modified_gmt":"2026-01-28T12:28:43","slug":"personal-contratado-proyectos","status":"publish","type":"page","link":"https:\/\/departamento.us.es\/dmicro\/web\/personal-contratado-proyectos\/","title":{"rendered":"Personal contratado con cargo a proyectos"},"content":{"rendered":"<p>Te invitamos a conocer al <strong>Personal contratado con cargo a proyectos<\/strong> que forman parte del Departamento de Microbiolog\u00eda.<br \/>\n<!-- \n    LISTADO DE PROFESORADO PARA KADENCE\n\n    Estructura: \n    - El nombre va en etiqueta <strong>.\n    - El cargo va en la l\u00ednea siguiente despu\u00e9s de un salto de l\u00ednea (\n).\n    - Todo el bloque est\u00e1 contenido en un p\u00e1rrafo () para facilitar la edici\u00f3n \n      y evitar m\u00e1rgenes excesivos entre l\u00edneas.\n--><br \/>\n<a href=\"https:\/\/prisma.us.es\/investigador\/4420\" target=\"_blank\" rel=\"noopener\"><strong>Dr. D. Sebasti\u00e1n Acosta Jurado<\/strong><\/a><br \/>\nPersonal Contratado.<\/p>\n<hr style=\"margin: 15px 0;\" \/>\n<p><a href=\"https:\/\/prisma.us.es\/investigador\/6933\" target=\"_blank\" rel=\"noopener\"><strong>Dra. D\u00aa. Paula Ayala Garc\u00eda<\/strong><\/a><br \/>\nPersonal Contratado.<\/p>\n<hr style=\"margin: 15px 0;\" \/>\n<p><a href=\"https:\/\/prisma.us.es\/investigador\/4481\" target=\"_blank\" rel=\"noopener\"><strong>Dr. D. Alejandro Belmonte Fern\u00e1ndez<\/strong><\/a><br \/>\nPersonal Contratado.<\/p>\n<hr style=\"margin: 15px 0;\" \/>\n<p><a href=\"https:\/\/prisma.us.es\/investigador\/7402\" target=\"_blank\" rel=\"noopener\"><strong>Dra. D\u00aa. Mar\u00eda Cristina Civantos Jim\u00e9nez<\/strong><\/a><br \/>\nPersonal Contratado<\/p>\n","protected":false},"excerpt":{"rendered":"<p>Te invitamos a conocer al Personal contratado con cargo a proyectos que forman parte del Departamento de Microbiolog\u00eda. Dr. D. Sebasti\u00e1n Acosta Jurado Personal Contratado. Dra. D\u00aa. Paula Ayala Garc\u00eda Personal Contratado. Dr. D. Alejandro Belmonte Fern\u00e1ndez Personal Contratado. Dra. D\u00aa. Mar\u00eda Cristina Civantos Jim\u00e9nez Personal Contratado<\/p>\n","protected":false},"author":1,"featured_media":0,"parent":0,"menu_order":0,"comment_status":"closed","ping_status":"closed","template":"","meta":{"_kad_post_transparent":"","_kad_post_title":"","_kad_post_layout":"","_kad_post_sidebar_id":"","_kad_post_content_style":"","_kad_post_vertical_padding":"","_kad_post_feature":"","_kad_post_feature_position":"","_kad_post_header":false,"_kad_post_footer":false,"_kad_post_classname":"","footnotes":""},"class_list":["post-374","page","type-page","status-publish","hentry"],"_links":{"self":[{"href":"https:\/\/departamento.us.es\/dmicro\/web\/wp-json\/wp\/v2\/pages\/374","targetHints":{"allow":["GET"]}}],"collection":[{"href":"https:\/\/departamento.us.es\/dmicro\/web\/wp-json\/wp\/v2\/pages"}],"about":[{"href":"https:\/\/departamento.us.es\/dmicro\/web\/wp-json\/wp\/v2\/types\/page"}],"author":[{"embeddable":true,"href":"https:\/\/departamento.us.es\/dmicro\/web\/wp-json\/wp\/v2\/users\/1"}],"replies":[{"embeddable":true,"href":"https:\/\/departamento.us.es\/dmicro\/web\/wp-json\/wp\/v2\/comments?post=374"}],"version-history":[{"count":4,"href":"https:\/\/departamento.us.es\/dmicro\/web\/wp-json\/wp\/v2\/pages\/374\/revisions"}],"predecessor-version":[{"id":461,"href":"https:\/\/departamento.us.es\/dmicro\/web\/wp-json\/wp\/v2\/pages\/374\/revisions\/461"}],"wp:attachment":[{"href":"https:\/\/departamento.us.es\/dmicro\/web\/wp-json\/wp\/v2\/media?parent=374"}],"curies":[{"name":"wp","href":"https:\/\/api.w.org\/{rel}","templated":true}]}}