{"id":426,"date":"2026-01-27T13:28:12","date_gmt":"2026-01-27T12:28:12","guid":{"rendered":"https:\/\/departamento.us.es\/dmicro\/web\/?page_id=426"},"modified":"2026-02-13T09:16:36","modified_gmt":"2026-02-13T08:16:36","slug":"manuel-mesa-romero","status":"publish","type":"page","link":"https:\/\/departamento.us.es\/dmicro\/web\/ptgas\/manuel-mesa-romero\/","title":{"rendered":"Manuel Mesa Romero"},"content":{"rendered":"\n<div class=\"wp-block-media-text is-stacked-on-mobile\" style=\"grid-template-columns:15% auto\"><figure class=\"wp-block-media-text__media\"><img loading=\"lazy\" decoding=\"async\" width=\"165\" height=\"165\" src=\"https:\/\/departamento.us.es\/dmicro\/web\/wp-content\/uploads\/2026\/01\/Manuel-Mesa-Romero.jpg\" alt=\"\" class=\"wp-image-427 size-full\" srcset=\"https:\/\/departamento.us.es\/dmicro\/web\/wp-content\/uploads\/2026\/01\/Manuel-Mesa-Romero.jpg 165w, https:\/\/departamento.us.es\/dmicro\/web\/wp-content\/uploads\/2026\/01\/Manuel-Mesa-Romero-150x150.jpg 150w\" sizes=\"auto, (max-width: 165px) 100vw, 165px\" \/><\/figure><div class=\"wp-block-media-text__content\">\n<p><strong>Manuel Mesa Romero<\/strong><br \/>Auxiliar Administrativo (PTGAS Funcionario)<br \/>Departamento de Microbiolog\u00eda \u2014 Facultad de Biolog\u00eda<br \/><strong><span style=\"color: #333;\" title=\"Correo electr\u00f3nico\">Correo: <\/span><\/strong><span style=\"color: #333;\" title=\"Correo electr\u00f3nico\">mmesar<\/span><span style=\"color: #333;\" title=\"Correo electr\u00f3nico\">@us.es<\/span>\u00a0| <strong><span style=\"color: #333;\" title=\"Despacho\">Despacho:<\/span><\/strong> Secretaria | <strong><span style=\"color: #333;\">Tel.:<\/span><\/strong> 954 557 117<br \/><a href=\"https:\/\/alojawebapps.us.es\/centrosdptos\/pas\/pas.php?pas=16319\" target=\"_blank\" rel=\"noopener\">Directorio de Personal de la Universidad de Sevilla<\/a><\/p>\n<\/div><\/div>\n\n\n<p><!-- Ficha breve de profesor para p\u00e1gina est\u00e1tica del Departamento --><\/p>\n<h3>Formaci\u00f3n y Trayectoria<\/h3>\n<ul>\n<li><strong>Formaci\u00f3n: <\/strong>Licenciado en Geograf\u00eda e Historia. Formaci\u00f3n especializada en Secretariado Inform\u00e1tico. Conocimientos en programaci\u00f3n de bases de datos, seguridad de la informaci\u00f3n, gesti\u00f3n p\u00fablica, redes inform\u00e1ticas y tecnolog\u00edas aplicadas en la gesti\u00f3n y preservaci\u00f3n del patrimonio arqueol\u00f3gico.\u00a0<\/li>\n<li><strong>Trayectoria en la US: <\/strong>5\u00a0a\u00f1os de experiencia en el \u00c1rea de Gesti\u00f3n y Administraci\u00f3n.\u00a0<\/li>\n<li><strong>Cargos anteriores:<\/strong> Alumno interno y Colaborador Honorario del Dpto. de Preh. y Arq. de la US.<\/li>\n<li><strong>Trayectoria fuera de la US:<\/strong> 19 a\u00f1os de experiencia como funcionario en diferentes Administraciones P\u00fablicas. Arque\u00f3logo profesional e Investigador durante 14 a\u00f1os.<\/li>\n<\/ul>\n<h3>Aportaciones de valor<\/h3>\n<ul>\n<li>Estructura de datos y Gobernanza informacional.<\/li>\n<li>Ofim\u00e1tica avanzada y Productividad.<\/li>\n<li>Infraestructura de red y Convergencia digital.<\/li>\n<li>Ciberseguridad y Resiliencia organizacional.<\/li>\n<li>Digitalizaci\u00f3n y Vigencia documental.<\/li>\n<\/ul>\n<h3>Directorios y Portales profesionales<\/h3>\n<ul>\n<li><a href=\"https:\/\/www.researchgate.net\/profile\/Manuel-Romero-7\" target=\"_blank\" rel=\"noopener\">Researchgate<\/a><\/li>\n<li><a href=\"https:\/\/www.juntadeandalucia.es\/cultura\/tabula\/browse?type=author&amp;order=ASC&amp;rpp=20&amp;authority=4584\" target=\"_blank\" rel=\"noopener\">TABULA<\/a><\/li>\n<li><a href=\"https:\/\/dialnet.unirioja.es\/servlet\/autor?codigo=896925\" target=\"_blank\" rel=\"noopener\">Dialnet<\/a><\/li>\n<\/ul>","protected":false},"excerpt":{"rendered":"<p>Manuel Mesa RomeroAuxiliar Administrativo (PTGAS Funcionario)Departamento de Microbiolog\u00eda \u2014 Facultad de Biolog\u00edaCorreo: mmesar@us.es\u00a0| Despacho: Secretaria | Tel.: 954 557 117Directorio de Personal de la Universidad de Sevilla Formaci\u00f3n y Trayectoria Formaci\u00f3n: Licenciado en Geograf\u00eda e Historia. Formaci\u00f3n especializada en Secretariado Inform\u00e1tico. Conocimientos en programaci\u00f3n de bases de datos, seguridad de la informaci\u00f3n, gesti\u00f3n p\u00fablica, redes&#8230;<\/p>\n","protected":false},"author":1,"featured_media":0,"parent":345,"menu_order":0,"comment_status":"closed","ping_status":"closed","template":"","meta":{"_kad_post_transparent":"","_kad_post_title":"","_kad_post_layout":"","_kad_post_sidebar_id":"","_kad_post_content_style":"","_kad_post_vertical_padding":"","_kad_post_feature":"","_kad_post_feature_position":"","_kad_post_header":false,"_kad_post_footer":false,"_kad_post_classname":"","footnotes":""},"class_list":["post-426","page","type-page","status-publish","hentry"],"_links":{"self":[{"href":"https:\/\/departamento.us.es\/dmicro\/web\/wp-json\/wp\/v2\/pages\/426","targetHints":{"allow":["GET"]}}],"collection":[{"href":"https:\/\/departamento.us.es\/dmicro\/web\/wp-json\/wp\/v2\/pages"}],"about":[{"href":"https:\/\/departamento.us.es\/dmicro\/web\/wp-json\/wp\/v2\/types\/page"}],"author":[{"embeddable":true,"href":"https:\/\/departamento.us.es\/dmicro\/web\/wp-json\/wp\/v2\/users\/1"}],"replies":[{"embeddable":true,"href":"https:\/\/departamento.us.es\/dmicro\/web\/wp-json\/wp\/v2\/comments?post=426"}],"version-history":[{"count":3,"href":"https:\/\/departamento.us.es\/dmicro\/web\/wp-json\/wp\/v2\/pages\/426\/revisions"}],"predecessor-version":[{"id":488,"href":"https:\/\/departamento.us.es\/dmicro\/web\/wp-json\/wp\/v2\/pages\/426\/revisions\/488"}],"up":[{"embeddable":true,"href":"https:\/\/departamento.us.es\/dmicro\/web\/wp-json\/wp\/v2\/pages\/345"}],"wp:attachment":[{"href":"https:\/\/departamento.us.es\/dmicro\/web\/wp-json\/wp\/v2\/media?parent=426"}],"curies":[{"name":"wp","href":"https:\/\/api.w.org\/{rel}","templated":true}]}}