{"id":438,"date":"2026-01-28T11:14:55","date_gmt":"2026-01-28T10:14:55","guid":{"rendered":"https:\/\/departamento.us.es\/dmicro\/web\/?page_id=438"},"modified":"2026-01-28T11:36:25","modified_gmt":"2026-01-28T10:36:25","slug":"patricia-bernal-guzman","status":"publish","type":"page","link":"https:\/\/departamento.us.es\/dmicro\/web\/pdi\/patricia-bernal-guzman\/","title":{"rendered":"Dra. Patricia Bernal Guzm\u00e1n"},"content":{"rendered":"\n<div class=\"wp-block-media-text is-stacked-on-mobile\" style=\"grid-template-columns:20% auto\"><figure class=\"wp-block-media-text__media\"><img loading=\"lazy\" decoding=\"async\" width=\"1024\" height=\"1024\" src=\"https:\/\/departamento.us.es\/dmicro\/web\/wp-content\/uploads\/2026\/01\/Patricia-Bernal-Guzman-1024x1024.jpg\" alt=\"\" class=\"wp-image-442 size-full\" srcset=\"https:\/\/departamento.us.es\/dmicro\/web\/wp-content\/uploads\/2026\/01\/Patricia-Bernal-Guzman-1024x1024.jpg 1024w, https:\/\/departamento.us.es\/dmicro\/web\/wp-content\/uploads\/2026\/01\/Patricia-Bernal-Guzman-300x300.jpg 300w, https:\/\/departamento.us.es\/dmicro\/web\/wp-content\/uploads\/2026\/01\/Patricia-Bernal-Guzman-150x150.jpg 150w, https:\/\/departamento.us.es\/dmicro\/web\/wp-content\/uploads\/2026\/01\/Patricia-Bernal-Guzman-768x768.jpg 768w, https:\/\/departamento.us.es\/dmicro\/web\/wp-content\/uploads\/2026\/01\/Patricia-Bernal-Guzman-1536x1536.jpg 1536w, https:\/\/departamento.us.es\/dmicro\/web\/wp-content\/uploads\/2026\/01\/Patricia-Bernal-Guzman.jpg 1920w\" sizes=\"auto, (max-width: 1024px) 100vw, 1024px\" \/><\/figure><div class=\"wp-block-media-text__content\">\n<p><strong>Dra. Patricia Bernal Guzm\u00e1n<\/strong><br \/>Profesora Titular.<br \/>Departamento de Microbiolog\u00eda \u2014 Facultad de Biolog\u00eda<br \/><strong><span style=\"color: #333;\" title=\"Correo electr\u00f3nico\">Correo: <\/span><\/strong><span style=\"color: #333;\" title=\"Correo electr\u00f3nico\">pbguzman<\/span><span style=\"color: #333;\" title=\"Correo electr\u00f3nico\">@us.es<\/span>\u00a0| <strong><span style=\"color: #333;\" title=\"Despacho\">Despacho:<\/span><\/strong> 7 | <strong><span style=\"color: #333;\">Tel.:<\/span><\/strong> 954 557 115<br \/><a href=\"https:\/\/prisma.us.es\/investigador\/6935\" target=\"_blank\" rel=\"noopener\">Perfil PRISMA<\/a> | \u00a0<a href=\"https:\/\/investigacion.us.es\/sisius\/sis_showpub.php?idpers=28236\" target=\"_blank\" rel=\"noopener\">Perfil SISIUS<\/a>\u00a0 | \u00a0<a href=\"https:\/\/orcid.org\/0000-0002-6228-0496\" target=\"_blank\" rel=\"noopener\">ORCID<\/a>\u00a0 |\u00a0 <a href=\"https:\/\/idus.us.es\/author-profiles\/6935\" target=\"_blank\" rel=\"noopener\">iDUS<\/a> |\u00a0 <a href=\"https:\/\/personal.us.es\/pbguzman\/\" target=\"_blank\" rel=\"noopener\">Laboratorio<\/a><\/p>\n<\/div><\/div>\n\n\n<p><!-- Ficha breve de profesor para p\u00e1gina est\u00e1tica del Departamento --><\/p>\n<h3>Formaci\u00f3n y Trayectoria<\/h3>\n<ul>\n<li><strong>Formaci\u00f3n: <\/strong>Doctora en Bioqu\u00edmica y Biolog\u00eda Molecular por la Universidad de Granada (2007). Licenciada en Biolog\u00eda (2001).<\/li>\n<li><strong>Trayectoria en la US: <\/strong>7\u00a0a\u00f1os de experiencia en Docencia e Investigaci\u00f3n.<\/li>\n<li><strong>Trayectoria fuera de la US: <\/strong>17 a\u00f1os como Investigadora en centros nacionales (EEZ-CSIC, Granada y Universidad Aut\u00f3noma de Madrid, UAM) e internacionales de Reino Unido (University College London, UCL e Imperial College London, ICL) y Portugal (UTQB).\u00a0<\/li>\n<\/ul>\n<h3>Docencia<\/h3>\n<ul>\n<li>Grado en Biolog\u00eda.<\/li>\n<li>M\u00e1ster Universitario en Biolog\u00eda Avanzada.<\/li>\n<li>M\u00e1ster Universitario en Tecnolog\u00eda e Industria Alimentaria.<\/li>\n<li>Aula de la Experiencia.<\/li>\n<\/ul>\n<h3>Investigaci\u00f3n<\/h3>\n<ul>\n<li><strong>Grupo de Investigaci\u00f3n: <\/strong><a href=\"https:\/\/investigacion.us.es\/sisius\/grupo\/BIO379\" target=\"_blank\" rel=\"noopener\">BIO379: Biotecnologia de Sistemas de Secrecion (T6ss\/Bevs) y Herramientas de Edici\u00f3n G\u00e9nica (Crispr-Cas) en Pseudomonas<\/a><\/li>\n<li><strong>L\u00edneas de investigaci\u00f3n:<\/strong>\n<ul>\n<li>Sistema de Secreci\u00f3n de Tipo VI en Microorganismos de Inter\u00e9s Agr\u00edcola y Biotecnol\u00f3gico.<\/li>\n<li>Producci\u00f3n de Ves\u00edculas Extracelulares por Bacterias de Inter\u00e9s Biotecnol\u00f3gico, Agr\u00edcola y M\u00e9dico.<\/li>\n<\/ul>\n<\/li>\n<\/ul>","protected":false},"excerpt":{"rendered":"<p>Dra. Patricia Bernal Guzm\u00e1nProfesora Titular.Departamento de Microbiolog\u00eda \u2014 Facultad de Biolog\u00edaCorreo: pbguzman@us.es\u00a0| Despacho: 7 | Tel.: 954 557 115Perfil PRISMA | \u00a0Perfil SISIUS\u00a0 | \u00a0ORCID\u00a0 |\u00a0 iDUS |\u00a0 Laboratorio Formaci\u00f3n y Trayectoria Formaci\u00f3n: Doctora en Bioqu\u00edmica y Biolog\u00eda Molecular por la Universidad de Granada (2007). Licenciada en Biolog\u00eda (2001). Trayectoria en la US: 7\u00a0a\u00f1os de&#8230;<\/p>\n","protected":false},"author":1,"featured_media":0,"parent":361,"menu_order":0,"comment_status":"closed","ping_status":"closed","template":"","meta":{"_kad_post_transparent":"","_kad_post_title":"","_kad_post_layout":"","_kad_post_sidebar_id":"","_kad_post_content_style":"","_kad_post_vertical_padding":"","_kad_post_feature":"","_kad_post_feature_position":"","_kad_post_header":false,"_kad_post_footer":false,"_kad_post_classname":"","footnotes":""},"class_list":["post-438","page","type-page","status-publish","hentry"],"_links":{"self":[{"href":"https:\/\/departamento.us.es\/dmicro\/web\/wp-json\/wp\/v2\/pages\/438","targetHints":{"allow":["GET"]}}],"collection":[{"href":"https:\/\/departamento.us.es\/dmicro\/web\/wp-json\/wp\/v2\/pages"}],"about":[{"href":"https:\/\/departamento.us.es\/dmicro\/web\/wp-json\/wp\/v2\/types\/page"}],"author":[{"embeddable":true,"href":"https:\/\/departamento.us.es\/dmicro\/web\/wp-json\/wp\/v2\/users\/1"}],"replies":[{"embeddable":true,"href":"https:\/\/departamento.us.es\/dmicro\/web\/wp-json\/wp\/v2\/comments?post=438"}],"version-history":[{"count":5,"href":"https:\/\/departamento.us.es\/dmicro\/web\/wp-json\/wp\/v2\/pages\/438\/revisions"}],"predecessor-version":[{"id":453,"href":"https:\/\/departamento.us.es\/dmicro\/web\/wp-json\/wp\/v2\/pages\/438\/revisions\/453"}],"up":[{"embeddable":true,"href":"https:\/\/departamento.us.es\/dmicro\/web\/wp-json\/wp\/v2\/pages\/361"}],"wp:attachment":[{"href":"https:\/\/departamento.us.es\/dmicro\/web\/wp-json\/wp\/v2\/media?parent=438"}],"curies":[{"name":"wp","href":"https:\/\/api.w.org\/{rel}","templated":true}]}}