{"id":516,"date":"2026-04-10T08:02:46","date_gmt":"2026-04-10T06:02:46","guid":{"rendered":"https:\/\/departamento.us.es\/dmicro\/web\/?page_id=516"},"modified":"2026-04-10T10:41:40","modified_gmt":"2026-04-10T08:41:40","slug":"alejandro-arce-rodriguez","status":"publish","type":"page","link":"https:\/\/departamento.us.es\/dmicro\/web\/investigadores-contratados\/alejandro-arce-rodriguez\/","title":{"rendered":"Dr. Alejandro Arce Rodr\u00edguez"},"content":{"rendered":"\n<div class=\"wp-block-media-text is-stacked-on-mobile\" style=\"grid-template-columns:21% auto\"><figure class=\"wp-block-media-text__media\"><img loading=\"lazy\" decoding=\"async\" width=\"870\" height=\"1024\" src=\"https:\/\/departamento.us.es\/dmicro\/web\/wp-content\/uploads\/2026\/04\/Alejandro-Arce-e1775800852118-870x1024.jpg\" alt=\"\" class=\"wp-image-529 size-full\" srcset=\"https:\/\/departamento.us.es\/dmicro\/web\/wp-content\/uploads\/2026\/04\/Alejandro-Arce-e1775800852118-870x1024.jpg 870w, https:\/\/departamento.us.es\/dmicro\/web\/wp-content\/uploads\/2026\/04\/Alejandro-Arce-e1775800852118-255x300.jpg 255w, https:\/\/departamento.us.es\/dmicro\/web\/wp-content\/uploads\/2026\/04\/Alejandro-Arce-e1775800852118-768x904.jpg 768w, https:\/\/departamento.us.es\/dmicro\/web\/wp-content\/uploads\/2026\/04\/Alejandro-Arce-e1775800852118.jpg 1070w\" sizes=\"auto, (max-width: 870px) 100vw, 870px\" \/><\/figure><div class=\"wp-block-media-text__content\">\n<p><strong>Dr. Alejandro Arce Rodr\u00edguez<\/strong><br \/>Investigador Emergia<br \/>Departamento de Microbiolog\u00eda \u2014 Facultad de Biolog\u00eda<br \/><strong><span style=\"color: #333;\" title=\"Correo electr\u00f3nico\">Correo: <\/span><\/strong><span style=\"color: #333;\" title=\"Correo electr\u00f3nico\">aarce1<\/span><span style=\"color: #333;\" title=\"Correo electr\u00f3nico\">@us.es<\/span>\u00a0| <strong><span style=\"color: #333;\" title=\"Despacho\">Despacho: <\/span><\/strong><span style=\"color: #333;\" title=\"Despacho\">L3<\/span>\u00a0| <strong><span style=\"color: #333;\">Tel.:<\/span><\/strong> 954 557 120<br \/><a href=\"https:\/\/prisma.us.es\/investigador\/9216\" target=\"_blank\" rel=\"noopener\">Perfil PRISMA<\/a> | \u00a0<a href=\"https:\/\/orcid.org\/0000-0002-2486-401X\" target=\"_blank\" rel=\"noopener\">ORCID<\/a>\u00a0 |\u00a0 <a href=\"https:\/\/idus.us.es\/author-profiles\/9216\" target=\"_blank\" rel=\"noopener\">iDUS<\/a>\u00a0<\/p>\n<\/div><\/div>\n\n\n<p><!-- Ficha breve de profesor para p\u00e1gina est\u00e1tica del Departamento --><\/p>\n<h3>Formaci\u00f3n y Trayectoria<\/h3>\n<ul>\n<li><strong>Formaci\u00f3n: <\/strong>Doctor en Biolog\u00eda Molecular por la Universidad Aut\u00f3noma de Madrid (2012). Ingenier\u00eda en Biotecnolog\u00eda (2007).<\/li>\n<li><strong>Trayectoria en la US: <\/strong>3 a\u00f1os de experiencia en Docencia e Investigaci\u00f3n.<\/li>\n<li><strong>Trayectoria fuera de la US: <\/strong>Investigador postdoctoral senior en la Escuela m\u00e9dica de Hannover (2023). Jefe de Grupo de Investigaci\u00f3n en la Technical University Braunschweig (2021-2023). Investigador post doctoral en el Helmholtz Centre for Infection Research (2016-2021). Investigador postdoctoral en la Technical University Braunschweig y en el Helmholtz Centre for Infection Research (2012-2015).\u00a0<\/li>\n<\/ul>\n<h3>Docencia<\/h3>\n<ul>\n<li>Grado en Biolog\u00eda.<\/li>\n<\/ul>\n<h3>Investigaci\u00f3n<\/h3>\n<ul>\n<li><strong>Grupo de Investigaci\u00f3n: <\/strong><a href=\"https:\/\/investigacion.us.es\/sisius\/grupo\/BIO379\" target=\"_blank\" rel=\"noopener\">BIO379: Biotecnolog\u00eda de Sistemas de Secreci\u00f3n (T6ss\/Bevs) y Herramientas de Edici\u00f3n G\u00e9nica (Crispr-Cas) en Pseudomonas<\/a><\/li>\n<li><strong>L\u00edneas de investigaci\u00f3n:<\/strong>\n<ul>\n<li>\n<div role=\"presentation\" data-olk-copy-source=\"MessageBody\">Desarrollo de herramientas moleculares basadas en sistemas CRISPR-Cas para edici\u00f3n gen\u00e9tica y para el tratamiento de pat\u00f3genos de inter\u00e9s vegetal.<\/div>\n<\/li>\n<li>\n<div role=\"presentation\">Ingenier\u00eda de ves\u00edculas extracelulares bacterianas y sus aplicaciones en biotecnolog\u00eda.<\/div>\n<\/li>\n<li>\n<div role=\"presentation\">Desarrollo de vacunas basadas en ves\u00edculas extracelulares bacterianas frente a pat\u00f3genos humanos y vegetales.\u00a0<\/div>\n<\/li>\n<\/ul>\n<\/li>\n<\/ul>","protected":false},"excerpt":{"rendered":"<p>Dr. Alejandro Arce Rodr\u00edguezInvestigador EmergiaDepartamento de Microbiolog\u00eda \u2014 Facultad de Biolog\u00edaCorreo: aarce1@us.es\u00a0| Despacho: L3\u00a0| Tel.: 954 557 120Perfil PRISMA | \u00a0ORCID\u00a0 |\u00a0 iDUS\u00a0 Formaci\u00f3n y Trayectoria Formaci\u00f3n: Doctor en Biolog\u00eda Molecular por la Universidad Aut\u00f3noma de Madrid (2012). Ingenier\u00eda en Biotecnolog\u00eda (2007). Trayectoria en la US: 3 a\u00f1os de experiencia en Docencia e Investigaci\u00f3n. Trayectoria&#8230;<\/p>\n","protected":false},"author":1,"featured_media":0,"parent":371,"menu_order":0,"comment_status":"closed","ping_status":"closed","template":"","meta":{"_kad_post_transparent":"","_kad_post_title":"","_kad_post_layout":"","_kad_post_sidebar_id":"","_kad_post_content_style":"","_kad_post_vertical_padding":"","_kad_post_feature":"","_kad_post_feature_position":"","_kad_post_header":false,"_kad_post_footer":false,"_kad_post_classname":"","footnotes":""},"class_list":["post-516","page","type-page","status-publish","hentry"],"_links":{"self":[{"href":"https:\/\/departamento.us.es\/dmicro\/web\/wp-json\/wp\/v2\/pages\/516","targetHints":{"allow":["GET"]}}],"collection":[{"href":"https:\/\/departamento.us.es\/dmicro\/web\/wp-json\/wp\/v2\/pages"}],"about":[{"href":"https:\/\/departamento.us.es\/dmicro\/web\/wp-json\/wp\/v2\/types\/page"}],"author":[{"embeddable":true,"href":"https:\/\/departamento.us.es\/dmicro\/web\/wp-json\/wp\/v2\/users\/1"}],"replies":[{"embeddable":true,"href":"https:\/\/departamento.us.es\/dmicro\/web\/wp-json\/wp\/v2\/comments?post=516"}],"version-history":[{"count":7,"href":"https:\/\/departamento.us.es\/dmicro\/web\/wp-json\/wp\/v2\/pages\/516\/revisions"}],"predecessor-version":[{"id":534,"href":"https:\/\/departamento.us.es\/dmicro\/web\/wp-json\/wp\/v2\/pages\/516\/revisions\/534"}],"up":[{"embeddable":true,"href":"https:\/\/departamento.us.es\/dmicro\/web\/wp-json\/wp\/v2\/pages\/371"}],"wp:attachment":[{"href":"https:\/\/departamento.us.es\/dmicro\/web\/wp-json\/wp\/v2\/media?parent=516"}],"curies":[{"name":"wp","href":"https:\/\/api.w.org\/{rel}","templated":true}]}}