{"id":126,"date":"2025-10-17T09:49:22","date_gmt":"2025-10-17T07:49:22","guid":{"rendered":"https:\/\/departamento.us.es\/dpaetsas\/?page_id=126"},"modified":"2026-02-04T11:52:26","modified_gmt":"2026-02-04T10:52:26","slug":"informacion-general","status":"publish","type":"page","link":"https:\/\/departamento.us.es\/dpaetsas\/departamento\/informacion-general\/","title":{"rendered":"Informaci\u00f3n general"},"content":{"rendered":"\t\t<div data-elementor-type=\"wp-page\" data-elementor-id=\"126\" class=\"elementor elementor-126\" data-elementor-post-type=\"page\">\n\t\t\t\t<div class=\"elementor-element elementor-element-7bff623 e-flex e-con-boxed e-con e-parent\" data-id=\"7bff623\" data-element_type=\"container\" data-e-type=\"container\">\n\t\t\t\t\t<div class=\"e-con-inner\">\n\t\t\t\t<div class=\"elementor-element elementor-element-3421501 elementor-widget elementor-widget-text-editor\" data-id=\"3421501\" data-element_type=\"widget\" data-e-type=\"widget\" data-widget_type=\"text-editor.default\">\n\t\t\t\t\t\t\t\t\t<p>El Departamento de Proyectos Arquitect\u00f3nicos es el responsable de la organizaci\u00f3n y desarrollo de la docencia de la materia de Proyectos Arquitect\u00f3nicos en la Escuela T\u00e9cnica Superior de Arquitectura de Sevilla, constituyendo uno de los ejes vertebradores de la formaci\u00f3n acad\u00e9mica del arquitecto. Su actividad docente e investigadora se sustenta en un profesorado de perfil diverso y complementario, lo que permite abordar el proyecto arquitect\u00f3nico desde una pluralidad de enfoques te\u00f3ricos, t\u00e9cnicos y culturales.<\/p><p>La asignatura de Proyectos Arquitect\u00f3nicos ocupa una posici\u00f3n central en el plan de estudios del Grado en Fundamentos de la Arquitectura y del M\u00e1ster Universitario habilitante, al integrar de manera sint\u00e9tica los conocimientos adquiridos en otras \u00e1reas \u2014como la construcci\u00f3n, las estructuras, el urbanismo, la historia y la teor\u00eda de la arquitectura, la expresi\u00f3n gr\u00e1fica y las instalaciones\u2014 en el desarrollo del proyecto. A trav\u00e9s del trabajo en talleres, la docencia se articula en torno al aprendizaje basado en la pr\u00e1ctica proyectual, entendida como un proceso de investigaci\u00f3n, reflexi\u00f3n cr\u00edtica y toma de decisiones fundamentadas.<\/p><p>La ense\u00f1anza de Proyectos en la ETSA de Sevilla se caracteriza por una aproximaci\u00f3n rigurosa al proyecto arquitect\u00f3nico, atenta tanto a las condiciones t\u00e9cnicas y constructivas como a los aspectos espaciales, sociales, culturales y ambientales que definen el contexto contempor\u00e1neo. El proyecto se concibeas\u00ed como una herramienta de conocimiento, capaz de formular respuestas arquitect\u00f3nicas coherentes y cr\u00edticas frente a los retos actuales de la disciplina y la profesi\u00f3n.<\/p><p>En los estudios de m\u00e1ster, la docencia de Proyectos profundiza en la complejidad del ejercicio profesional y en la relaci\u00f3n inseparable entre teor\u00eda y pr\u00e1ctica, reforzando la capacidad del estudiante para desarrollar propuestas arquitect\u00f3nicas avanzadas con un alto grado de definici\u00f3n conceptual y t\u00e9cnica. Este enfoque proporciona, adem\u00e1s, una base metodol\u00f3gica s\u00f3lida para la investigaci\u00f3n acad\u00e9mica.<\/p><p>El \u00e1mbito investigador vinculado a Proyectos Arquitect\u00f3nicos se proyecta en los programas de doctorado, orientados a la formaci\u00f3n de investigadores capaces de realizar contribuciones originales y relevantes al conocimiento arquitect\u00f3nico, situando el proyecto como instrumento central de reflexi\u00f3n, an\u00e1lisis y producci\u00f3n cr\u00edtica.<\/p><p>\u00a0<\/p><h4>Direcci\u00f3n<\/h4><p><strong>Director:<\/strong> Pablo Mill\u00e1n Mill\u00e1n (<a href=\"mailto:director.dpa@us.es\">director.dpa@us.es<\/a>)<\/p><p><strong>Secretario:<\/strong> Gabriel Bascones de la Cruz (<a href=\"mailto:secretario.dpa@us.es\">secretario.dpa@us.es<\/a>)<\/p><p><strong>Coordinaci\u00f3n docencia grado\/s:<\/strong> Mar\u00eda Gonz\u00e1lez Garc\u00eda y Juan Jos\u00e9 L\u00f3pez de la Cruz<\/p><p><strong>Coordinaci\u00f3n docencia m\u00e1ster\/es:<\/strong> Javier Terrados Cepeda<\/p><p><strong>Coordinaci\u00f3n investigaci\u00f3n:<\/strong> Luisa Alarc\u00f3n Gonz\u00e1lez<\/p><p><strong>Coordinaci\u00f3n publicaciones:<\/strong> \u00c1ngel Mart\u00ednez Garc\u00eda-Posada<\/p><p><strong>Coordinaci\u00f3n transferencia y profesi\u00f3n:<\/strong> Eva Luque Garc\u00eda<\/p><p><strong>Administraci\u00f3n y secretar\u00eda:<\/strong> Alfonso Garc\u00eda y Isabel P\u00e9rez<\/p><p>\u00a0<\/p><h4>Contacto<\/h4><p><strong>Direcci\u00f3n postal<\/strong>: Avda. Reina Mercedes, 2 (41012-SEVILLA)<\/p><p><strong>Tel\u00e9fono<\/strong>: <a href=\"tel:954556575\">95 455 65 75<\/a><\/p><p><strong>Mail general<\/strong>:\u00a0 <a href=\"mailto:etsadprar@us.es\">etsadprar@us.es<\/a><\/p>\t\t\t\t\t\t\t\t<\/div>\n\t\t\t\t\t<\/div>\n\t\t\t\t<\/div>\n\t\t\t\t<\/div>\n\t\t","protected":false},"excerpt":{"rendered":"<p>El Departamento de Proyectos Arquitect\u00f3nicos es el responsable de la organizaci\u00f3n y desarrollo de la docencia de la materia de Proyectos Arquitect\u00f3nicos en la Escuela T\u00e9cnica Superior de Arquitectura de Sevilla, constituyendo uno de los ejes vertebradores de la formaci\u00f3n acad\u00e9mica del arquitecto. Su actividad docente e investigadora se sustenta en un profesorado de perfil [&hellip;]<\/p>\n","protected":false},"author":2,"featured_media":0,"parent":23,"menu_order":0,"comment_status":"closed","ping_status":"closed","template":"","meta":{"_acf_changed":false,"footnotes":""},"class_list":["post-126","page","type-page","status-publish","hentry"],"acf":[],"_links":{"self":[{"href":"https:\/\/departamento.us.es\/dpaetsas\/wp-json\/wp\/v2\/pages\/126","targetHints":{"allow":["GET"]}}],"collection":[{"href":"https:\/\/departamento.us.es\/dpaetsas\/wp-json\/wp\/v2\/pages"}],"about":[{"href":"https:\/\/departamento.us.es\/dpaetsas\/wp-json\/wp\/v2\/types\/page"}],"author":[{"embeddable":true,"href":"https:\/\/departamento.us.es\/dpaetsas\/wp-json\/wp\/v2\/users\/2"}],"replies":[{"embeddable":true,"href":"https:\/\/departamento.us.es\/dpaetsas\/wp-json\/wp\/v2\/comments?post=126"}],"version-history":[{"count":0,"href":"https:\/\/departamento.us.es\/dpaetsas\/wp-json\/wp\/v2\/pages\/126\/revisions"}],"up":[{"embeddable":true,"href":"https:\/\/departamento.us.es\/dpaetsas\/wp-json\/wp\/v2\/pages\/23"}],"wp:attachment":[{"href":"https:\/\/departamento.us.es\/dpaetsas\/wp-json\/wp\/v2\/media?parent=126"}],"curies":[{"name":"wp","href":"https:\/\/api.w.org\/{rel}","templated":true}]}}