{"id":1153,"date":"2018-11-21T16:30:13","date_gmt":"2018-11-21T16:30:13","guid":{"rendered":"http:\/\/departamento.us.es\/newdperiodismo1\/?page_id=1153"},"modified":"2025-05-15T10:16:19","modified_gmt":"2025-05-15T10:16:19","slug":"innovacion-docente","status":"publish","type":"page","link":"https:\/\/departamento.us.es\/dperiodismo1\/innovacion-docente\/","title":{"rendered":"C\u00edrculos de Colaboraci\u00f3n: Innovaci\u00f3n universitaria desde el Cooperative Learning"},"content":{"rendered":"\t\t<div data-elementor-type=\"wp-page\" data-elementor-id=\"1153\" class=\"elementor elementor-1153\" data-elementor-post-type=\"page\">\n\t\t\t\t<div class=\"elementor-element elementor-element-6a4c8af1 e-flex e-con-boxed e-con e-parent\" data-id=\"6a4c8af1\" data-element_type=\"container\">\n\t\t\t\t\t<div class=\"e-con-inner\">\n\t\t\t\t<div class=\"elementor-element elementor-element-65f2d83d elementor-widget elementor-widget-text-editor\" data-id=\"65f2d83d\" data-element_type=\"widget\" data-widget_type=\"text-editor.default\">\n\t\t\t\t<div class=\"elementor-widget-container\">\n\t\t\t\t\t\t\t\t\t<p>C\u00cdRCULOS DE COLABORACI\u00d3N: INNOVACI\u00d3N UNIVERSITARIA DESDE EL COOPERATIVE LEARNING<br \/>Convocatoria de Ayudas de\u00a0Apoyo a la Coordinaci\u00f3n e Innovaci\u00f3n<em>\u00a0Docente, Convocatoria 2018-19&#8243;<\/em>\u00a0(ref. 1.2.3)- III Plan Propio de Docencia.\u00a0Vicerrectorado de Estudiantes.\u00a0Universidad de Sevilla.<\/p><p>Coordinador:\u00a0Dr. Fernando R. Contreras.\u00a0Departamento de Periodismo 1<\/p><p>Este proyecto de innovaci\u00f3n universitaria pretende ofrecer un cambio significativo en la docencia de nuestra Universidad. Implica las tres posibilidades que define la convocatoria para las redes de colaboraci\u00f3n para la innovaci\u00f3n docente: a) es una propuesta que incluye la innovaci\u00f3n metodol\u00f3gica fundamentalmente, pues toca la formaci\u00f3n y el sistema de evaluaci\u00f3n; b) es una propuesta de nuevos recursos did\u00e1cticos y un nuevo intervalo para su aplicaci\u00f3n; y c) al mismo tiempo, produce nuevos materiales did\u00e1cticos.<\/p><p>A trav\u00e9s del m\u00e9todo <em>Cooperative Learning<\/em>(CL) intentamos impulsar una nueva forma de aprender y hacer docencia en las clases universitarias. El dise\u00f1o b\u00e1sico del trabajo cooperativo se puede resumir en una serie de acciones importantes a considerar: 1) La creaci\u00f3n de grupo; 2) Elecci\u00f3n tem\u00e1tica; 3) Creaci\u00f3n de una normativa de rendimiento en grupo e individual; 4) Constituci\u00f3n de objetivos concretos y actividades espec\u00edficas del equipo; 5) Interacci\u00f3n simult\u00e1nea, Participaci\u00f3n, Colaboraci\u00f3n; 6) Definici\u00f3n de recursos;\u00a0 7) Previsi\u00f3n del rendimiento grupal; 8) Estrategias y dise\u00f1o de t\u00e1cticas en la toma de decisiones; 9) Evaluaci\u00f3n continua durante todo el proceso de aprendizaje;\u00a0 y 10) Autoevaluaci\u00f3n desde la creencia de que cada persona tiene la capacidad de ser creativa, honesta e interesada en la tem\u00e1tica para lo que\u00a0 se crea un entorno de aprendizaje y trabajo donde las personas usan la cooperaci\u00f3n para desarrollar su propio potencial creativo.<\/p><p>El objetivo principal del enfoque del <em>Cooperative Learning<\/em>consiste en la defensa del aprendizaje cooperativo como una estrategia altamente efectiva orientada a ense\u00f1ar al alumno a aprender y no al profesor a ense\u00f1ar. Las investigaciones publicadas consultadas vienen a confirmar la potencialidad que una organizaci\u00f3n cooperativa del aula presenta para el logro acad\u00e9mico, la autoestima, la socializaci\u00f3n del aula o el desarrollo de competencias en las relaciones interpersonales.<\/p><p>El inter\u00e9s por esta innovaci\u00f3n docente comienza en los desarrollos de su precursor el fil\u00f3sofo pragm\u00e1tico <strong>John Dewey.<\/strong>La importancia de la aplicaci\u00f3n del Cooperative Learning en la universidad nos llega de la consulta de una amplia bibliograf\u00eda, que no vamos a citar en esta memoria, pero que podemos localizar en el cat\u00e1logo de la biblioteca de nuestra Universidad de Sevilla. No obstante, si queremos destacar algunos autores que est\u00e1n teniendo un impacto directo en la evoluci\u00f3n de la innovaci\u00f3n docente universitaria, como\u00a0<strong>Joseph. B. Cuseo<\/strong>\u00a0 (experto en Cooperative Learning), <strong>Carles Monereo Font<\/strong>(experto en la cultura educativa de la universidad), <strong>James Paul Gee<\/strong>(experto en educaci\u00f3n y tecnolog\u00eda), <strong>Elizabeth G. Cohen,<\/strong>et al. (editores de Teaching Cooperative Learning),\u00a0 <strong>Paulo Freire<\/strong>(con su concepto pol\u00edtico de la educaci\u00f3n), <strong>Peter Salovery, Daniel Goleman<\/strong>(inteligencia emocional), <strong>Edith Litwin<\/strong>(en Internet educativa) y finalmente, los investigadores de la participaci\u00f3n mediada por tecnolog\u00edas en la educaci\u00f3n, <strong>Cassie Hague<\/strong>y <strong>Ben Williamson<\/strong>.<\/p><p>Los catorce profesores que componemos el equipo de desarrollo de la Red de Colaboraci\u00f3n para la Innovaci\u00f3n Docente cuentan con diferentes experiencias en innovaci\u00f3n docente en la Universidad de Sevilla. Entre ellos, destaca las labores realizadas en las Comisiones de Docencia de Departamentos o de Facultad,\u00a0 el control y el seguimiento de la excelencia docente en las Comisiones del Sistema de Garant\u00eda de Calidad, la participaci\u00f3n en las Comisiones de Evaluaci\u00f3n externa de los t\u00edtulos de Grado y M\u00e1ster, el\u00a0 trabajo de gesti\u00f3n universitaria realizado, ya que entre los profesores contamos con dos vicedecanos de de la Facultad de Comunicaci\u00f3n,\u00a0 dos directores de departamento, coordinadores de m\u00e1ster y profesores coordinadores de asignaturas. Tambi\u00e9n forman parte de este equipo, profesores que han trabajado en las \u00e1reas de alfabetizaci\u00f3n digital, comunicaci\u00f3n educativa y otras \u00e1reas afines a la innovaci\u00f3n docente en la Universidad.<\/p><p>La cobertura que tendr\u00e1 el proyecto es extensa e interdisciplinar. Abarca dos \u00e1reas de conocimiento\u00a0 que comprenden desde las ciencias sociales a las humanidades. En el proyecto estar\u00e1n presentes\u00a0 14 asignaturas, que corresponden al Grado de Periodismo, Grado de Comunicaci\u00f3n Audiovisual, Grado de Publicidad y Relaciones P\u00fablicas, Grado de Derecho, Grado de Filosof\u00eda, M\u00e1ster de Comunicaci\u00f3n y Cultura y M\u00e1ster de Escritura Creativa (V\u00e9ase la Tabla 1)<\/p><p>Tabla 1. Cobertura del proyecto<\/p><table><tbody><tr><td width=\"108\">Asignatura<\/td><td width=\"108\">Grado \/Master y Titulaci\u00f3n<\/td><td width=\"108\">\u00c1rea de conocimiento<\/td><td width=\"108\">N\u00fam. de alumnos aprox.<\/td><\/tr><tr><td width=\"108\">Cibercultura<\/td><td width=\"108\"><p>Grado de Periodismo<\/p><p>(Grupos 1, 2, 3,4)<\/p><\/td><td width=\"108\"><p>Ciencias Sociales y<\/p><p>Juridicas<\/p><\/td><td width=\"108\">320 alumnos<\/td><\/tr><tr><td width=\"108\">Historia Social de la Comunicaci\u00f3n<\/td><td width=\"108\"><p>Grado de Periodismo<\/p><p>(Grupos 1, 2, 3,4)<\/p><\/td><td width=\"108\"><p>Ciencias Sociales y<\/p><p>Juridicas<\/p><\/td><td width=\"108\">250 alumnos<\/td><\/tr><tr><td width=\"108\">Literatura Cibern\u00e9tica<\/td><td width=\"108\">M\u00e1ster Universitario en Escritura Creativa<\/td><td width=\"108\">Arte y Humanidades<\/td><td width=\"108\">15 alumnos<\/td><\/tr><tr><td width=\"108\">Periodismo Multimedia y Dise\u00f1o Gr\u00e1fico Digital<\/td><td width=\"108\">Grado Periodismo<\/td><td width=\"108\">Ciencias Sociales y Jur\u00eddicas<\/td><td width=\"108\">100 alumnos<\/td><\/tr><tr><td width=\"108\">Est\u00e9tica<\/td><td width=\"108\">Grado de Filosof\u00eda<\/td><td width=\"108\">Arte y Humanidades<\/td><td width=\"108\">40 alumnos<\/td><\/tr><tr><td width=\"108\">Intertextualidad y Comunicaci\u00f3n Audiovisual<\/td><td width=\"108\">M\u00e1ster Gui\u00f3n, Narrativa y Creatividad<\/td><td width=\"108\">Ciencias Sociales y Jur\u00eddicas<\/td><td width=\"108\">15 alumnos<\/td><\/tr><tr><td width=\"108\">Derecho Administrativo I y II<\/td><td width=\"108\">Grado de Derecho<\/td><td width=\"108\">Ciencias Sociales y Jur\u00eddicas<\/td><td width=\"108\">120 alumnos<\/td><\/tr><tr><td width=\"108\">Historia del Periodismo Universal<\/td><td width=\"108\">Grado de Periodismo<\/td><td width=\"108\">Ciencias Sociales y Jur\u00eddicas<\/td><td width=\"108\">160 alumnos<\/td><\/tr><tr><td width=\"108\">Teor\u00eda e Historia del Cartel<\/td><td width=\"108\">Grado de Publicidad y Relaciones P\u00fablicas<\/td><td width=\"108\">Ciencias Sociales y Jur\u00eddicas<\/td><td width=\"108\">80 alumnos<\/td><\/tr><tr><td width=\"108\">Teor\u00eda de la Imagen<\/td><td width=\"108\">Grado de Comunicaci\u00f3n audiovisual<\/td><td width=\"108\">Ciencias Sociales y Jur\u00eddicas<\/td><td width=\"108\">110 alumnos<\/td><\/tr><tr><td width=\"108\">Dise\u00f1o y aplicaciones multimedia<\/td><td width=\"108\">Grado de Comunicaci\u00f3n Audiovisual<\/td><td width=\"108\">Ciencias Sociales y Jur\u00eddicas<\/td><td width=\"108\">80 alumnos<\/td><\/tr><tr><td width=\"108\">Arte, Ciencia y Tecnolog\u00eda de la Comunicaci\u00f3n<\/td><td width=\"108\">M\u00e1ster de Comunicaci\u00f3n y Cultura<\/td><td width=\"108\">Ciencias Sociales y Jur\u00eddicas<\/td><td width=\"108\">25 alumnos<\/td><\/tr><tr><td width=\"108\">Teor\u00eda de la Informaci\u00f3n y de la Comunicaci\u00f3n<\/td><td width=\"108\">Grado de Periodismo<\/td><td width=\"108\">Ciencias Sociales y Jur\u00eddicas<\/td><td width=\"108\">80 alumnos<\/td><\/tr><tr><td width=\"108\">C\u00f3digos y Valores de la Profesi\u00f3n Period\u00edstica<\/td><td width=\"108\"><p>Grado de Periodismo<\/p><p>(Grupos 1, 2, 3, 4)<\/p><\/td><td width=\"108\"><p>Ciencias Sociales y<\/p><p>Jur\u00eddicas<\/p><\/td><td width=\"108\">250 alumnos<\/td><\/tr><\/tbody><\/table><p>El proyecto ser\u00e1 implementado en varios centros de la Universidad de Sevilla. Estos centros est\u00e1n implicados en pol\u00edticas de innovaci\u00f3n docente, ya sea a trav\u00e9s de algunos profesores de este proyecto, ya sean por otros, en aspectos que conciernen a la innovaci\u00f3n metodol\u00f3gicas o a nuevas formas de evaluaci\u00f3n.<\/p><p>Los profesores que forman el proyecto \u00abC\u00edrculos de Colaboraci\u00f3n\u00bb\u00a0pertenecen a distintos departamentos de la Universidad de Sevilla:<\/p><table width=\"100%\"><tbody><tr><td width=\"22%\"><strong>Apellidos y Nombre<\/strong><\/td><td width=\"30%\">S\u00e1nchez Gonzales, Hada<\/td><td width=\"17%\"><strong>Departamento<\/strong><\/td><td width=\"28%\">Periodismo 2<\/td><\/tr><\/tbody><\/table><table width=\"100%\"><tbody><tr><td width=\"22%\"><strong>Apellidos y Nombre<\/strong><\/td><td width=\"31%\">Mart\u00ednez-Garc\u00eda, Mar\u00eda Angeles<\/td><td width=\"17%\"><strong>Departamento<\/strong><\/td><td width=\"28%\">Comunicaci\u00f3n Audiovisual<\/td><\/tr><\/tbody><\/table><table width=\"100%\"><tbody><tr><td width=\"22%\"><strong>Apellidos y Nombre<\/strong><\/td><td width=\"30%\">G\u00f3mez Aguilar, Antonio<\/td><td width=\"17%\"><strong>Departamento<\/strong><\/td><td width=\"28%\">Comunicaci\u00f3n Audiovisual<\/td><\/tr><\/tbody><\/table><table width=\"100%\"><tbody><tr><td width=\"22%\"><strong>Apellidos y Nombre<\/strong><\/td><td width=\"31%\">Garrido Lora, Manuel<\/td><td width=\"17%\"><strong>Departamento<\/strong><\/td><td width=\"28%\">Publicidad y RR.PP<\/td><\/tr><\/tbody><\/table><table width=\"100%\"><tbody><tr><td width=\"22%\"><strong>Apellidos y Nombre<\/strong><\/td><td width=\"30%\">Murcia Serrano, Inmaculada<\/td><td width=\"17%\"><strong>Departamento<\/strong><\/td><td width=\"28%\">Filosof\u00eda<\/td><\/tr><\/tbody><\/table><table width=\"100%\"><tbody><tr><td width=\"22%\"><strong>Apellidos y Nombre<\/strong><\/td><td width=\"30%\">Peinado Elliot, Carlos Fernando<\/td><td width=\"17%\"><strong>Departamento<\/strong><\/td><td width=\"28%\">Literatura hispanoamericana<\/td><\/tr><\/tbody><\/table><table width=\"100%\"><tbody><tr><td width=\"22%\"><strong>Apellidos y Nombre<\/strong><\/td><td width=\"30%\">Orozco Vera, Mar\u00eda Jes\u00fas<\/td><td width=\"17%\"><strong>Departamento<\/strong><\/td><td width=\"28%\">Literatura hispanoamericana<\/td><\/tr><\/tbody><\/table><table width=\"100%\"><tbody><tr><td width=\"22%\"><strong>Apellidos y Nombre<\/strong><\/td><td width=\"30%\">Jordano Fraga, Jes\u00fas<\/td><td width=\"17%\"><strong>Departamento<\/strong><\/td><td width=\"28%\">Derecho Administrativo<\/td><\/tr><\/tbody><\/table><table width=\"100%\"><tbody><tr><td width=\"22%\"><strong>Apellidos y Nombre<\/strong><\/td><td width=\"30%\">Olmo L\u00f3pez, Agust\u00edn<\/td><td width=\"17%\"><strong>Departamento<\/strong><\/td><td width=\"28%\">Periodismo 1<\/td><\/tr><\/tbody><\/table><table width=\"100%\"><tbody><tr><td width=\"22%\"><strong>Apellidos y Nombre<\/strong><\/td><td width=\"30%\">Gil Gonz\u00e1lez, Juan Carlos<\/td><td width=\"17%\"><strong>Departamento<\/strong><\/td><td width=\"28%\">Periodismo 1<\/td><\/tr><\/tbody><\/table><table width=\"100%\"><tbody><tr><td width=\"22%\"><strong>Apellidos y Nombre<\/strong><\/td><td width=\"30%\">Espejo Cala, Carmen<\/td><td width=\"17%\"><strong>Departamento<\/strong><\/td><td width=\"28%\">Periodismo 1<\/td><\/tr><\/tbody><\/table><table width=\"100%\"><tbody><tr><td width=\"22%\"><strong>Apellidos y Nombre<\/strong><\/td><td width=\"30%\">Acosta Romero, \u00c1ngel<\/td><td width=\"17%\"><strong>Departamento<\/strong><\/td><td width=\"28%\">Periodismo 1<\/td><\/tr><\/tbody><\/table><p>\u00a0<\/p><p>\u00a0<\/p>\t\t\t\t\t\t\t\t<\/div>\n\t\t\t\t<\/div>\n\t\t\t\t\t<\/div>\n\t\t\t\t<\/div>\n\t\t\t\t<\/div>\n\t\t","protected":false},"excerpt":{"rendered":"<p>C\u00cdRCULOS DE COLABORACI\u00d3N: INNOVACI\u00d3N UNIVERSITARIA DESDE EL COOPERATIVE LEARNINGConvocatoria de Ayudas de\u00a0Apoyo a la Coordinaci\u00f3n e Innovaci\u00f3n\u00a0Docente, Convocatoria 2018-19&#8243;\u00a0(ref. 1.2.3)- III Plan Propio de Docencia.\u00a0Vicerrectorado de Estudiantes.\u00a0Universidad de Sevilla. Coordinador:\u00a0Dr. Fernando R. Contreras.\u00a0Departamento de Periodismo 1 Este proyecto de innovaci\u00f3n universitaria pretende ofrecer un cambio significativo en la docencia de nuestra Universidad. Implica las tres [&hellip;]<\/p>\n","protected":false},"author":3,"featured_media":0,"parent":0,"menu_order":0,"comment_status":"closed","ping_status":"closed","template":"","meta":{"_acf_changed":false,"footnotes":""},"class_list":["post-1153","page","type-page","status-publish","hentry"],"acf":[],"_links":{"self":[{"href":"https:\/\/departamento.us.es\/dperiodismo1\/wp-json\/wp\/v2\/pages\/1153","targetHints":{"allow":["GET"]}}],"collection":[{"href":"https:\/\/departamento.us.es\/dperiodismo1\/wp-json\/wp\/v2\/pages"}],"about":[{"href":"https:\/\/departamento.us.es\/dperiodismo1\/wp-json\/wp\/v2\/types\/page"}],"author":[{"embeddable":true,"href":"https:\/\/departamento.us.es\/dperiodismo1\/wp-json\/wp\/v2\/users\/3"}],"replies":[{"embeddable":true,"href":"https:\/\/departamento.us.es\/dperiodismo1\/wp-json\/wp\/v2\/comments?post=1153"}],"version-history":[{"count":0,"href":"https:\/\/departamento.us.es\/dperiodismo1\/wp-json\/wp\/v2\/pages\/1153\/revisions"}],"wp:attachment":[{"href":"https:\/\/departamento.us.es\/dperiodismo1\/wp-json\/wp\/v2\/media?parent=1153"}],"curies":[{"name":"wp","href":"https:\/\/api.w.org\/{rel}","templated":true}]}}