{"id":476,"date":"2017-09-06T21:43:59","date_gmt":"2017-09-06T21:43:59","guid":{"rendered":"http:\/\/departamento.us.es\/newdperiodismo1\/?page_id=476"},"modified":"2025-06-06T09:00:48","modified_gmt":"2025-06-06T09:00:48","slug":"publicaciones","status":"publish","type":"page","link":"https:\/\/departamento.us.es\/dperiodismo1\/publicaciones\/","title":{"rendered":"Publicaciones"},"content":{"rendered":"\t\t<div data-elementor-type=\"wp-page\" data-elementor-id=\"476\" class=\"elementor elementor-476\" data-elementor-post-type=\"page\">\n\t\t\t\t<div class=\"elementor-element elementor-element-1b5cd8c6 e-flex e-con-boxed e-con e-parent\" data-id=\"1b5cd8c6\" data-element_type=\"container\">\n\t\t\t\t\t<div class=\"e-con-inner\">\n\t\t\t\t<div class=\"elementor-element elementor-element-38864012 elementor-widget elementor-widget-text-editor\" data-id=\"38864012\" data-element_type=\"widget\" data-widget_type=\"text-editor.default\">\n\t\t\t\t<div class=\"elementor-widget-container\">\n\t\t\t\t\t\t\t\t\t<p>La difusi\u00f3n de resultados de investigaci\u00f3n del departamento ha sido notoria a lo largo de su historia . El Departamento de Periodismo I edita su revista institucional de investigaci\u00f3n anualmente. Adem\u00e1s de la Revista I\/C, indexada y reconocida internacionalmente, alberga la Revista REDES.COM, de COMPOLITICAS, coeditada con la Universidad de Brasilia. Los acad\u00e9micos del departamento cuentan adem\u00e1s con una colecci\u00f3n editorial en Comunicaci\u00f3n Social Ediciones en la que se vienen publicando trabajos en colaboraci\u00f3n con grupos e investigadores de todo el mundo a trav\u00e9s de la colecci\u00f3n Comunicaci\u00f3n Cr\u00edtica.<\/p><p><img decoding=\"async\" class=\"wp-image-211 size-full alignleft\" src=\"https:\/\/departamento.us.es\/dperiodismo1\/wp-content\/uploads\/2017\/04\/ic_banner-2.jpg\" alt=\"\" width=\"161\" height=\"170\" \/><\/p><p>\u00a0<\/p><p>\u00a0<\/p><p><a href=\"https:\/\/icjournal-ojs.org\/index.php\/IC-Journal\" target=\"_blank\" rel=\"noopener\"><strong>Revista IC<\/strong><\/a><\/p><p>\u00a0<\/p><p>\u00a0<\/p><p>\u00a0<\/p><p><strong><img decoding=\"async\" class=\"wp-image-492 size-medium alignleft\" src=\"https:\/\/departamento.us.es\/dperiodismo1\/wp-content\/uploads\/2017\/09\/CRedes15-300x90.jpg\" alt=\"\" width=\"300\" height=\"90\" srcset=\"https:\/\/departamento.us.es\/dperiodismo1\/wp-content\/uploads\/2017\/09\/CRedes15-300x90.jpg 300w, https:\/\/departamento.us.es\/dperiodismo1\/wp-content\/uploads\/2017\/09\/CRedes15.jpg 375w\" sizes=\"(max-width: 300px) 100vw, 300px\" \/><\/strong><\/p><p>\u00a0<\/p><p><strong><a href=\"http:\/\/rede.paginaoficial.ws\/\" target=\"_blank\" rel=\"noopener\">Revista REDES.COM<\/a><\/strong><\/p><p>\u00a0<\/p><p>\u00a0<\/p><p><a href=\"https:\/\/departamento.us.es\/dperiodismo1\/wp-content\/uploads\/2017\/11\/COLECCION-CRITICA.pdf\" target=\"_blank\" rel=\"noopener\"><strong>Comunicaci\u00f3n Cr\u00edtica. Comunicaci\u00f3n Social Ediciones<\/strong><\/a><\/p>\t\t\t\t\t\t\t\t<\/div>\n\t\t\t\t<\/div>\n\t\t\t\t\t<\/div>\n\t\t\t\t<\/div>\n\t\t\t\t<\/div>\n\t\t","protected":false},"excerpt":{"rendered":"<p>La difusi\u00f3n de resultados de investigaci\u00f3n del departamento ha sido notoria a lo largo de su historia . El Departamento de Periodismo I edita su revista institucional de investigaci\u00f3n anualmente. Adem\u00e1s de la Revista I\/C, indexada y reconocida internacionalmente, alberga la Revista REDES.COM, de COMPOLITICAS, coeditada con la Universidad de Brasilia. Los acad\u00e9micos del departamento [&hellip;]<\/p>\n","protected":false},"author":6,"featured_media":0,"parent":0,"menu_order":0,"comment_status":"closed","ping_status":"closed","template":"","meta":{"_acf_changed":false,"footnotes":""},"class_list":["post-476","page","type-page","status-publish","hentry"],"acf":[],"_links":{"self":[{"href":"https:\/\/departamento.us.es\/dperiodismo1\/wp-json\/wp\/v2\/pages\/476","targetHints":{"allow":["GET"]}}],"collection":[{"href":"https:\/\/departamento.us.es\/dperiodismo1\/wp-json\/wp\/v2\/pages"}],"about":[{"href":"https:\/\/departamento.us.es\/dperiodismo1\/wp-json\/wp\/v2\/types\/page"}],"author":[{"embeddable":true,"href":"https:\/\/departamento.us.es\/dperiodismo1\/wp-json\/wp\/v2\/users\/6"}],"replies":[{"embeddable":true,"href":"https:\/\/departamento.us.es\/dperiodismo1\/wp-json\/wp\/v2\/comments?post=476"}],"version-history":[{"count":0,"href":"https:\/\/departamento.us.es\/dperiodismo1\/wp-json\/wp\/v2\/pages\/476\/revisions"}],"wp:attachment":[{"href":"https:\/\/departamento.us.es\/dperiodismo1\/wp-json\/wp\/v2\/media?parent=476"}],"curies":[{"name":"wp","href":"https:\/\/api.w.org\/{rel}","templated":true}]}}