{"id":34,"date":"2025-07-03T20:19:09","date_gmt":"2025-07-03T18:19:09","guid":{"rendered":"https:\/\/departamento.us.es\/newdpreyarq\/?page_id=34"},"modified":"2025-09-27T12:02:30","modified_gmt":"2025-09-27T10:02:30","slug":"historia","status":"publish","type":"page","link":"https:\/\/departamento.us.es\/dpreyarq\/historia\/","title":{"rendered":"Historia"},"content":{"rendered":"\n<p>En su configuraci\u00f3n actual, el Departamento de Prehistoria y Arqueolog\u00eda de la Universidad de Sevilla es resultado de una larga evoluci\u00f3n acad\u00e9mica ya casi centenaria.<\/p>\n\n\n<div class=\"wp-block-image\">\n<figure class=\"alignleft size-full is-resized\"><img loading=\"lazy\" decoding=\"async\" width=\"488\" height=\"764\" src=\"http:\/\/departamento.us.es\/dpreyarq\/wp-content\/uploads\/2025\/07\/foto-juan-de-mata-carriazo.jpg\" alt=\"\" class=\"wp-image-231\" style=\"width:155px;height:auto\" srcset=\"https:\/\/departamento.us.es\/dpreyarq\/wp-content\/uploads\/2025\/07\/foto-juan-de-mata-carriazo.jpg 488w, https:\/\/departamento.us.es\/dpreyarq\/wp-content\/uploads\/2025\/07\/foto-juan-de-mata-carriazo-192x300.jpg 192w\" sizes=\"auto, (max-width: 488px) 100vw, 488px\" \/><\/figure><\/div>\n\n\n<p><em>Fotograf\u00eda: J. de M. Carriazo y Arroquia<\/em><\/p>\n\n\n\n<p>A lo largo de este periodo, la organizaci\u00f3n y pr\u00e1ctica de las actividades de docencia e investigaci\u00f3n relacionadas con la Arqueolog\u00eda y la Prehistoria ha ido experimentado diversas vicisitudes y reorganizaciones de acuerdo con la organizaci\u00f3n general de los planes de estudio universitarios de humanidades y letras en nuestro pa\u00eds, as\u00ed como con la dotaci\u00f3n y perfil de las c\u00e1tedras que las han articulado.<\/p>\n\n\n\n<p>B\u00e1sicamente, podr\u00eda decirse que el origen del DPAUS se remonta a la creaci\u00f3n en 1927 de la C\u00e1tedra de Prehistoria, Historia Antigua e Historia Medieval, cuyo primer titular ser\u00eda el Profesor D. Juan de Mata Carriazo y Arroquia. La labor del Profesor Carriazo al frente de esta c\u00e1tedra se extender\u00eda hasta 1969 y dar\u00eda lugar a importantes investigaciones arqueol\u00f3gicas como las excavaciones practicadas en It\u00e1lica en el amplio arco temporal que va desde 1933 hasta 1970, o las conocidas excavaciones en el sitio protohist\u00f3rico de El Carambolo (Camas, Sevilla) a finales de los a\u00f1os 1950. Tras la jubilaci\u00f3n del profesor Carriazo en 1969, la C\u00e1tedra de Prehistoria, Historia Antigua e Historia Medieval se dividir\u00eda en tres departamentos distintos: Prehistoria y Arqueolog\u00eda, cuya c\u00e1tedra fue ocupada por Antonio Blanco Freijeiro, Historia Antigua (Francisco Presedo Velo) e Historia Medieval (M. A. Ladero Quesada).<\/p>\n\n\n<div class=\"wp-block-image\">\n<figure class=\"alignleft size-full is-resized\"><img loading=\"lazy\" decoding=\"async\" width=\"512\" height=\"330\" src=\"http:\/\/departamento.us.es\/dpreyarq\/wp-content\/uploads\/2025\/07\/excavaciones-carambolo.jpg\" alt=\"\" class=\"wp-image-233\" style=\"width:325px;height:auto\" srcset=\"https:\/\/departamento.us.es\/dpreyarq\/wp-content\/uploads\/2025\/07\/excavaciones-carambolo.jpg 512w, https:\/\/departamento.us.es\/dpreyarq\/wp-content\/uploads\/2025\/07\/excavaciones-carambolo-300x193.jpg 300w\" sizes=\"auto, (max-width: 512px) 100vw, 512px\" \/><\/figure><\/div>\n\n\n<p><em>Fotograf\u00eda: Excavaciones en El Carambolo en 1958<\/em><\/p>\n\n\n\n<p>La labor del Profesor Carriazo tuvo su continuidad garantizada por el Profesor Antonio Blanco Freijeiro (nacido en Mar\u00edn, Pontevedra en 1923), quien hab\u00eda estudiado Filosof\u00eda y Letras en las Universidades de Santiago de Compostela y Madrid, realizando posteriormente su especializaci\u00f3n en las Universidades de Oxford y Heidelberg. La etapa del Profesor Blanco en la Universidad de Sevilla, donde desde 1966 actu\u00f3 como Vicedecano de la Facultad de Filosof\u00eda y Letras, supuso la definitiva separaci\u00f3n (ya que no desconexi\u00f3n) de la Arqueolog\u00eda y la Prehistoria de otras especialidades como la Historia Antigua o Medieval a las que hab\u00edan estado previamente unidas. Ello permitir\u00eda una mayor especializaci\u00f3n de la investigaci\u00f3n, reflejada en los m\u00faltiples proyectos arqueol\u00f3gicos desarrollados por el Profesor Blanco, y en su labor como cofundador (junto con Javier de Hoz) de la revista Habis, creada al objeto de dar difusi\u00f3n a las investigaciones realizadas desde las c\u00e1tedras de Filolog\u00eda Cl\u00e1sica, Historia Antigua y Arqueolog\u00eda.<\/p>\n\n\n<div class=\"wp-block-image\">\n<figure class=\"alignleft size-full is-resized\"><img loading=\"lazy\" decoding=\"async\" width=\"294\" height=\"465\" src=\"http:\/\/departamento.us.es\/dpreyarq\/wp-content\/uploads\/2025\/07\/foto-antonio-blanco-freijeiro.jpg\" alt=\"\" class=\"wp-image-234\" style=\"width:130px;height:auto\" srcset=\"https:\/\/departamento.us.es\/dpreyarq\/wp-content\/uploads\/2025\/07\/foto-antonio-blanco-freijeiro.jpg 294w, https:\/\/departamento.us.es\/dpreyarq\/wp-content\/uploads\/2025\/07\/foto-antonio-blanco-freijeiro-190x300.jpg 190w\" sizes=\"auto, (max-width: 294px) 100vw, 294px\" \/><\/figure><\/div>\n\n\n<p><em>Fotograf\u00eda: Antonio Blanco Freijeiro<\/em><\/p>\n\n\n\n<p>Durante la etapa del Profesor Blanco se formaron en este centro especialistas que posteriormente han ocupado importantes puestos acad\u00e9micos en la propia Universidad de Sevilla y en otras universidades espa\u00f1olas. Tal es el caso de los profesores Emilio G\u00f3mez Pi\u00f1ol, Juan Francisco Rodr\u00edguez Neila, Lorenzo Abad Casal, Manuel Bendala Gal\u00e1n, Francisca Chaves Trist\u00e1n, Ram\u00f3n Corzo S\u00e1nchez, Pilar Le\u00f3n Alonso y Jose Mar\u00eda Luz\u00f3n Nogu\u00e9, as\u00ed como del Dr. Jos\u00e9 Mar\u00eda \u00c1lvarez Mart\u00ednez, antiguo Director del Museo Nacional de Arte Romano de M\u00e9rida.<\/p>\n\n\n<div class=\"wp-block-image\">\n<figure class=\"alignleft size-full is-resized\"><img loading=\"lazy\" decoding=\"async\" width=\"850\" height=\"616\" src=\"http:\/\/departamento.us.es\/dpreyarq\/wp-content\/uploads\/2025\/07\/simposio-italica-diputacion-sevilla.jpg\" alt=\"\" class=\"wp-image-235\" style=\"width:367px;height:auto\" srcset=\"https:\/\/departamento.us.es\/dpreyarq\/wp-content\/uploads\/2025\/07\/simposio-italica-diputacion-sevilla.jpg 850w, https:\/\/departamento.us.es\/dpreyarq\/wp-content\/uploads\/2025\/07\/simposio-italica-diputacion-sevilla-300x217.jpg 300w, https:\/\/departamento.us.es\/dpreyarq\/wp-content\/uploads\/2025\/07\/simposio-italica-diputacion-sevilla-768x557.jpg 768w\" sizes=\"auto, (max-width: 850px) 100vw, 850px\" \/><\/figure><\/div>\n\n\n<p>Fotograf\u00eda: Simposio sobre It\u00e1lica celebrado en la Diputaci\u00f3n de Sevilla (1980). De izquierda a derecha: P. Le\u00f3n Alonso, M. Bendala Gal\u00e1n, J.M. Luz\u00f3n Nogu\u00e9, F. Chaves Trist\u00e1n, J.M. Rodr\u00edguez Hidalgo, M. Fern\u00e1ndez Miranda, A. Jim\u00e9nez Mart\u00edn, A. M. Canto, L. Abad Casal, M. Pellicer Catal\u00e1n e I. Negueruela Mart\u00ednez.<\/p>\n\n\n\n<p>En 1974, tras la marcha del Profesor Blanco a la Universidad Complutense de Madrid, la C\u00e1tedra de Arqueolog\u00eda, Epigraf\u00eda y Numism\u00e1tica fue ocupada por el Profesor Manuel Pellicer Catal\u00e1n, quien por entonces era catedr\u00e1tico de Arqueolog\u00eda en la Universidad de La Laguna. El Profesor Pellicer (nacido en Caspe, Zaragoza, en 1926) se hab\u00eda licenciado en Filosof\u00eda y Letras por la Universidad de Zaragoza (1953), realizando su Tesis Doctoral sobre \u201cLa Cer\u00e1mica Ib\u00e9rica del Valle del Ebro\u201d (1960) bajo la direcci\u00f3n de A. Beltr\u00e1n Mart\u00ednez. Habiendo realizado estudios de especializaci\u00f3n en las universidades de Bolonia, Roma, Rennes y Madrid, el Dr. Pellicer hab\u00eda sido profesor en las universidades de Zaragoza, Granada, Madrid y La Laguna antes de obtener la C\u00e1tedra de Sevilla. En 1985 el Profesor Pellicer pasar\u00eda a ocupar la reci\u00e9n creada C\u00e1tedra de Arqueolog\u00eda seg\u00fan la organizaci\u00f3n de \u00e1reas docentes propuesta por la LRU (puesto que desempe\u00f1ar\u00eda hasta 1992, momento en que, tras su jubilaci\u00f3n, pas\u00f3 a ocupar el puesto de Catedr\u00e1tico Em\u00e9rito).<\/p>\n\n\n\n<figure class=\"wp-block-image size-full is-resized\"><img loading=\"lazy\" decoding=\"async\" width=\"661\" height=\"427\" src=\"http:\/\/departamento.us.es\/dpreyarq\/wp-content\/uploads\/2025\/07\/genaro-alvarez-explorando-terrazas-carmona.jpg\" alt=\"\" class=\"wp-image-237\" style=\"width:780px;height:auto\" srcset=\"https:\/\/departamento.us.es\/dpreyarq\/wp-content\/uploads\/2025\/07\/genaro-alvarez-explorando-terrazas-carmona.jpg 661w, https:\/\/departamento.us.es\/dpreyarq\/wp-content\/uploads\/2025\/07\/genaro-alvarez-explorando-terrazas-carmona-300x194.jpg 300w\" sizes=\"auto, (max-width: 661px) 100vw, 661px\" \/><\/figure>\n\n\n\n<p><em>Fotograf\u00eda: Genaro \u00c1lvarez explorando las terrazas de Carmona en 1984<\/em><\/p>\n\n\n\n<figure class=\"wp-block-image size-full is-resized\"><img loading=\"lazy\" decoding=\"async\" width=\"661\" height=\"961\" src=\"http:\/\/departamento.us.es\/dpreyarq\/wp-content\/uploads\/2025\/07\/ABC-investigaciones-vallespi-perez.jpg\" alt=\"\" class=\"wp-image-238\" style=\"width:826px;height:auto\" srcset=\"https:\/\/departamento.us.es\/dpreyarq\/wp-content\/uploads\/2025\/07\/ABC-investigaciones-vallespi-perez.jpg 661w, https:\/\/departamento.us.es\/dpreyarq\/wp-content\/uploads\/2025\/07\/ABC-investigaciones-vallespi-perez-206x300.jpg 206w\" sizes=\"auto, (max-width: 661px) 100vw, 661px\" \/><\/figure>\n\n\n\n<p>Por otra parte, en 1977 se incorpora al DPAUS el Profesor Enrique Vallesp\u00ed P\u00e9rez, quien previamente hab\u00eda desempe\u00f1ado tareas docentes en las universidades de Zaragoza, Deusto, Navarra y Oviedo. El Dr. Vallesp\u00ed iniciar\u00eda una l\u00ednea de investigaci\u00f3n interdisciplinar sobre el poblamiento del Paleol\u00edtico Inferior y Medio en el Sur peninsular, y muy especialmente en el bajo valle del Guadalquivir, en coordinaci\u00f3n con especialistas en geomorfolog\u00eda y paleogeograf\u00eda de la Universidad de Sevilla como el Profesor Fernando D\u00edaz del Olmo. Esta l\u00ednea de trabajo, completamente renovadora dentro del panorama entonces existente en la Prehistoria andaluza, dar\u00eda importantes resultados, plasmados en diversas tesis doctorales (ver secci\u00f3n de esta web dedicada a tesis y tesinas) as\u00ed como publicaciones nacionales e internacionales.<\/p>\n\n\n<div class=\"wp-block-image\">\n<figure class=\"alignleft size-full is-resized\"><img loading=\"lazy\" decoding=\"async\" width=\"485\" height=\"608\" src=\"http:\/\/departamento.us.es\/dpreyarq\/wp-content\/uploads\/2025\/07\/pilar-acosta-martinez.jpg\" alt=\"\" class=\"wp-image-239\" style=\"width:322px;height:auto\" srcset=\"https:\/\/departamento.us.es\/dpreyarq\/wp-content\/uploads\/2025\/07\/pilar-acosta-martinez.jpg 485w, https:\/\/departamento.us.es\/dpreyarq\/wp-content\/uploads\/2025\/07\/pilar-acosta-martinez-239x300.jpg 239w\" sizes=\"auto, (max-width: 485px) 100vw, 485px\" \/><\/figure><\/div>\n\n\n<p><em>Fotograf\u00eda: Pilar Acosta Mart\u00ednez<\/em><\/p>\n\n\n\n<p>En 1981 se cre\u00f3 la primera C\u00e1tedra de Prehistoria de la Universidad de Sevilla, que obtendr\u00eda la Profesora <a href=\"https:\/\/www.arqueologas.es\/acosta-martinez-pilar\/\">Pilar Acosta Mart\u00ednez<\/a>, quien por entonces hab\u00eda trabajado ya como Ayudante en la Universidad de Granada y como Profesora Agregada de Prehistoria en las universidades de La Laguna y Sevilla. La Dra. Acosta Mart\u00ednez ocupar\u00eda esta C\u00e1tedra hasta su fallecimiento en oto\u00f1o de 2006. La labor de los Drs. Pellicer Catal\u00e1n, Acosta Mart\u00ednez y Vallesp\u00ed P\u00e9rez desde finales de los 1970 y durante toda la d\u00e9cada de los 1980 determina en buena medida la configuraci\u00f3n del DPAUS a lo largo de las siguientes dos d\u00e9cadas, tanto en cuanto a su personal integrante como a las principales l\u00edneas de investigaci\u00f3n. El Dr. Pellicer desarrolla en estos a\u00f1os una intens\u00edsima labor investigadora en torno a la Prehistoria Reciente y la Protohistoria de Andaluc\u00eda occidental, practicando excavaciones en los sitios de Quebrantahuesos (Riotinto, Huelva) en 1975, Orippo (Dos Hermanas, Sevilla) y Cerro Macareno (San Jos\u00e9 de la Rinconada, Sevilla) en 1976, en Chinfl\u00f3n (Zalamea la Real, Huelva), Cueva del Parralejo (San Jos\u00e9 del Valle, C\u00e1diz) e It\u00e1lica entre 1977 y 1978, en la Cueva de Nerja (a partir de 1979 y hasta 1987), y en Carmona (1981) y en la Mesa del Gandul (Alcal\u00e1 de Guadaira, Sevilla) en 1986.<\/p>\n\n\n<div class=\"wp-block-image\">\n<figure class=\"alignleft size-full is-resized\"><img loading=\"lazy\" decoding=\"async\" width=\"831\" height=\"585\" src=\"http:\/\/departamento.us.es\/dpreyarq\/wp-content\/uploads\/2025\/07\/m-pellicer-en-nerja.jpg\" alt=\"\" class=\"wp-image-240\" style=\"width:338px;height:auto\" srcset=\"https:\/\/departamento.us.es\/dpreyarq\/wp-content\/uploads\/2025\/07\/m-pellicer-en-nerja.jpg 831w, https:\/\/departamento.us.es\/dpreyarq\/wp-content\/uploads\/2025\/07\/m-pellicer-en-nerja-300x211.jpg 300w, https:\/\/departamento.us.es\/dpreyarq\/wp-content\/uploads\/2025\/07\/m-pellicer-en-nerja-768x541.jpg 768w\" sizes=\"auto, (max-width: 831px) 100vw, 831px\" \/><\/figure><\/div>\n\n\n<p><em>Fotograf\u00eda: M. Pellicer en la Cueva de Nerja en 1986<\/em><\/p>\n\n\n\n<p>Asimismo, durante estos a\u00f1os realizan sus tesis doctorales la mayor\u00eda de los profesores que integraron posteriormente el DPAUS, algunos a\u00fan en activo (F. Amores Carredano, M.L. de la Bandera Romero, R. Cabrero Garc\u00eda, R. Cruz Au\u00f1\u00f3n Briones, J. L. Escacena Carrasco y V. Hurtado P\u00e9rez), as\u00ed como otros profesores que desarrollaron su labor docente en los centros universitarios andaluces entonces dependientes de la Universidad de Sevilla (caso de los Dres. J. C. Mart\u00edn de la Cruz, D. Ruiz Mata, A. Tejera Gaspar, A. Caro Bellido, J. Ramos Mu\u00f1oz, J. Campos Carrasco, etc.) cf. la secci\u00f3n de Investigaci\u00f3n Tesis Doctorales en esta p\u00e1gina web. Adem\u00e1s, el Dr. Pellicer Catal\u00e1n puso en marcha a comienzos de los 1980 un programa de prospecciones superficiales en Andaluc\u00eda occidental que dar\u00eda lugar a una serie de Cartas Arqueol\u00f3gicas (la mayor\u00eda de las cuales fueron redactadas como Tesis de Licenciatura que permanecen in\u00e9ditas) y que han constituido hasta fecha muy reciente la base del inventario de yacimientos arqueol\u00f3gicos de esta regi\u00f3n.<\/p>\n\n\n\n<p>Tras la jubilaci\u00f3n del Dr. Pellicer Catal\u00e1n en 1992, la C\u00e1tedra de Prehistoria permaneci\u00f3 vacante hasta que en el a\u00f1o 2004 la ocup\u00f3 el Profesor Oswaldo Arteaga Matute, quien hab\u00eda venido actuando como Director del Departamento desde 1992. Por su parte, la C\u00e1tedra de Arqueolog\u00eda, tambi\u00e9n vacante, fue ocupada finalmente por la Profesora <a href=\"https:\/\/www.arqueologas.es\/chaves-tristan-francisca\/\">Francisca Chaves Trist\u00e1n<\/a> en 2008, hasta su reciente jubilaci\u00f3n en 2021.<\/p>\n\n\n\n<p>En la d\u00e9cada de los 1990 y 2000, el DPAUS conoci\u00f3 un paulatino crecimiento en cuanto a profesorado y alumnado, con la ampliaci\u00f3n de la plantilla de docentes e investigadores, la renovaci\u00f3n de las titulaciones, la fundaci\u00f3n de la revista Spal (1992) y la colecci\u00f3n Spal Monograf\u00edas (1998), as\u00ed como con una fuerte diversificaci\u00f3n de las l\u00edneas de investigaci\u00f3n cubiertas, que han ido dando cabida paulatinamente a las m\u00e1s recientes tendencias de nuestras especialidades. Tambi\u00e9n se ha caracterizado este periodo por una consolidaci\u00f3n de la colaboraci\u00f3n en materia de docencia e investigaci\u00f3n, de forma casi permanente, con centros cient\u00edficos y universidades extranjeras, como es especialmente el caso de las Universidades de Bremen (Alemania), Southampton (Reino Unido) o Roma (Italia).<\/p>\n\n\n\n<p>La implantaci\u00f3n del Espacio Europeo de Educaci\u00f3n Superior (plan Bolonia) supuso una profunda transformaci\u00f3n en los planes de estudio y la aparici\u00f3n de nuevas titulaciones. Es en este momento cuando se implanta el M\u00e1ster en Arqueolog\u00eda (2008), el Grado en Historia (2009), el Grado en Arqueolog\u00eda (2013), as\u00ed como el Programa de Doctorado en Historia (2013), que vino a sustituir al antiguo Programa de Doctorado en Prehistoria y Arqueolog\u00eda (que obtuvo en 2006 la Menci\u00f3n de Calidad del Ministerio de Educaci\u00f3n y Ciencia) y al resto de los programas de doctorado adscritos a departamentos. Asimismo, el personal del DPAUS se ha ido incorporando en los \u00faltimos a\u00f1os a la docencia en otras titulaciones externas a la Facultad de Geograf\u00eda e Historia, como el Grado en Estudios de Asia Oriental, el M\u00e1ster Universitario en Arquitectura y Patrimonio Hist\u00f3rico o el M\u00e1ster Universitario en Conservaci\u00f3n de Bienes Culturales. Ello no solo ha supuesto una diversificaci\u00f3n en la oferta de asignaturas impartidas por el DPAUS, sino tambi\u00e9n de los perfiles docentes de su personal. Este complejo proceso fue coordinado por la Profesora <a href=\"https:\/\/www.arqueologas.es\/bandera-romero-ma-luisa-de-la\/\">Mar\u00eda Luisa de la Bandera Romero<\/a>, que sucedi\u00f3 al Profesor Oswaldo Arteaga en la direcci\u00f3n del DPAUS a partir de 2005, y el Profesor Jos\u00e9 Luis Escacena Carrasco, qui\u00e9n ejerci\u00f3 de director entre los a\u00f1os 2013 y 2021.<\/p>\n\n\n<div class=\"wp-block-image\">\n<figure class=\"alignleft size-full is-resized\"><img loading=\"lazy\" decoding=\"async\" width=\"886\" height=\"665\" src=\"http:\/\/departamento.us.es\/dpreyarq\/wp-content\/uploads\/2025\/09\/navidad.fw_.png\" alt=\"\" class=\"wp-image-569\" style=\"width:413px;height:auto\" srcset=\"https:\/\/departamento.us.es\/dpreyarq\/wp-content\/uploads\/2025\/09\/navidad.fw_.png 886w, https:\/\/departamento.us.es\/dpreyarq\/wp-content\/uploads\/2025\/09\/navidad.fw_-300x225.png 300w, https:\/\/departamento.us.es\/dpreyarq\/wp-content\/uploads\/2025\/09\/navidad.fw_-768x576.png 768w\" sizes=\"auto, (max-width: 886px) 100vw, 886px\" \/><\/figure><\/div>\n\n\n<p><em>Fotograf\u00eda: Cena de Navidad de 2005<\/em><\/p>\n\n\n\n<p>De hecho, en las \u00faltimas dos d\u00e9cadas la plantilla del DPAUS ha crecido cuantitativa y cualitativamente con la incorporaci\u00f3n de nuevos profesores de plantilla y un ingente n\u00famero de investigadores pre y postdoctorales, as\u00ed como con la promoci\u00f3n y consolidaci\u00f3n de buena parte de su personal a las figuras de Profesor Contratado Doctor\/PPL, Profesor Titular y Catedr\u00e1tico de Universidad. Ello ha implicado, asimismo, la multiplicaci\u00f3n de las l\u00edneas de investigaci\u00f3n y la consolidaci\u00f3n de las ya existentes, abriendo un amplio abanico de temas de estudio, aproximaciones metodol\u00f3gicas y aplicaciones tecnol\u00f3gicas al estudio de la evidencia arqueol\u00f3gica. Como resultado, el DPAUS cuenta actualmente con 6 grupos de investigaci\u00f3n en activo y un creciente n\u00famero de proyectos de investigaci\u00f3n competitivos, tanto nacionales como internacionales. Asimismo, como parte de las pr\u00e1cticas regladas de los t\u00edtulos de grado y m\u00e1ster impartidos desde el departamento, se est\u00e1n coordinando proyectos de investigaci\u00f3n sistem\u00e1ticos en distintos yacimientos arqueol\u00f3gicos, como It\u00e1lica (Santiponce, Sevilla), Cerro Macareno (La Rinconada, Sevilla) o la cueva de La Dehesilla (Jerez de la Frontera, C\u00e1diz).<\/p>\n\n\n\n<p>Para m\u00e1s detalles sobre la historia del Departamento de Prehistoria y Arqueolog\u00eda de la Universidad de Sevilla se pueden consultar los trabajos de Manuel Pellicer Catal\u00e1n (2011) \u201cEsbozo del Departamento de Prehistoria y Arqueolog\u00eda de la Universidad de Sevilla de hace treinta a\u00f1os\u201d, publicado en Spal n\u00ba 20 (p\u00e1ginas 9-22), o de Alfredo Mederos Mart\u00edn (2010) \u201cUna trayectoria rota. Juan de Mata Carriazo, catedr\u00e1tico de Prehistoria e Historia de Espa\u00f1a Antigua y Media de la Universidad de Sevilla\u201d, aparecido en Spal n\u00ba 19 (61-96).<\/p>\n","protected":false},"excerpt":{"rendered":"<p>En su configuraci\u00f3n actual, el Departamento de Prehistoria y Arqueolog\u00eda de la Universidad de Sevilla es resultado de una larga evoluci\u00f3n acad\u00e9mica ya casi centenaria. Fotograf\u00eda: J. de M. Carriazo y Arroquia A lo largo de este periodo, la organizaci\u00f3n y pr\u00e1ctica de las actividades de docencia e investigaci\u00f3n relacionadas con la Arqueolog\u00eda y la [&hellip;]<\/p>\n","protected":false},"author":1,"featured_media":0,"parent":0,"menu_order":0,"comment_status":"closed","ping_status":"closed","template":"","meta":{"footnotes":""},"class_list":["post-34","page","type-page","status-publish","hentry"],"_links":{"self":[{"href":"https:\/\/departamento.us.es\/dpreyarq\/wp-json\/wp\/v2\/pages\/34","targetHints":{"allow":["GET"]}}],"collection":[{"href":"https:\/\/departamento.us.es\/dpreyarq\/wp-json\/wp\/v2\/pages"}],"about":[{"href":"https:\/\/departamento.us.es\/dpreyarq\/wp-json\/wp\/v2\/types\/page"}],"author":[{"embeddable":true,"href":"https:\/\/departamento.us.es\/dpreyarq\/wp-json\/wp\/v2\/users\/1"}],"replies":[{"embeddable":true,"href":"https:\/\/departamento.us.es\/dpreyarq\/wp-json\/wp\/v2\/comments?post=34"}],"version-history":[{"count":14,"href":"https:\/\/departamento.us.es\/dpreyarq\/wp-json\/wp\/v2\/pages\/34\/revisions"}],"predecessor-version":[{"id":580,"href":"https:\/\/departamento.us.es\/dpreyarq\/wp-json\/wp\/v2\/pages\/34\/revisions\/580"}],"wp:attachment":[{"href":"https:\/\/departamento.us.es\/dpreyarq\/wp-json\/wp\/v2\/media?parent=34"}],"curies":[{"name":"wp","href":"https:\/\/api.w.org\/{rel}","templated":true}]}}