{"id":3677,"date":"2022-05-16T14:59:42","date_gmt":"2022-05-16T12:59:42","guid":{"rendered":"https:\/\/departamento.us.es\/duot\/?page_id=3677"},"modified":"2022-05-17T12:39:08","modified_gmt":"2022-05-17T10:39:08","slug":"otros","status":"publish","type":"page","link":"https:\/\/departamento.us.es\/duot\/otros\/","title":{"rendered":"Otros"},"content":{"rendered":"[mk_page_section bg_image=&#8221;https:\/\/departamento.us.es\/duot\/wp-content\/uploads\/2022\/04\/banner_docente.jpg&#8221; bg_repeat=&#8221;no-repeat&#8221; bg_stretch=&#8221;true&#8221; video_color_mask=&#8221;#000000&#8243; min_height=&#8221;500&#8243; js_vertical_centered=&#8221;true&#8221; sidebar=&#8221;sidebar-1&#8243;][vc_column][vc_row_inner el_class=&#8221;title_dott&#8221;][vc_column_inner][mk_fancy_title tag_name=&#8221;h1&#8243; color=&#8221;#ffffff&#8221; size=&#8221;60&#8243; force_font_size=&#8221;true&#8221; size_smallscreen=&#8221;50&#8243; size_phone=&#8221;50&#8243; font_weight=&#8221;300&#8243; font_family=&#8221;none&#8221;]OTRO MATERIAL[\/mk_fancy_title][\/vc_column_inner][\/vc_row_inner][\/vc_column][\/mk_page_section][vc_row el_class=&#8221;contenido shadow&#8221;][vc_column][vc_row_inner css=&#8221;.vc_custom_1652705408785{padding-top: 50px !important;}&#8221;][vc_column_inner][vc_single_image image=&#8221;3664&#8243; img_size=&#8221;full&#8221; alignment=&#8221;center&#8221;][mk_fancy_title line_height=&#8221;190&#8243; font_family=&#8221;none&#8221;]\n<div class=\"itemFullText\">\n<div class=\"itemFullText\">\n<div class=\"itemFullText\">\n<h3>Otro material<\/h3>\n<p><strong>ENLACES:<\/strong><\/p>\n<ul>\n<li><a href=\"http:\/\/www.rtve.es\/alacarta\/videos\/comando-actualidad\/comando-actualidad-casa-ilegal\/2585113\/\" target=\"_blank\" rel=\"noopener\">Mi Casa es Ilegal. Comando Actualizad. RTVE (emitido 27 mayo 2014)<\/a><\/li>\n<\/ul>\n<p><strong>DESCARGAS:<\/strong><\/p>\n<ul>\n<li><a href=\"https:\/\/departamento.us.es\/duot\/master\/archivos\/CUESTIONES_URBANAS_2-3_mupdu_2010-11_y_2011-12.pdf\" target=\"_blank\" rel=\"noopener\">CUESTIONES URBANAS 2-3 mupdu2010-11 y 2011-12<\/a><\/li>\n<li><a href=\"https:\/\/departamento.us.es\/duot\/master\/archivos\/2014-15\/CartelMUPDU14-15.pdf\" target=\"_blank\" rel=\"noopener\">Cartel del M\u00e1ster 2014-15<\/a><\/li>\n<li><a href=\"https:\/\/departamento.us.es\/duot\/master\/archivos\/2013-14\/CARTELEncuentro29y30-enero-2014%28mupdu1314%29.pdf\" target=\"_blank\" rel=\"noopener\">Cartel encuentro: EL FUTURO DE LOS PROCESOS DE OCUPACI\u00d3N Y DE LOS ASENTAMIENTOS NO REGLADOS EN ANDALUC\u00cdA<\/a><\/li>\n<li><a href=\"https:\/\/departamento.us.es\/duot\/master\/archivos\/2012-13\/FichaAlumnoMupdu12-13.pdf\" target=\"_blank\" rel=\"noopener\">Ficha de alumno<\/a><\/li>\n<li><a href=\"https:\/\/departamento.us.es\/duot\/master\/archivos\/2013-14\/MUPDU2013-14%28cartel%29.pdf\" target=\"_blank\" rel=\"noopener\">Cartel del M\u00e1ster 2013-14<\/a><\/li>\n<li><a href=\"https:\/\/departamento.us.es\/duot\/master\/archivos\/2012-13\/InvitacionActoAperturaMUPDU_12-13.pdf\" target=\"_blank\" rel=\"noopener\">Invitaci\u00f3n Acto Apertura del M\u00e1ster 2012-13<\/a><\/li>\n<li><a href=\"https:\/\/departamento.us.es\/duot\/master\/archivos\/2012-13\/LeccionInaugural_mupdu_12-13.pdf\" target=\"_blank\" rel=\"noopener\">Lecci\u00f3n Inaugural del del M\u00e1ster 2012-13<\/a><\/li>\n<li><a href=\"https:\/\/departamento.us.es\/duot\/master\/archivos\/2012-13\/CartelMUPDU2012-13.pdf\" target=\"_blank\" rel=\"noopener\">Cartel del M\u00e1ster 2012-13<\/a><\/li>\n<li><a href=\"https:\/\/departamento.us.es\/duot\/master\/archivos\/cartel_master_MUPDU_1112.pdf\" target=\"_blank\" rel=\"noopener\">Cartel del M\u00e1ster 2011-12<\/a><\/li>\n<li><a href=\"https:\/\/departamento.us.es\/duot\/master\/archivos\/InvitacionActoAperturaMUPDU2010-2011.pdf\" target=\"_blank\" rel=\"noopener\"> Invitacion al acto de apertura del MUPDU curso 2010-2011 (pdf) <\/a><\/li>\n<\/ul>\n<p><a href=\"https:\/\/departamento.us.es\/duot\/master\/archivos\/LeccionInauguralMUPDU2010-11%28R.LopezdeLucio26oct10%29.pdf\" target=\"_blank\" rel=\"noopener\">Leccion Inaugural de a.p. del MUPDU curso 2010-11 por R. L\u00f3pez de Lucio (pdf)<\/a><\/div>\n<\/div>\n<\/div>\n[\/mk_fancy_title][\/vc_column_inner][\/vc_row_inner][\/vc_column][\/vc_row]\n","protected":false},"excerpt":{"rendered":"<p>[mk_page_section bg_image=&#8221;https:\/\/departamento.us.es\/duot\/wp-content\/uploads\/2022\/04\/banner_docente.jpg&#8221; bg_repeat=&#8221;no-repeat&#8221; bg_stretch=&#8221;true&#8221; video_color_mask=&#8221;#000000&#8243; min_height=&#8221;500&#8243; js_vertical_centered=&#8221;true&#8221; sidebar=&#8221;sidebar-1&#8243;][vc_column][vc_row_inner el_class=&#8221;title_dott&#8221;][vc_column_inner][mk_fancy_title tag_name=&#8221;h1&#8243; color=&#8221;#ffffff&#8221; size=&#8221;60&#8243; force_font_size=&#8221;true&#8221; size_smallscreen=&#8221;50&#8243; size_phone=&#8221;50&#8243; font_weight=&#8221;300&#8243; font_family=&#8221;none&#8221;]OTRO MATERIAL[\/mk_fancy_title][\/vc_column_inner][\/vc_row_inner][\/vc_column][\/mk_page_section][vc_row el_class=&#8221;contenido shadow&#8221;][vc_column][vc_row_inner css=&#8221;.vc_custom_1652705408785{padding-top: 50px !important;}&#8221;][vc_column_inner][vc_single_image image=&#8221;3664&#8243; img_size=&#8221;full&#8221; alignment=&#8221;center&#8221;][mk_fancy_title line_height=&#8221;190&#8243; font_family=&#8221;none&#8221;] Otro material ENLACES: Mi Casa es Ilegal. Comando Actualizad. RTVE (emitido 27 mayo 2014) DESCARGAS: CUESTIONES URBANAS 2-3 mupdu2010-11 y 2011-12 Cartel del M\u00e1ster 2014-15 Cartel encuentro: [&hellip;]<\/p>\n","protected":false},"author":4,"featured_media":0,"parent":0,"menu_order":0,"comment_status":"closed","ping_status":"closed","template":"","meta":{"inline_featured_image":false,"footnotes":""},"yoast_head":"<!-- This site is optimized with the Yoast SEO plugin v22.6 - https:\/\/yoast.com\/wordpress\/plugins\/seo\/ -->\n<title>Otros | Dpto. Urban\u00edstica y Ordenaci\u00f3n del Territorio US<\/title>\n<meta name=\"robots\" content=\"index, follow, max-snippet:-1, max-image-preview:large, max-video-preview:-1\" \/>\n<link rel=\"canonical\" href=\"https:\/\/departamento.us.es\/duot\/otros\/\" \/>\n<meta property=\"og:locale\" content=\"es_ES\" \/>\n<meta property=\"og:type\" content=\"article\" \/>\n<meta property=\"og:title\" content=\"Otros | Dpto. Urban\u00edstica y Ordenaci\u00f3n del Territorio US\" \/>\n<meta property=\"og:description\" content=\"[mk_page_section bg_image=&#8221;https:\/\/departamento.us.es\/duot\/wp-content\/uploads\/2022\/04\/banner_docente.jpg&#8221; bg_repeat=&#8221;no-repeat&#8221; bg_stretch=&#8221;true&#8221; video_color_mask=&#8221;#000000&#8243; min_height=&#8221;500&#8243; js_vertical_centered=&#8221;true&#8221; sidebar=&#8221;sidebar-1&#8243;][vc_column][vc_row_inner el_class=&#8221;title_dott&#8221;][vc_column_inner][mk_fancy_title tag_name=&#8221;h1&#8243; color=&#8221;#ffffff&#8221; size=&#8221;60&#8243; force_font_size=&#8221;true&#8221; size_smallscreen=&#8221;50&#8243; size_phone=&#8221;50&#8243; font_weight=&#8221;300&#8243; font_family=&#8221;none&#8221;]OTRO MATERIAL[\/mk_fancy_title][\/vc_column_inner][\/vc_row_inner][\/vc_column][\/mk_page_section][vc_row el_class=&#8221;contenido shadow&#8221;][vc_column][vc_row_inner css=&#8221;.vc_custom_1652705408785{padding-top: 50px !important;}&#8221;][vc_column_inner][vc_single_image image=&#8221;3664&#8243; img_size=&#8221;full&#8221; alignment=&#8221;center&#8221;][mk_fancy_title line_height=&#8221;190&#8243; font_family=&#8221;none&#8221;] Otro material ENLACES: Mi Casa es Ilegal. Comando Actualizad. RTVE (emitido 27 mayo 2014) DESCARGAS: CUESTIONES URBANAS 2-3 mupdu2010-11 y 2011-12 Cartel del M\u00e1ster 2014-15 Cartel encuentro: [&hellip;]\" \/>\n<meta property=\"og:url\" content=\"https:\/\/departamento.us.es\/duot\/otros\/\" \/>\n<meta property=\"og:site_name\" content=\"Dpto. Urban\u00edstica y Ordenaci\u00f3n del Territorio US\" \/>\n<meta property=\"article:modified_time\" content=\"2022-05-17T10:39:08+00:00\" \/>\n<meta name=\"twitter:card\" content=\"summary_large_image\" \/>\n<script type=\"application\/ld+json\" class=\"yoast-schema-graph\">{\"@context\":\"https:\/\/schema.org\",\"@graph\":[{\"@type\":\"WebPage\",\"@id\":\"https:\/\/departamento.us.es\/duot\/otros\/\",\"url\":\"https:\/\/departamento.us.es\/duot\/otros\/\",\"name\":\"Otros | Dpto. Urban\u00edstica y Ordenaci\u00f3n del Territorio US\",\"isPartOf\":{\"@id\":\"https:\/\/departamento.us.es\/duot\/#website\"},\"datePublished\":\"2022-05-16T12:59:42+00:00\",\"dateModified\":\"2022-05-17T10:39:08+00:00\",\"breadcrumb\":{\"@id\":\"https:\/\/departamento.us.es\/duot\/otros\/#breadcrumb\"},\"inLanguage\":\"es\",\"potentialAction\":[{\"@type\":\"ReadAction\",\"target\":[\"https:\/\/departamento.us.es\/duot\/otros\/\"]}]},{\"@type\":\"BreadcrumbList\",\"@id\":\"https:\/\/departamento.us.es\/duot\/otros\/#breadcrumb\",\"itemListElement\":[{\"@type\":\"ListItem\",\"position\":1,\"name\":\"Portada\",\"item\":\"https:\/\/departamento.us.es\/duot\/\"},{\"@type\":\"ListItem\",\"position\":2,\"name\":\"Otros\"}]},{\"@type\":\"WebSite\",\"@id\":\"https:\/\/departamento.us.es\/duot\/#website\",\"url\":\"https:\/\/departamento.us.es\/duot\/\",\"name\":\"Dpto. Urban\u00edstica y Ordenaci\u00f3n del Territorio US\",\"description\":\"Departamento de Urban\u00edstica y Ordenaci\u00f3n del territorio de la Universidad de Sevilla\",\"publisher\":{\"@id\":\"https:\/\/departamento.us.es\/duot\/#organization\"},\"potentialAction\":[{\"@type\":\"SearchAction\",\"target\":{\"@type\":\"EntryPoint\",\"urlTemplate\":\"https:\/\/departamento.us.es\/duot\/?s={search_term_string}\"},\"query-input\":\"required name=search_term_string\"}],\"inLanguage\":\"es\"},{\"@type\":\"Organization\",\"@id\":\"https:\/\/departamento.us.es\/duot\/#organization\",\"name\":\"Departamento de Urban\u00edstica y Ordenaci\u00f3n del territorio US\",\"url\":\"https:\/\/departamento.us.es\/duot\/\",\"logo\":{\"@type\":\"ImageObject\",\"inLanguage\":\"es\",\"@id\":\"https:\/\/departamento.us.es\/duot\/#\/schema\/logo\/image\/\",\"url\":\"https:\/\/departamento.us.es\/duot\/wp-content\/uploads\/2022\/05\/logo_negro.png\",\"contentUrl\":\"https:\/\/departamento.us.es\/duot\/wp-content\/uploads\/2022\/05\/logo_negro.png\",\"width\":475,\"height\":79,\"caption\":\"Departamento de Urban\u00edstica y Ordenaci\u00f3n del territorio US\"},\"image\":{\"@id\":\"https:\/\/departamento.us.es\/duot\/#\/schema\/logo\/image\/\"}}]}<\/script>\n<!-- \/ Yoast SEO plugin. -->","yoast_head_json":{"title":"Otros | Dpto. Urban\u00edstica y Ordenaci\u00f3n del Territorio US","robots":{"index":"index","follow":"follow","max-snippet":"max-snippet:-1","max-image-preview":"max-image-preview:large","max-video-preview":"max-video-preview:-1"},"canonical":"https:\/\/departamento.us.es\/duot\/otros\/","og_locale":"es_ES","og_type":"article","og_title":"Otros | Dpto. Urban\u00edstica y Ordenaci\u00f3n del Territorio US","og_description":"[mk_page_section bg_image=&#8221;https:\/\/departamento.us.es\/duot\/wp-content\/uploads\/2022\/04\/banner_docente.jpg&#8221; bg_repeat=&#8221;no-repeat&#8221; bg_stretch=&#8221;true&#8221; video_color_mask=&#8221;#000000&#8243; min_height=&#8221;500&#8243; js_vertical_centered=&#8221;true&#8221; sidebar=&#8221;sidebar-1&#8243;][vc_column][vc_row_inner el_class=&#8221;title_dott&#8221;][vc_column_inner][mk_fancy_title tag_name=&#8221;h1&#8243; color=&#8221;#ffffff&#8221; size=&#8221;60&#8243; force_font_size=&#8221;true&#8221; size_smallscreen=&#8221;50&#8243; size_phone=&#8221;50&#8243; font_weight=&#8221;300&#8243; font_family=&#8221;none&#8221;]OTRO MATERIAL[\/mk_fancy_title][\/vc_column_inner][\/vc_row_inner][\/vc_column][\/mk_page_section][vc_row el_class=&#8221;contenido shadow&#8221;][vc_column][vc_row_inner css=&#8221;.vc_custom_1652705408785{padding-top: 50px !important;}&#8221;][vc_column_inner][vc_single_image image=&#8221;3664&#8243; img_size=&#8221;full&#8221; alignment=&#8221;center&#8221;][mk_fancy_title line_height=&#8221;190&#8243; font_family=&#8221;none&#8221;] Otro material ENLACES: Mi Casa es Ilegal. Comando Actualizad. RTVE (emitido 27 mayo 2014) DESCARGAS: CUESTIONES URBANAS 2-3 mupdu2010-11 y 2011-12 Cartel del M\u00e1ster 2014-15 Cartel encuentro: [&hellip;]","og_url":"https:\/\/departamento.us.es\/duot\/otros\/","og_site_name":"Dpto. Urban\u00edstica y Ordenaci\u00f3n del Territorio US","article_modified_time":"2022-05-17T10:39:08+00:00","twitter_card":"summary_large_image","schema":{"@context":"https:\/\/schema.org","@graph":[{"@type":"WebPage","@id":"https:\/\/departamento.us.es\/duot\/otros\/","url":"https:\/\/departamento.us.es\/duot\/otros\/","name":"Otros | Dpto. Urban\u00edstica y Ordenaci\u00f3n del Territorio US","isPartOf":{"@id":"https:\/\/departamento.us.es\/duot\/#website"},"datePublished":"2022-05-16T12:59:42+00:00","dateModified":"2022-05-17T10:39:08+00:00","breadcrumb":{"@id":"https:\/\/departamento.us.es\/duot\/otros\/#breadcrumb"},"inLanguage":"es","potentialAction":[{"@type":"ReadAction","target":["https:\/\/departamento.us.es\/duot\/otros\/"]}]},{"@type":"BreadcrumbList","@id":"https:\/\/departamento.us.es\/duot\/otros\/#breadcrumb","itemListElement":[{"@type":"ListItem","position":1,"name":"Portada","item":"https:\/\/departamento.us.es\/duot\/"},{"@type":"ListItem","position":2,"name":"Otros"}]},{"@type":"WebSite","@id":"https:\/\/departamento.us.es\/duot\/#website","url":"https:\/\/departamento.us.es\/duot\/","name":"Dpto. Urban\u00edstica y Ordenaci\u00f3n del Territorio US","description":"Departamento de Urban\u00edstica y Ordenaci\u00f3n del territorio de la Universidad de Sevilla","publisher":{"@id":"https:\/\/departamento.us.es\/duot\/#organization"},"potentialAction":[{"@type":"SearchAction","target":{"@type":"EntryPoint","urlTemplate":"https:\/\/departamento.us.es\/duot\/?s={search_term_string}"},"query-input":"required name=search_term_string"}],"inLanguage":"es"},{"@type":"Organization","@id":"https:\/\/departamento.us.es\/duot\/#organization","name":"Departamento de Urban\u00edstica y Ordenaci\u00f3n del territorio US","url":"https:\/\/departamento.us.es\/duot\/","logo":{"@type":"ImageObject","inLanguage":"es","@id":"https:\/\/departamento.us.es\/duot\/#\/schema\/logo\/image\/","url":"https:\/\/departamento.us.es\/duot\/wp-content\/uploads\/2022\/05\/logo_negro.png","contentUrl":"https:\/\/departamento.us.es\/duot\/wp-content\/uploads\/2022\/05\/logo_negro.png","width":475,"height":79,"caption":"Departamento de Urban\u00edstica y Ordenaci\u00f3n del territorio US"},"image":{"@id":"https:\/\/departamento.us.es\/duot\/#\/schema\/logo\/image\/"}}]}},"_links":{"self":[{"href":"https:\/\/departamento.us.es\/duot\/wp-json\/wp\/v2\/pages\/3677"}],"collection":[{"href":"https:\/\/departamento.us.es\/duot\/wp-json\/wp\/v2\/pages"}],"about":[{"href":"https:\/\/departamento.us.es\/duot\/wp-json\/wp\/v2\/types\/page"}],"author":[{"embeddable":true,"href":"https:\/\/departamento.us.es\/duot\/wp-json\/wp\/v2\/users\/4"}],"replies":[{"embeddable":true,"href":"https:\/\/departamento.us.es\/duot\/wp-json\/wp\/v2\/comments?post=3677"}],"version-history":[{"count":2,"href":"https:\/\/departamento.us.es\/duot\/wp-json\/wp\/v2\/pages\/3677\/revisions"}],"predecessor-version":[{"id":3836,"href":"https:\/\/departamento.us.es\/duot\/wp-json\/wp\/v2\/pages\/3677\/revisions\/3836"}],"wp:attachment":[{"href":"https:\/\/departamento.us.es\/duot\/wp-json\/wp\/v2\/media?parent=3677"}],"curies":[{"name":"wp","href":"https:\/\/api.w.org\/{rel}","templated":true}]}}