{"id":3682,"date":"2022-05-17T08:36:53","date_gmt":"2022-05-17T06:36:53","guid":{"rendered":"https:\/\/departamento.us.es\/duot\/?page_id=3682"},"modified":"2022-05-17T14:26:18","modified_gmt":"2022-05-17T12:26:18","slug":"enlace-de-interes","status":"publish","type":"page","link":"https:\/\/departamento.us.es\/duot\/enlace-de-interes\/","title":{"rendered":"Enlace de inter\u00e9s"},"content":{"rendered":"[mk_page_section bg_image=&#8221;https:\/\/departamento.us.es\/duot\/wp-content\/uploads\/2022\/04\/banner_docente.jpg&#8221; bg_repeat=&#8221;no-repeat&#8221; bg_stretch=&#8221;true&#8221; video_color_mask=&#8221;#000000&#8243; min_height=&#8221;500&#8243; js_vertical_centered=&#8221;true&#8221; sidebar=&#8221;sidebar-1&#8243;][vc_column][vc_row_inner el_class=&#8221;title_dott&#8221;][vc_column_inner][mk_fancy_title tag_name=&#8221;h1&#8243; color=&#8221;#ffffff&#8221; size=&#8221;60&#8243; force_font_size=&#8221;true&#8221; size_smallscreen=&#8221;50&#8243; size_phone=&#8221;50&#8243; font_weight=&#8221;300&#8243; txt_transform=&#8221;uppercase&#8221; font_family=&#8221;none&#8221;]Enlace de inter\u00e9s[\/mk_fancy_title][\/vc_column_inner][\/vc_row_inner][\/vc_column][\/mk_page_section][vc_row el_class=&#8221;contenido shadow&#8221;][vc_column][vc_row_inner css=&#8221;.vc_custom_1652705408785{padding-top: 50px !important;}&#8221;][vc_column_inner width=&#8221;1\/4&#8243;][mk_icon_box2 icon_size=&#8221;48&#8243; icon=&#8221;mk-moon-link-4&#8243; icon_color=&#8221;#000000&#8243; title=&#8221;PGOU de Sevilla Capital&#8221; title_size=&#8221;15&#8243; title_weight=&#8221;bold&#8221; read_more_url=&#8221;https:\/\/www.urbanismosevilla.org\/areas\/planeamiento-desa-urb\/pgou-vigente-1&#8243; link_target=&#8221;_blank&#8221;][\/mk_icon_box2][\/vc_column_inner][vc_column_inner width=&#8221;1\/4&#8243;][mk_icon_box2 icon_size=&#8221;48&#8243; icon=&#8221;mk-moon-link-4&#8243; icon_color=&#8221;#000000&#8243; title=&#8221;Gerencia de Urbanismo Sevilla&#8221; title_size=&#8221;15&#8243; title_weight=&#8221;bold&#8221; read_more_url=&#8221;https:\/\/www.urbanismosevilla.org\/&#8221; link_target=&#8221;_blank&#8221;][\/mk_icon_box2][\/vc_column_inner][vc_column_inner width=&#8221;1\/4&#8243;][mk_icon_box2 icon_size=&#8221;48&#8243; icon=&#8221;mk-moon-link-4&#8243; icon_color=&#8221;#000000&#8243; title=&#8221;Ministerio de Fomento&#8221; title_size=&#8221;15&#8243; title_weight=&#8221;bold&#8221; read_more_url=&#8221;https:\/\/www.mitma.gob.es\/&#8221; link_target=&#8221;_blank&#8221;][\/mk_icon_box2][\/vc_column_inner][vc_column_inner width=&#8221;1\/4&#8243;][mk_icon_box2 icon_size=&#8221;48&#8243; icon=&#8221;mk-moon-link-4&#8243; icon_color=&#8221;#000000&#8243; title=&#8221;Consejeria de O.P. y T.Junta de Andalucia&#8221; title_size=&#8221;15&#8243; title_weight=&#8221;bold&#8221; read_more_url=&#8221;https:\/\/www.juntadeandalucia.es\/organismos\/empleoformacionytrabajoautonomo.html&#8221; link_target=&#8221;_blank&#8221;][\/mk_icon_box2][\/vc_column_inner][\/vc_row_inner][vc_row_inner css=&#8221;.vc_custom_1652705408785{padding-top: 50px !important;}&#8221;][vc_column_inner width=&#8221;1\/4&#8243;][mk_icon_box2 icon_size=&#8221;48&#8243; icon=&#8221;mk-moon-link-4&#8243; icon_color=&#8221;#000000&#8243; title=&#8221;Colegio Oficial de Arquitectos de Sevilla&#8221; title_size=&#8221;15&#8243; title_weight=&#8221;bold&#8221; read_more_url=&#8221;http:\/\/www.coasevilla.org\/&#8221; link_target=&#8221;_blank&#8221;][\/mk_icon_box2][\/vc_column_inner][vc_column_inner width=&#8221;1\/4&#8243;][mk_icon_box2 icon_size=&#8221;48&#8243; icon=&#8221;mk-moon-link-4&#8243; icon_color=&#8221;#000000&#8243; title=&#8221;Fundaci\u00f3n Fidas&#8221; title_size=&#8221;15&#8243; title_weight=&#8221;bold&#8221; read_more_url=&#8221;http:\/\/www.fidas.org\/&#8221; link_target=&#8221;_blank&#8221;][\/mk_icon_box2][\/vc_column_inner][vc_column_inner width=&#8221;1\/4&#8243;][mk_icon_box2 icon_size=&#8221;48&#8243; icon=&#8221;mk-moon-link-4&#8243; icon_color=&#8221;#000000&#8243; title=&#8221;E.T.S. Arquitectura&#8221; title_size=&#8221;15&#8243; title_weight=&#8221;bold&#8221; read_more_url=&#8221;https:\/\/etsa.us.es\/&#8221; link_target=&#8221;_blank&#8221;][\/mk_icon_box2][\/vc_column_inner][vc_column_inner width=&#8221;1\/4&#8243;][\/vc_column_inner][\/vc_row_inner][\/vc_column][\/vc_row]\n","protected":false},"excerpt":{"rendered":"<p>[mk_page_section bg_image=&#8221;https:\/\/departamento.us.es\/duot\/wp-content\/uploads\/2022\/04\/banner_docente.jpg&#8221; bg_repeat=&#8221;no-repeat&#8221; bg_stretch=&#8221;true&#8221; video_color_mask=&#8221;#000000&#8243; min_height=&#8221;500&#8243; js_vertical_centered=&#8221;true&#8221; sidebar=&#8221;sidebar-1&#8243;][vc_column][vc_row_inner el_class=&#8221;title_dott&#8221;][vc_column_inner][mk_fancy_title tag_name=&#8221;h1&#8243; color=&#8221;#ffffff&#8221; size=&#8221;60&#8243; force_font_size=&#8221;true&#8221; size_smallscreen=&#8221;50&#8243; size_phone=&#8221;50&#8243; font_weight=&#8221;300&#8243; txt_transform=&#8221;uppercase&#8221; font_family=&#8221;none&#8221;]Enlace de inter\u00e9s[\/mk_fancy_title][\/vc_column_inner][\/vc_row_inner][\/vc_column][\/mk_page_section][vc_row el_class=&#8221;contenido shadow&#8221;][vc_column][vc_row_inner css=&#8221;.vc_custom_1652705408785{padding-top: 50px !important;}&#8221;][vc_column_inner width=&#8221;1\/4&#8243;][mk_icon_box2 icon_size=&#8221;48&#8243; icon=&#8221;mk-moon-link-4&#8243; icon_color=&#8221;#000000&#8243; title=&#8221;PGOU de Sevilla Capital&#8221; title_size=&#8221;15&#8243; title_weight=&#8221;bold&#8221; read_more_url=&#8221;https:\/\/www.urbanismosevilla.org\/areas\/planeamiento-desa-urb\/pgou-vigente-1&#8243; link_target=&#8221;_blank&#8221;][\/mk_icon_box2][\/vc_column_inner][vc_column_inner width=&#8221;1\/4&#8243;][mk_icon_box2 icon_size=&#8221;48&#8243; icon=&#8221;mk-moon-link-4&#8243; icon_color=&#8221;#000000&#8243; title=&#8221;Gerencia de Urbanismo Sevilla&#8221; title_size=&#8221;15&#8243; title_weight=&#8221;bold&#8221; read_more_url=&#8221;https:\/\/www.urbanismosevilla.org\/&#8221; link_target=&#8221;_blank&#8221;][\/mk_icon_box2][\/vc_column_inner][vc_column_inner width=&#8221;1\/4&#8243;][mk_icon_box2 icon_size=&#8221;48&#8243; icon=&#8221;mk-moon-link-4&#8243; icon_color=&#8221;#000000&#8243; title=&#8221;Ministerio de [&hellip;]<\/p>\n","protected":false},"author":4,"featured_media":0,"parent":0,"menu_order":0,"comment_status":"closed","ping_status":"closed","template":"","meta":{"inline_featured_image":false,"footnotes":""},"yoast_head":"<!-- This site is optimized with the Yoast SEO plugin v22.6 - https:\/\/yoast.com\/wordpress\/plugins\/seo\/ -->\n<title>Enlace de inter\u00e9s | Dpto. Urban\u00edstica y Ordenaci\u00f3n del Territorio US<\/title>\n<meta name=\"robots\" content=\"index, follow, max-snippet:-1, max-image-preview:large, max-video-preview:-1\" \/>\n<link rel=\"canonical\" href=\"https:\/\/departamento.us.es\/duot\/enlace-de-interes\/\" \/>\n<meta property=\"og:locale\" content=\"es_ES\" \/>\n<meta property=\"og:type\" content=\"article\" \/>\n<meta property=\"og:title\" content=\"Enlace de inter\u00e9s | Dpto. Urban\u00edstica y Ordenaci\u00f3n del Territorio US\" \/>\n<meta property=\"og:description\" content=\"[mk_page_section bg_image=&#8221;https:\/\/departamento.us.es\/duot\/wp-content\/uploads\/2022\/04\/banner_docente.jpg&#8221; bg_repeat=&#8221;no-repeat&#8221; bg_stretch=&#8221;true&#8221; video_color_mask=&#8221;#000000&#8243; min_height=&#8221;500&#8243; js_vertical_centered=&#8221;true&#8221; sidebar=&#8221;sidebar-1&#8243;][vc_column][vc_row_inner el_class=&#8221;title_dott&#8221;][vc_column_inner][mk_fancy_title tag_name=&#8221;h1&#8243; color=&#8221;#ffffff&#8221; size=&#8221;60&#8243; force_font_size=&#8221;true&#8221; size_smallscreen=&#8221;50&#8243; size_phone=&#8221;50&#8243; font_weight=&#8221;300&#8243; txt_transform=&#8221;uppercase&#8221; font_family=&#8221;none&#8221;]Enlace de inter\u00e9s[\/mk_fancy_title][\/vc_column_inner][\/vc_row_inner][\/vc_column][\/mk_page_section][vc_row el_class=&#8221;contenido shadow&#8221;][vc_column][vc_row_inner css=&#8221;.vc_custom_1652705408785{padding-top: 50px !important;}&#8221;][vc_column_inner width=&#8221;1\/4&#8243;][mk_icon_box2 icon_size=&#8221;48&#8243; icon=&#8221;mk-moon-link-4&#8243; icon_color=&#8221;#000000&#8243; title=&#8221;PGOU de Sevilla Capital&#8221; title_size=&#8221;15&#8243; title_weight=&#8221;bold&#8221; read_more_url=&#8221;https:\/\/www.urbanismosevilla.org\/areas\/planeamiento-desa-urb\/pgou-vigente-1&#8243; link_target=&#8221;_blank&#8221;][\/mk_icon_box2][\/vc_column_inner][vc_column_inner width=&#8221;1\/4&#8243;][mk_icon_box2 icon_size=&#8221;48&#8243; icon=&#8221;mk-moon-link-4&#8243; icon_color=&#8221;#000000&#8243; title=&#8221;Gerencia de Urbanismo Sevilla&#8221; title_size=&#8221;15&#8243; title_weight=&#8221;bold&#8221; read_more_url=&#8221;https:\/\/www.urbanismosevilla.org\/&#8221; link_target=&#8221;_blank&#8221;][\/mk_icon_box2][\/vc_column_inner][vc_column_inner width=&#8221;1\/4&#8243;][mk_icon_box2 icon_size=&#8221;48&#8243; icon=&#8221;mk-moon-link-4&#8243; icon_color=&#8221;#000000&#8243; title=&#8221;Ministerio de [&hellip;]\" \/>\n<meta property=\"og:url\" content=\"https:\/\/departamento.us.es\/duot\/enlace-de-interes\/\" \/>\n<meta property=\"og:site_name\" content=\"Dpto. Urban\u00edstica y Ordenaci\u00f3n del Territorio US\" \/>\n<meta property=\"article:modified_time\" content=\"2022-05-17T12:26:18+00:00\" \/>\n<meta name=\"twitter:card\" content=\"summary_large_image\" \/>\n<script type=\"application\/ld+json\" class=\"yoast-schema-graph\">{\"@context\":\"https:\/\/schema.org\",\"@graph\":[{\"@type\":\"WebPage\",\"@id\":\"https:\/\/departamento.us.es\/duot\/enlace-de-interes\/\",\"url\":\"https:\/\/departamento.us.es\/duot\/enlace-de-interes\/\",\"name\":\"Enlace de inter\u00e9s | Dpto. Urban\u00edstica y Ordenaci\u00f3n del Territorio US\",\"isPartOf\":{\"@id\":\"https:\/\/departamento.us.es\/duot\/#website\"},\"datePublished\":\"2022-05-17T06:36:53+00:00\",\"dateModified\":\"2022-05-17T12:26:18+00:00\",\"breadcrumb\":{\"@id\":\"https:\/\/departamento.us.es\/duot\/enlace-de-interes\/#breadcrumb\"},\"inLanguage\":\"es\",\"potentialAction\":[{\"@type\":\"ReadAction\",\"target\":[\"https:\/\/departamento.us.es\/duot\/enlace-de-interes\/\"]}]},{\"@type\":\"BreadcrumbList\",\"@id\":\"https:\/\/departamento.us.es\/duot\/enlace-de-interes\/#breadcrumb\",\"itemListElement\":[{\"@type\":\"ListItem\",\"position\":1,\"name\":\"Portada\",\"item\":\"https:\/\/departamento.us.es\/duot\/\"},{\"@type\":\"ListItem\",\"position\":2,\"name\":\"Enlace de inter\u00e9s\"}]},{\"@type\":\"WebSite\",\"@id\":\"https:\/\/departamento.us.es\/duot\/#website\",\"url\":\"https:\/\/departamento.us.es\/duot\/\",\"name\":\"Dpto. Urban\u00edstica y Ordenaci\u00f3n del Territorio US\",\"description\":\"Departamento de Urban\u00edstica y Ordenaci\u00f3n del territorio de la Universidad de Sevilla\",\"publisher\":{\"@id\":\"https:\/\/departamento.us.es\/duot\/#organization\"},\"potentialAction\":[{\"@type\":\"SearchAction\",\"target\":{\"@type\":\"EntryPoint\",\"urlTemplate\":\"https:\/\/departamento.us.es\/duot\/?s={search_term_string}\"},\"query-input\":\"required name=search_term_string\"}],\"inLanguage\":\"es\"},{\"@type\":\"Organization\",\"@id\":\"https:\/\/departamento.us.es\/duot\/#organization\",\"name\":\"Departamento de Urban\u00edstica y Ordenaci\u00f3n del territorio US\",\"url\":\"https:\/\/departamento.us.es\/duot\/\",\"logo\":{\"@type\":\"ImageObject\",\"inLanguage\":\"es\",\"@id\":\"https:\/\/departamento.us.es\/duot\/#\/schema\/logo\/image\/\",\"url\":\"https:\/\/departamento.us.es\/duot\/wp-content\/uploads\/2022\/05\/logo_negro.png\",\"contentUrl\":\"https:\/\/departamento.us.es\/duot\/wp-content\/uploads\/2022\/05\/logo_negro.png\",\"width\":475,\"height\":79,\"caption\":\"Departamento de Urban\u00edstica y Ordenaci\u00f3n del territorio US\"},\"image\":{\"@id\":\"https:\/\/departamento.us.es\/duot\/#\/schema\/logo\/image\/\"}}]}<\/script>\n<!-- \/ Yoast SEO plugin. -->","yoast_head_json":{"title":"Enlace de inter\u00e9s | Dpto. Urban\u00edstica y Ordenaci\u00f3n del Territorio US","robots":{"index":"index","follow":"follow","max-snippet":"max-snippet:-1","max-image-preview":"max-image-preview:large","max-video-preview":"max-video-preview:-1"},"canonical":"https:\/\/departamento.us.es\/duot\/enlace-de-interes\/","og_locale":"es_ES","og_type":"article","og_title":"Enlace de inter\u00e9s | Dpto. Urban\u00edstica y Ordenaci\u00f3n del Territorio US","og_description":"[mk_page_section bg_image=&#8221;https:\/\/departamento.us.es\/duot\/wp-content\/uploads\/2022\/04\/banner_docente.jpg&#8221; bg_repeat=&#8221;no-repeat&#8221; bg_stretch=&#8221;true&#8221; video_color_mask=&#8221;#000000&#8243; min_height=&#8221;500&#8243; js_vertical_centered=&#8221;true&#8221; sidebar=&#8221;sidebar-1&#8243;][vc_column][vc_row_inner el_class=&#8221;title_dott&#8221;][vc_column_inner][mk_fancy_title tag_name=&#8221;h1&#8243; color=&#8221;#ffffff&#8221; size=&#8221;60&#8243; force_font_size=&#8221;true&#8221; size_smallscreen=&#8221;50&#8243; size_phone=&#8221;50&#8243; font_weight=&#8221;300&#8243; txt_transform=&#8221;uppercase&#8221; font_family=&#8221;none&#8221;]Enlace de inter\u00e9s[\/mk_fancy_title][\/vc_column_inner][\/vc_row_inner][\/vc_column][\/mk_page_section][vc_row el_class=&#8221;contenido shadow&#8221;][vc_column][vc_row_inner css=&#8221;.vc_custom_1652705408785{padding-top: 50px !important;}&#8221;][vc_column_inner width=&#8221;1\/4&#8243;][mk_icon_box2 icon_size=&#8221;48&#8243; icon=&#8221;mk-moon-link-4&#8243; icon_color=&#8221;#000000&#8243; title=&#8221;PGOU de Sevilla Capital&#8221; title_size=&#8221;15&#8243; title_weight=&#8221;bold&#8221; read_more_url=&#8221;https:\/\/www.urbanismosevilla.org\/areas\/planeamiento-desa-urb\/pgou-vigente-1&#8243; link_target=&#8221;_blank&#8221;][\/mk_icon_box2][\/vc_column_inner][vc_column_inner width=&#8221;1\/4&#8243;][mk_icon_box2 icon_size=&#8221;48&#8243; icon=&#8221;mk-moon-link-4&#8243; icon_color=&#8221;#000000&#8243; title=&#8221;Gerencia de Urbanismo Sevilla&#8221; title_size=&#8221;15&#8243; title_weight=&#8221;bold&#8221; read_more_url=&#8221;https:\/\/www.urbanismosevilla.org\/&#8221; link_target=&#8221;_blank&#8221;][\/mk_icon_box2][\/vc_column_inner][vc_column_inner width=&#8221;1\/4&#8243;][mk_icon_box2 icon_size=&#8221;48&#8243; icon=&#8221;mk-moon-link-4&#8243; icon_color=&#8221;#000000&#8243; title=&#8221;Ministerio de [&hellip;]","og_url":"https:\/\/departamento.us.es\/duot\/enlace-de-interes\/","og_site_name":"Dpto. Urban\u00edstica y Ordenaci\u00f3n del Territorio US","article_modified_time":"2022-05-17T12:26:18+00:00","twitter_card":"summary_large_image","schema":{"@context":"https:\/\/schema.org","@graph":[{"@type":"WebPage","@id":"https:\/\/departamento.us.es\/duot\/enlace-de-interes\/","url":"https:\/\/departamento.us.es\/duot\/enlace-de-interes\/","name":"Enlace de inter\u00e9s | Dpto. Urban\u00edstica y Ordenaci\u00f3n del Territorio US","isPartOf":{"@id":"https:\/\/departamento.us.es\/duot\/#website"},"datePublished":"2022-05-17T06:36:53+00:00","dateModified":"2022-05-17T12:26:18+00:00","breadcrumb":{"@id":"https:\/\/departamento.us.es\/duot\/enlace-de-interes\/#breadcrumb"},"inLanguage":"es","potentialAction":[{"@type":"ReadAction","target":["https:\/\/departamento.us.es\/duot\/enlace-de-interes\/"]}]},{"@type":"BreadcrumbList","@id":"https:\/\/departamento.us.es\/duot\/enlace-de-interes\/#breadcrumb","itemListElement":[{"@type":"ListItem","position":1,"name":"Portada","item":"https:\/\/departamento.us.es\/duot\/"},{"@type":"ListItem","position":2,"name":"Enlace de inter\u00e9s"}]},{"@type":"WebSite","@id":"https:\/\/departamento.us.es\/duot\/#website","url":"https:\/\/departamento.us.es\/duot\/","name":"Dpto. Urban\u00edstica y Ordenaci\u00f3n del Territorio US","description":"Departamento de Urban\u00edstica y Ordenaci\u00f3n del territorio de la Universidad de Sevilla","publisher":{"@id":"https:\/\/departamento.us.es\/duot\/#organization"},"potentialAction":[{"@type":"SearchAction","target":{"@type":"EntryPoint","urlTemplate":"https:\/\/departamento.us.es\/duot\/?s={search_term_string}"},"query-input":"required name=search_term_string"}],"inLanguage":"es"},{"@type":"Organization","@id":"https:\/\/departamento.us.es\/duot\/#organization","name":"Departamento de Urban\u00edstica y Ordenaci\u00f3n del territorio US","url":"https:\/\/departamento.us.es\/duot\/","logo":{"@type":"ImageObject","inLanguage":"es","@id":"https:\/\/departamento.us.es\/duot\/#\/schema\/logo\/image\/","url":"https:\/\/departamento.us.es\/duot\/wp-content\/uploads\/2022\/05\/logo_negro.png","contentUrl":"https:\/\/departamento.us.es\/duot\/wp-content\/uploads\/2022\/05\/logo_negro.png","width":475,"height":79,"caption":"Departamento de Urban\u00edstica y Ordenaci\u00f3n del territorio US"},"image":{"@id":"https:\/\/departamento.us.es\/duot\/#\/schema\/logo\/image\/"}}]}},"_links":{"self":[{"href":"https:\/\/departamento.us.es\/duot\/wp-json\/wp\/v2\/pages\/3682"}],"collection":[{"href":"https:\/\/departamento.us.es\/duot\/wp-json\/wp\/v2\/pages"}],"about":[{"href":"https:\/\/departamento.us.es\/duot\/wp-json\/wp\/v2\/types\/page"}],"author":[{"embeddable":true,"href":"https:\/\/departamento.us.es\/duot\/wp-json\/wp\/v2\/users\/4"}],"replies":[{"embeddable":true,"href":"https:\/\/departamento.us.es\/duot\/wp-json\/wp\/v2\/comments?post=3682"}],"version-history":[{"count":5,"href":"https:\/\/departamento.us.es\/duot\/wp-json\/wp\/v2\/pages\/3682\/revisions"}],"predecessor-version":[{"id":3857,"href":"https:\/\/departamento.us.es\/duot\/wp-json\/wp\/v2\/pages\/3682\/revisions\/3857"}],"wp:attachment":[{"href":"https:\/\/departamento.us.es\/duot\/wp-json\/wp\/v2\/media?parent=3682"}],"curies":[{"name":"wp","href":"https:\/\/api.w.org\/{rel}","templated":true}]}}