{"id":51,"date":"2025-03-15T13:29:54","date_gmt":"2025-03-15T12:29:54","guid":{"rendered":"https:\/\/departamento.us.es\/newedan\/?page_id=51"},"modified":"2025-03-17T15:26:07","modified_gmt":"2025-03-17T14:26:07","slug":"consejo","status":"publish","type":"page","link":"https:\/\/departamento.us.es\/edan\/consejo\/","title":{"rendered":"Consejo"},"content":{"rendered":"<figure class=\"wp-block-table\">\n<table class=\"has-fixed-layout\">\n<tbody>\n<tr>\n<td><strong>Profesores<\/strong><\/td>\n<\/tr>\n<tr>\n<td><a href=\"http:\/\/personal.us.es\/desouza\/\" target=\"_blank\" rel=\"noopener\">Diego Araujo de Souza<\/a><\/td>\n<\/tr>\n<tr>\n<td><a href=\"http:\/\/personal.us.es\/caraball\/\" target=\"_blank\" rel=\"noopener\">Tom\u00e1s Caraballo Garrido<\/a><\/td>\n<\/tr>\n<tr>\n<td><a href=\"https:\/\/investigacion.us.es\/sisius\/sis_showpub.php?idpers=959\" target=\"_blank\" rel=\"noopener\">Juan Casado D\u00edaz<\/a><\/td>\n<\/tr>\n<tr>\n<td><a href=\"https:\/\/investigacion.us.es\/sisius\/sis_showpub.php?idpers=902\" target=\"_blank\" rel=\"noopener\">Tom\u00e1s Chac\u00f3n Rebollo<\/a><\/td>\n<\/tr>\n<tr>\n<td><a href=\"http:\/\/personal.us.es\/bcliment\" target=\"_blank\" rel=\"noopener\">Blanca Climent Ezquerra<\/a><\/td>\n<\/tr>\n<tr>\n<td><a href=\"http:\/\/personal.us.es\/doubova\" target=\"_blank\" rel=\"noopener\">Anna Doubova Krasotchenko<\/a><\/td>\n<\/tr>\n<tr>\n<td><a href=\"https:\/\/personal.us.es\/cara&quot;\" target=\"_blank\" rel=\"noopener\">Enrique Fern\u00e1ndez Cara<\/a><\/td>\n<\/tr>\n<tr>\n<td><a href=\"https:\/\/personal.us.es\/soledad\" target=\"_blank\" rel=\"noopener\">Soledad Fern\u00e1ndez Garc\u00eda<\/a><\/td>\n<\/tr>\n<tr>\n<td><a href=\"https:\/\/investigacion.us.es\/sisius\/sis_showpub.php?idpers=905\" target=\"_blank\" rel=\"noopener\">Daniel Franco Coronil<\/a><\/td>\n<\/tr>\n<tr>\n<td><a href=\"https:\/\/investigacion.us.es\/sisius\/sis_showpub.php?idpers=5157\" target=\"_blank\" rel=\"noopener\">Inmaculada Gayte Delgado<\/a><\/td>\n<\/tr>\n<tr>\n<td><a href=\"http:\/\/personal.us.es\/macarena\" target=\"_blank\" rel=\"noopener\">Macarena G\u00f3mez M\u00e1rmol<\/a> (Secretaria)<\/td>\n<\/tr>\n<tr>\n<td><a href=\"http:\/\/personal.us.es\/manoloburgos\" target=\"_blank\" rel=\"noopener\">Manuel Gonz\u00e1lez Burgos<\/a><\/td>\n<\/tr>\n<tr>\n<td><a href=\"http:\/\/personal.us.es\/guillen\" target=\"_blank\" rel=\"noopener\">Francisco Guill\u00e9n Gonz\u00e1lez<\/a><\/td>\n<\/tr>\n<tr>\n<td><a href=\"https:\/\/investigacion.us.es\/sisius\/sis_showpub.php?idpers=967\" target=\"_blank\" rel=\"noopener\">Jos\u00e9 Antonio Langa Rosado<\/a><\/td>\n<\/tr>\n<tr>\n<td><a href=\"https:\/\/investigacion.us.es\/sisius\/sis_showpub.php?idpers=3436\" target=\"_blank\" rel=\"noopener\">Manuel Luna Laynez<\/a><\/td>\n<\/tr>\n<tr>\n<td><a href=\"http:\/\/personal.us.es\/fmaestre\/miweb\/Inicio.html\" target=\"_blank\" rel=\"noopener\">Faustino Maestre Caballero<\/a><\/td>\n<\/tr>\n<tr>\n<td><a href=\"http:\/\/personal.us.es\/pmr\/\" target=\"_blank\" rel=\"noopener\">Pedro Mar\u00edn Rubio<\/a><\/td>\n<\/tr>\n<tr>\n<td><a href=\"https:\/\/investigacion.us.es\/sisius\/sis_showpub.php?idpers=16024\" target=\"_blank\" rel=\"noopener\">Cristian Morales Rodrigo<\/a><\/td>\n<\/tr>\n<tr>\n<td><a href=\"https:\/\/personal.us.es\/mpperez\/\" target=\"_blank\" rel=\"noopener\">Ma. Teresa P\u00e9rez P\u00e9rez<\/a><\/td>\n<\/tr>\n<tr>\n<td><a href=\"http:\/\/personales.us.es\/angeles\/\" target=\"_blank\" rel=\"noopener\">Ma. \u00c1ngeles Rodr\u00edguez Bellido<\/a><\/td>\n<\/tr>\n<tr>\n<td><a href=\"https:\/\/sites.google.com\/site\/samuelerubino86\/\" target=\"_blank\" rel=\"noopener\">Samuele Rubino<\/a><\/td>\n<\/tr>\n<tr>\n<td><a href=\"https:\/\/personal.us.es\/ssastre\/\" target=\"_blank\" rel=\"noopener\">Silvia Sastre G\u00f3mez<\/a><\/td>\n<\/tr>\n<tr>\n<td><a href=\"https:\/\/investigacion.us.es\/sisius\/sis_showpub.php?idpers=3437\" target=\"_blank\" rel=\"noopener\">Antonio Su\u00e1rez Fern\u00e1ndez<\/a> (Director)<\/td>\n<\/tr>\n<tr>\n<td><a href=\"http:\/\/personal.us.es\/fjsgrau\/Espanol\/Inicio.html\" target=\"_blank\" rel=\"noopener\">Francisco Javier Su\u00e1rez Grau<\/a><\/td>\n<\/tr>\n<tr>\n<td><strong>Personal de Administraci\u00f3n y Servicios<\/strong><\/td>\n<\/tr>\n<tr>\n<td>Estrella Zambrana D\u00edaz<\/td>\n<\/tr>\n<tr>\n<td><strong>Becarios<\/strong><\/td>\n<\/tr>\n<tr>\n<td>Alejandro Bandera Moreno<\/td>\n<\/tr>\n<tr>\n<td><strong>Representantes de los Estudiantes<\/strong><\/td>\n<\/tr>\n<tr>\n<td>Nombre del estudiante<\/td>\n<\/tr>\n<tr>\n<td>Nombre del estudiante<\/td>\n<\/tr>\n<tr>\n<td>Nombre del estudiante<\/td>\n<\/tr>\n<tr>\n<td>Nombre del estudiante<\/td>\n<\/tr>\n<tr>\n<td>Nombre del estudiante<\/td>\n<\/tr>\n<\/tbody>\n<\/table>\n<\/figure>\n","protected":false},"excerpt":{"rendered":"<p>Profesores Diego Araujo de Souza Tom\u00e1s Caraballo Garrido Juan Casado D\u00edaz Tom\u00e1s Chac\u00f3n Rebollo Blanca Climent Ezquerra Anna Doubova Krasotchenko Enrique Fern\u00e1ndez Cara Soledad Fern\u00e1ndez Garc\u00eda Daniel Franco Coronil Inmaculada Gayte Delgado Macarena G\u00f3mez M\u00e1rmol (Secretaria) Manuel Gonz\u00e1lez Burgos Francisco Guill\u00e9n Gonz\u00e1lez Jos\u00e9 Antonio Langa Rosado Manuel Luna Laynez Faustino Maestre Caballero Pedro Mar\u00edn Rubio [&hellip;]<\/p>\n","protected":false},"author":1,"featured_media":0,"parent":0,"menu_order":0,"comment_status":"closed","ping_status":"closed","template":"","meta":{"_uag_custom_page_level_css":"","site-sidebar-layout":"default","site-content-layout":"","ast-site-content-layout":"","site-content-style":"default","site-sidebar-style":"default","ast-global-header-display":"","ast-banner-title-visibility":"","ast-main-header-display":"","ast-hfb-above-header-display":"","ast-hfb-below-header-display":"","ast-hfb-mobile-header-display":"","site-post-title":"","ast-breadcrumbs-content":"","ast-featured-img":"","footer-sml-layout":"","theme-transparent-header-meta":"","adv-header-id-meta":"","stick-header-meta":"","header-above-stick-meta":"","header-main-stick-meta":"","header-below-stick-meta":"","astra-migrate-meta-layouts":"default","ast-page-background-enabled":"default","ast-page-background-meta":{"desktop":{"background-color":"var(--ast-global-color-5)","background-image":"","background-repeat":"repeat","background-position":"center center","background-size":"auto","background-attachment":"scroll","background-type":"","background-media":"","overlay-type":"","overlay-color":"","overlay-opacity":"","overlay-gradient":""},"tablet":{"background-color":"","background-image":"","background-repeat":"repeat","background-position":"center center","background-size":"auto","background-attachment":"scroll","background-type":"","background-media":"","overlay-type":"","overlay-color":"","overlay-opacity":"","overlay-gradient":""},"mobile":{"background-color":"","background-image":"","background-repeat":"repeat","background-position":"center center","background-size":"auto","background-attachment":"scroll","background-type":"","background-media":"","overlay-type":"","overlay-color":"","overlay-opacity":"","overlay-gradient":""}},"ast-content-background-meta":{"desktop":{"background-color":"var(--ast-global-color-4)","background-image":"","background-repeat":"repeat","background-position":"center center","background-size":"auto","background-attachment":"scroll","background-type":"","background-media":"","overlay-type":"","overlay-color":"","overlay-opacity":"","overlay-gradient":""},"tablet":{"background-color":"var(--ast-global-color-4)","background-image":"","background-repeat":"repeat","background-position":"center center","background-size":"auto","background-attachment":"scroll","background-type":"","background-media":"","overlay-type":"","overlay-color":"","overlay-opacity":"","overlay-gradient":""},"mobile":{"background-color":"var(--ast-global-color-4)","background-image":"","background-repeat":"repeat","background-position":"center center","background-size":"auto","background-attachment":"scroll","background-type":"","background-media":"","overlay-type":"","overlay-color":"","overlay-opacity":"","overlay-gradient":""}},"footnotes":""},"class_list":["post-51","page","type-page","status-publish","hentry"],"uagb_featured_image_src":{"full":false,"thumbnail":false,"medium":false,"medium_large":false,"large":false,"1536x1536":false,"2048x2048":false},"uagb_author_info":{"display_name":"rosa","author_link":"https:\/\/departamento.us.es\/edan\/author\/rosa\/"},"uagb_comment_info":0,"uagb_excerpt":"Profesores Diego Araujo de Souza Tom\u00e1s Caraballo Garrido Juan Casado D\u00edaz Tom\u00e1s Chac\u00f3n Rebollo Blanca Climent Ezquerra Anna Doubova Krasotchenko Enrique Fern\u00e1ndez Cara Soledad Fern\u00e1ndez Garc\u00eda Daniel Franco Coronil Inmaculada Gayte Delgado Macarena G\u00f3mez M\u00e1rmol (Secretaria) Manuel Gonz\u00e1lez Burgos Francisco Guill\u00e9n Gonz\u00e1lez Jos\u00e9 Antonio Langa Rosado Manuel Luna Laynez Faustino Maestre Caballero Pedro Mar\u00edn Rubio&hellip;","_links":{"self":[{"href":"https:\/\/departamento.us.es\/edan\/wp-json\/wp\/v2\/pages\/51","targetHints":{"allow":["GET"]}}],"collection":[{"href":"https:\/\/departamento.us.es\/edan\/wp-json\/wp\/v2\/pages"}],"about":[{"href":"https:\/\/departamento.us.es\/edan\/wp-json\/wp\/v2\/types\/page"}],"author":[{"embeddable":true,"href":"https:\/\/departamento.us.es\/edan\/wp-json\/wp\/v2\/users\/1"}],"replies":[{"embeddable":true,"href":"https:\/\/departamento.us.es\/edan\/wp-json\/wp\/v2\/comments?post=51"}],"version-history":[{"count":12,"href":"https:\/\/departamento.us.es\/edan\/wp-json\/wp\/v2\/pages\/51\/revisions"}],"predecessor-version":[{"id":472,"href":"https:\/\/departamento.us.es\/edan\/wp-json\/wp\/v2\/pages\/51\/revisions\/472"}],"wp:attachment":[{"href":"https:\/\/departamento.us.es\/edan\/wp-json\/wp\/v2\/media?parent=51"}],"curies":[{"name":"wp","href":"https:\/\/api.w.org\/{rel}","templated":true}]}}