{"id":94,"date":"2025-03-15T17:11:26","date_gmt":"2025-03-15T16:11:26","guid":{"rendered":"https:\/\/departamento.us.es\/newedan\/?page_id=94"},"modified":"2025-03-17T20:06:51","modified_gmt":"2025-03-17T19:06:51","slug":"contratacion","status":"publish","type":"page","link":"https:\/\/departamento.us.es\/edan\/contratacion\/","title":{"rendered":"Contrataci\u00f3n de Profesorado"},"content":{"rendered":"\n<figure class=\"wp-block-table\"><table class=\"has-fixed-layout\"><tbody><tr><td>\n   <br>Toda la informaci\u00f3n relativa a convocatorias, normativa, baremos, comisiones, etc. est\u00e1 centralizada en la <br>\n   <a target=\"_blank\" href=\"https:\/\/docentes.us.es\">Web del Vicerrectorado de Profesorado de la Universidad de Sevilla<\/a>.\n   <br><br>\n   <a target=\"_blank\" href=\"https:\/\/docentes.us.es\/index.php?page=pdi\/empleo_publico_ajax&amp;etiqueta=Profesorado%20laboral\">Informaci\u00f3n sobre oferta de empleo p\u00fablico de Profesorado Laboral de la Universidad de Sevilla<\/a>\n   <br><br>\n   <a target=\"_blank\" href=\"https:\/\/docentes.us.es\/index.php?page=pdi\/empleo_publico_ajax&amp;etiqueta=Profesorado%20funcionario\">Informaci\u00f3n sobre oferta de empleo p\u00fablico de Profesorado Funcionario de la Universidad de Sevilla<\/a>\n   <br><br>\n   <\/td><\/tr><\/tbody><\/table><\/figure>\n","protected":false},"excerpt":{"rendered":"<p>Toda la informaci\u00f3n relativa a convocatorias, normativa, baremos, comisiones, etc. est\u00e1 centralizada en la Web del Vicerrectorado de Profesorado de la Universidad de Sevilla. Informaci\u00f3n sobre oferta de empleo p\u00fablico de Profesorado Laboral de la Universidad de Sevilla Informaci\u00f3n sobre oferta de empleo p\u00fablico de Profesorado Funcionario de la Universidad de Sevilla<\/p>\n","protected":false},"author":1,"featured_media":0,"parent":0,"menu_order":0,"comment_status":"closed","ping_status":"closed","template":"","meta":{"_uag_custom_page_level_css":"","site-sidebar-layout":"default","site-content-layout":"","ast-site-content-layout":"","site-content-style":"default","site-sidebar-style":"default","ast-global-header-display":"","ast-banner-title-visibility":"","ast-main-header-display":"","ast-hfb-above-header-display":"","ast-hfb-below-header-display":"","ast-hfb-mobile-header-display":"","site-post-title":"","ast-breadcrumbs-content":"","ast-featured-img":"","footer-sml-layout":"","theme-transparent-header-meta":"","adv-header-id-meta":"","stick-header-meta":"","header-above-stick-meta":"","header-main-stick-meta":"","header-below-stick-meta":"","astra-migrate-meta-layouts":"default","ast-page-background-enabled":"default","ast-page-background-meta":{"desktop":{"background-color":"var(--ast-global-color-5)","background-image":"","background-repeat":"repeat","background-position":"center center","background-size":"auto","background-attachment":"scroll","background-type":"","background-media":"","overlay-type":"","overlay-color":"","overlay-opacity":"","overlay-gradient":""},"tablet":{"background-color":"","background-image":"","background-repeat":"repeat","background-position":"center center","background-size":"auto","background-attachment":"scroll","background-type":"","background-media":"","overlay-type":"","overlay-color":"","overlay-opacity":"","overlay-gradient":""},"mobile":{"background-color":"","background-image":"","background-repeat":"repeat","background-position":"center center","background-size":"auto","background-attachment":"scroll","background-type":"","background-media":"","overlay-type":"","overlay-color":"","overlay-opacity":"","overlay-gradient":""}},"ast-content-background-meta":{"desktop":{"background-color":"var(--ast-global-color-4)","background-image":"","background-repeat":"repeat","background-position":"center center","background-size":"auto","background-attachment":"scroll","background-type":"","background-media":"","overlay-type":"","overlay-color":"","overlay-opacity":"","overlay-gradient":""},"tablet":{"background-color":"var(--ast-global-color-4)","background-image":"","background-repeat":"repeat","background-position":"center center","background-size":"auto","background-attachment":"scroll","background-type":"","background-media":"","overlay-type":"","overlay-color":"","overlay-opacity":"","overlay-gradient":""},"mobile":{"background-color":"var(--ast-global-color-4)","background-image":"","background-repeat":"repeat","background-position":"center center","background-size":"auto","background-attachment":"scroll","background-type":"","background-media":"","overlay-type":"","overlay-color":"","overlay-opacity":"","overlay-gradient":""}},"footnotes":""},"class_list":["post-94","page","type-page","status-publish","hentry"],"uagb_featured_image_src":{"full":false,"thumbnail":false,"medium":false,"medium_large":false,"large":false,"1536x1536":false,"2048x2048":false},"uagb_author_info":{"display_name":"rosa","author_link":"https:\/\/departamento.us.es\/edan\/author\/rosa\/"},"uagb_comment_info":0,"uagb_excerpt":"Toda la informaci\u00f3n relativa a convocatorias, normativa, baremos, comisiones, etc. est\u00e1 centralizada en la Web del Vicerrectorado de Profesorado de la Universidad de Sevilla. Informaci\u00f3n sobre oferta de empleo p\u00fablico de Profesorado Laboral de la Universidad de Sevilla Informaci\u00f3n sobre oferta de empleo p\u00fablico de Profesorado Funcionario de la Universidad de Sevilla","_links":{"self":[{"href":"https:\/\/departamento.us.es\/edan\/wp-json\/wp\/v2\/pages\/94","targetHints":{"allow":["GET"]}}],"collection":[{"href":"https:\/\/departamento.us.es\/edan\/wp-json\/wp\/v2\/pages"}],"about":[{"href":"https:\/\/departamento.us.es\/edan\/wp-json\/wp\/v2\/types\/page"}],"author":[{"embeddable":true,"href":"https:\/\/departamento.us.es\/edan\/wp-json\/wp\/v2\/users\/1"}],"replies":[{"embeddable":true,"href":"https:\/\/departamento.us.es\/edan\/wp-json\/wp\/v2\/comments?post=94"}],"version-history":[{"count":8,"href":"https:\/\/departamento.us.es\/edan\/wp-json\/wp\/v2\/pages\/94\/revisions"}],"predecessor-version":[{"id":483,"href":"https:\/\/departamento.us.es\/edan\/wp-json\/wp\/v2\/pages\/94\/revisions\/483"}],"wp:attachment":[{"href":"https:\/\/departamento.us.es\/edan\/wp-json\/wp\/v2\/media?parent=94"}],"curies":[{"name":"wp","href":"https:\/\/api.w.org\/{rel}","templated":true}]}}