{"id":116,"date":"2014-04-03T10:49:51","date_gmt":"2014-04-03T10:49:51","guid":{"rendered":"https:\/\/departamento.us.es\/filologiaclasica\/?page_id=116"},"modified":"2025-10-20T10:34:55","modified_gmt":"2025-10-20T10:34:55","slug":"estudiantes-internos-201314","status":"publish","type":"page","link":"https:\/\/departamento.us.es\/filologiaclasica\/?page_id=116","title":{"rendered":"Estudiantes Internos 2025\/2026"},"content":{"rendered":"\n<p>Plazo de solicitud <strong>del 20 al 24 de octubre <\/strong>en la secretar\u00eda del departamento o en dfclasica@us.es<\/p>\n\n\n\n<p><strong>N\u00daMERO TOTAL DE ESTUDIANTES: 19<\/strong><\/p>\n\n\n\n<p><strong>1.- PROFESORA: AGUAYO HIDALGO, F\u00c1TIMA<\/strong><\/p>\n\n\n\n<p>Tareas: Traducci\u00f3n y comentario de textos griegos de per\u00edodo Helen\u00edstico<\/p>\n\n\n\n<p>N\u00famero de estudiantes 3<\/p>\n\n\n\n<p><strong>2.- PROFESOR: APRILE, ALBERTO GUILLERMO<\/strong><\/p>\n\n\n\n<p>Tareas: Ficci\u00f3n, historia y narraci\u00f3n en la historiograf\u00eda latina tard\u00eda. Selecci\u00f3n, traducci\u00f3n y an\u00e1lisis de pasajes de historiadores latinos \u201cmenores\u201d de los s.IV-V de.C.<\/p>\n\n\n\n<p>N\u00famero de estudiantes <strong>2<\/strong><\/p>\n\n\n\n<p><strong>3.- PROFESORAS: FERN\u00c1NDEZ MART\u00cdNEZ, CONCEPCI\u00d3N\/LIM\u00d3N BEL\u00c9N, MAR\u00cdA<\/strong><\/p>\n\n\n\n<p>Tareas: Familiarizaci\u00f3n con la base de datos CLEO Y&nbsp; los repertorios de abreviaturas, introducci\u00f3n a los criterios editoriales de epigraf\u00eda latina en verso. Verificaci\u00f3n y correcci\u00f3n de registros epigr\u00e1ficos, incluyendo la transcripci\u00f3n fon\u00e9tica y fonol\u00f3gica, Uniformizaci\u00f3n de referencias a corpora epigr\u00e1ficos y bibliograf\u00eda secundaria, con atenci\u00f3n a fuentes sobre fonolog\u00eda y morfolog\u00eda del lat\u00edn cl\u00e1sico, control de calidad en la codificaci\u00f3n de textos, metadatos y criterios filol\u00f3gicos.<\/p>\n\n\n\n<p>N\u00famero de estudiantes 6<\/p>\n\n\n\n<p><strong>4.-PROFESORA: &nbsp;FERNANDEZ R\u00cdOS, MAR\u00cdA<\/strong><\/p>\n\n\n\n<p>Tareas: Preparaci\u00f3n de taller\/es l\u00fadico-did\u00e1ctico\/s para la participaci\u00f3n en la celebraci\u00f3n del D\u00eda de la Fundaci\u00f3n de Roma con la Asociaci\u00f3n Internacional Alma Cl\u00e1sica<\/p>\n\n\n\n<p>N\u00famero de estudiantes 5<\/p>\n\n\n\n<p><strong>5.- PROFESORA: PAJ\u00d3N LEYRE, IRENE<\/strong><\/p>\n\n\n\n<p>Tareas: Lectura y comentario de textos en papiro<\/p>\n\n\n\n<p>N\u00famero de estudiantes 3<\/p>\n\n\n\n<p><\/p>\n\n\n\n<p><\/p>\n","protected":false},"excerpt":{"rendered":"<p>Plazo de solicitud del 20 al 24 de octubre en la secretar\u00eda del departamento o en dfclasica@us.es N\u00daMERO TOTAL DE ESTUDIANTES: 19 1.- PROFESORA: AGUAYO HIDALGO, F\u00c1TIMA Tareas: Traducci\u00f3n y comentario de textos griegos de per\u00edodo Helen\u00edstico N\u00famero de estudiantes<\/p>\n","protected":false},"author":1,"featured_media":0,"parent":42,"menu_order":0,"comment_status":"closed","ping_status":"closed","template":"","meta":[],"_links":{"self":[{"href":"https:\/\/departamento.us.es\/filologiaclasica\/index.php?rest_route=\/wp\/v2\/pages\/116"}],"collection":[{"href":"https:\/\/departamento.us.es\/filologiaclasica\/index.php?rest_route=\/wp\/v2\/pages"}],"about":[{"href":"https:\/\/departamento.us.es\/filologiaclasica\/index.php?rest_route=\/wp\/v2\/types\/page"}],"author":[{"embeddable":true,"href":"https:\/\/departamento.us.es\/filologiaclasica\/index.php?rest_route=\/wp\/v2\/users\/1"}],"replies":[{"embeddable":true,"href":"https:\/\/departamento.us.es\/filologiaclasica\/index.php?rest_route=%2Fwp%2Fv2%2Fcomments&post=116"}],"version-history":[{"count":9,"href":"https:\/\/departamento.us.es\/filologiaclasica\/index.php?rest_route=\/wp\/v2\/pages\/116\/revisions"}],"predecessor-version":[{"id":1092,"href":"https:\/\/departamento.us.es\/filologiaclasica\/index.php?rest_route=\/wp\/v2\/pages\/116\/revisions\/1092"}],"up":[{"embeddable":true,"href":"https:\/\/departamento.us.es\/filologiaclasica\/index.php?rest_route=\/wp\/v2\/pages\/42"}],"wp:attachment":[{"href":"https:\/\/departamento.us.es\/filologiaclasica\/index.php?rest_route=%2Fwp%2Fv2%2Fmedia&parent=116"}],"curies":[{"name":"wp","href":"https:\/\/api.w.org\/{rel}","templated":true}]}}