{"id":2,"date":"2014-04-01T14:49:36","date_gmt":"2014-04-01T14:49:36","guid":{"rendered":"https:\/\/departamento.us.es\/filologiaclasica\/?page_id=2"},"modified":"2023-06-04T17:13:55","modified_gmt":"2023-06-04T17:13:55","slug":"pagina-ejemplo","status":"publish","type":"page","link":"https:\/\/departamento.us.es\/filologiaclasica\/","title":{"rendered":"Inicio"},"content":{"rendered":"<p style=\"text-align: justify;\">Bienvenido a la p\u00e1gina web del Departamento de Filolog\u00eda Griega y Latina de la Universidad de Sevilla, en la Facultad de Filolog\u00eda, que regula e imparte la docencia de la especialidad del Grado en Filolog\u00eda Cl\u00e1sica y de la parte correspondiente del Doble Grado en Filolog\u00eda Cl\u00e1sica e Hisp\u00e1nica.<\/p>\n<p style=\"text-align: justify;\">La sede del Departamento se encuentra ubicada en en la planta baja<span style=\"color: #008080;\">&nbsp;<\/span> de la Facultad de Filolog\u00eda <span style=\"color: #008080;\"> <a href=\"https:\/\/departamento.us.es\/filologiaclasica\/wp-content\/uploads\/2014\/04\/aulas_planta_baja1.jpg\">(ver mapa)<\/a><\/span>, Campus Universitario del&nbsp;Rectorado, en el edificio de la&nbsp;antigua <span style=\"color: #008080;\"><a href=\"http:\/\/es.wikipedia.org\/wiki\/Real_F%C3%A1brica_de_Tabacos_de_Sevilla\" target=\"_blank\" rel=\"noopener\">Real F\u00e1brica de Tabacos<\/a><\/span>&nbsp;que&nbsp;es monumento hist\u00f3rico y art\u00edstico del siglo XVIII.<\/p>\n<p style=\"text-align: justify;\">Para m\u00e1s informaci\u00f3n puede contactar con la Secretar\u00eda del Departamento:<\/p>\n<ul>\n<li style=\"text-align: justify;\">Direcci\u00f3n: c\/ Palos de la Frontera s\/n, 41004, Sevilla.<\/li>\n<li style=\"text-align: justify;\">Tfno: 954 551 515<\/li>\n<li style=\"text-align: justify;\">Fax: 954 556 985<\/li>\n<li style=\"text-align: justify;\">E-mail: dfclasica@us.es<\/li>\n<\/ul>\n","protected":false},"excerpt":{"rendered":"<p>Bienvenido a la p\u00e1gina web del Departamento de Filolog\u00eda Griega y Latina de la Universidad de Sevilla, en la Facultad de Filolog\u00eda, que regula e imparte la docencia de la especialidad del Grado en Filolog\u00eda Cl\u00e1sica y de la parte<\/p>\n","protected":false},"author":1,"featured_media":913,"parent":0,"menu_order":0,"comment_status":"closed","ping_status":"open","template":"","meta":[],"_links":{"self":[{"href":"https:\/\/departamento.us.es\/filologiaclasica\/index.php?rest_route=\/wp\/v2\/pages\/2"}],"collection":[{"href":"https:\/\/departamento.us.es\/filologiaclasica\/index.php?rest_route=\/wp\/v2\/pages"}],"about":[{"href":"https:\/\/departamento.us.es\/filologiaclasica\/index.php?rest_route=\/wp\/v2\/types\/page"}],"author":[{"embeddable":true,"href":"https:\/\/departamento.us.es\/filologiaclasica\/index.php?rest_route=\/wp\/v2\/users\/1"}],"replies":[{"embeddable":true,"href":"https:\/\/departamento.us.es\/filologiaclasica\/index.php?rest_route=%2Fwp%2Fv2%2Fcomments&post=2"}],"version-history":[{"count":1,"href":"https:\/\/departamento.us.es\/filologiaclasica\/index.php?rest_route=\/wp\/v2\/pages\/2\/revisions"}],"predecessor-version":[{"id":915,"href":"https:\/\/departamento.us.es\/filologiaclasica\/index.php?rest_route=\/wp\/v2\/pages\/2\/revisions\/915"}],"wp:featuredmedia":[{"embeddable":true,"href":"https:\/\/departamento.us.es\/filologiaclasica\/index.php?rest_route=\/wp\/v2\/media\/913"}],"wp:attachment":[{"href":"https:\/\/departamento.us.es\/filologiaclasica\/index.php?rest_route=%2Fwp%2Fv2%2Fmedia&parent=2"}],"curies":[{"name":"wp","href":"https:\/\/api.w.org\/{rel}","templated":true}]}}