{"id":331,"date":"2014-07-04T15:47:02","date_gmt":"2014-07-04T15:47:02","guid":{"rendered":"https:\/\/departamento.us.es\/filologiaclasica\/?page_id=331"},"modified":"2014-07-04T15:57:50","modified_gmt":"2014-07-04T15:57:50","slug":"doctorado","status":"publish","type":"page","link":"https:\/\/departamento.us.es\/filologiaclasica\/?page_id=331","title":{"rendered":"Doctorado"},"content":{"rendered":"<p style=\"text-align: justify;\">Ya est\u00e1 disponible el calendario de matr\u00edcula de los Estudios de Doctorado para el curso <strong>2014\/15<\/strong>. <a href=\"https:\/\/departamento.us.es\/filologiaclasica\/wp-content\/uploads\/2014\/07\/CALENDARIO_2014_2015.pdf\">Pulse aqu\u00ed para descargar el documento<\/a>.<\/p>\n<p style=\"text-align: justify;\">Si desea m\u00e1s informaci\u00f3n puede consultar la p\u00e1gina <a href=\"www.doctorado.us.es\" target=\"_blank\">web del Vicerrectorado de Investigaci\u00f3n<\/a> de la Universidad de Sevilla.<\/p>\n","protected":false},"excerpt":{"rendered":"<p>Ya est\u00e1 disponible el calendario de matr\u00edcula de los Estudios de Doctorado para el curso 2014\/15. Pulse aqu\u00ed para descargar el documento. Si desea m\u00e1s informaci\u00f3n puede consultar la p\u00e1gina web del Vicerrectorado de Investigaci\u00f3n de la Universidad de Sevilla.<\/p>\n","protected":false},"author":1,"featured_media":0,"parent":0,"menu_order":0,"comment_status":"closed","ping_status":"closed","template":"","meta":[],"_links":{"self":[{"href":"https:\/\/departamento.us.es\/filologiaclasica\/index.php?rest_route=\/wp\/v2\/pages\/331"}],"collection":[{"href":"https:\/\/departamento.us.es\/filologiaclasica\/index.php?rest_route=\/wp\/v2\/pages"}],"about":[{"href":"https:\/\/departamento.us.es\/filologiaclasica\/index.php?rest_route=\/wp\/v2\/types\/page"}],"author":[{"embeddable":true,"href":"https:\/\/departamento.us.es\/filologiaclasica\/index.php?rest_route=\/wp\/v2\/users\/1"}],"replies":[{"embeddable":true,"href":"https:\/\/departamento.us.es\/filologiaclasica\/index.php?rest_route=%2Fwp%2Fv2%2Fcomments&post=331"}],"version-history":[{"count":0,"href":"https:\/\/departamento.us.es\/filologiaclasica\/index.php?rest_route=\/wp\/v2\/pages\/331\/revisions"}],"wp:attachment":[{"href":"https:\/\/departamento.us.es\/filologiaclasica\/index.php?rest_route=%2Fwp%2Fv2%2Fmedia&parent=331"}],"curies":[{"name":"wp","href":"https:\/\/api.w.org\/{rel}","templated":true}]}}