{"id":20,"date":"2024-02-07T19:30:13","date_gmt":"2024-02-07T18:30:13","guid":{"rendered":"http:\/\/departamento.us.es\/fimebiof\/?page_id=20"},"modified":"2026-02-12T10:55:06","modified_gmt":"2026-02-12T09:55:06","slug":"inicio","status":"publish","type":"page","link":"https:\/\/departamento.us.es\/fimebiof\/","title":{"rendered":"Inicio"},"content":{"rendered":"\t\t<div data-elementor-type=\"wp-page\" data-elementor-id=\"20\" class=\"elementor elementor-20\" data-elementor-post-type=\"page\">\n\t\t\t\t<div class=\"elementor-element elementor-element-bee2cf0 e-flex e-con-boxed e-con e-parent\" data-id=\"bee2cf0\" data-element_type=\"container\">\n\t\t\t\t\t<div class=\"e-con-inner\">\n\t\t\t\t<div class=\"elementor-element elementor-element-1ac6802 elementor-widget elementor-widget-image\" data-id=\"1ac6802\" data-element_type=\"widget\" data-widget_type=\"image.default\">\n\t\t\t\t<div class=\"elementor-widget-container\">\n\t\t\t\t\t\t\t\t\t\t\t\t<figure class=\"wp-caption\">\n\t\t\t\t\t\t\t\t\t\t<img decoding=\"async\" src=\"https:\/\/departamento.us.es\/fimebiof\/wp-content\/uploads\/2024\/02\/central.jpg\" title=\"central\" alt=\"central\" loading=\"lazy\" \/>\t\t\t\t\t\t\t\t\t\t\t<figcaption class=\"widget-image-caption wp-caption-text\">Fisiolog\u00eda M\u00e9dica y Biof\u00edsica<\/figcaption>\n\t\t\t\t\t\t\t\t\t\t<\/figure>\n\t\t\t\t\t\t\t\t\t<\/div>\n\t\t\t\t<\/div>\n\t\t\t\t\t<\/div>\n\t\t\t\t<\/div>\n\t\t<div class=\"elementor-element elementor-element-607657e e-flex e-con-boxed e-con e-parent\" data-id=\"607657e\" data-element_type=\"container\">\n\t\t\t\t\t<div class=\"e-con-inner\">\n\t\t\t\t<div class=\"elementor-element elementor-element-f9561e4 elementor-widget elementor-widget-spacer\" data-id=\"f9561e4\" data-element_type=\"widget\" data-widget_type=\"spacer.default\">\n\t\t\t\t<div class=\"elementor-widget-container\">\n\t\t\t\t\t\t\t<div class=\"elementor-spacer\">\n\t\t\t<div class=\"elementor-spacer-inner\"><\/div>\n\t\t<\/div>\n\t\t\t\t\t\t<\/div>\n\t\t\t\t<\/div>\n\t\t\t\t\t<\/div>\n\t\t\t\t<\/div>\n\t\t<div class=\"elementor-element elementor-element-e6e79f3 e-flex e-con-boxed e-con e-parent\" data-id=\"e6e79f3\" data-element_type=\"container\">\n\t\t\t\t\t<div class=\"e-con-inner\">\n\t\t\t\t<div class=\"elementor-element elementor-element-7a5ab99 elementor-widget elementor-widget-heading\" data-id=\"7a5ab99\" data-element_type=\"widget\" data-widget_type=\"heading.default\">\n\t\t\t\t<div class=\"elementor-widget-container\">\n\t\t\t\t\t<h3 class=\"elementor-heading-title elementor-size-default\">Bienvenido<\/h3>\t\t\t\t<\/div>\n\t\t\t\t<\/div>\n\t\t\t\t<div class=\"elementor-element elementor-element-f978bb3 elementor-widget elementor-widget-text-editor\" data-id=\"f978bb3\" data-element_type=\"widget\" data-widget_type=\"text-editor.default\">\n\t\t\t\t<div class=\"elementor-widget-container\">\n\t\t\t\t\t\t\t\t\t<p>En nuestra nueva Web podr\u00e1s encontrar informaci\u00f3n referente a los integrantes del Departamento, Grupos de Investigaci\u00f3n y todo lo relacionado con nuestro Departamento y las distintas secciones que lo componen. Tambi\u00e9n encontrar\u00e1s documentos e informaci\u00f3n sobre las asignaturas de la licenciatura y los distintos Centro Universitarios donde se imparten..<\/p>\t\t\t\t\t\t\t\t<\/div>\n\t\t\t\t<\/div>\n\t\t\t\t\t<\/div>\n\t\t\t\t<\/div>\n\t\t<div class=\"elementor-element elementor-element-98fe294 e-flex e-con-boxed e-con e-parent\" data-id=\"98fe294\" data-element_type=\"container\">\n\t\t\t\t\t<div class=\"e-con-inner\">\n\t\t\t\t<div class=\"elementor-element elementor-element-af3db81 elementor-widget elementor-widget-heading\" data-id=\"af3db81\" data-element_type=\"widget\" data-widget_type=\"heading.default\">\n\t\t\t\t<div class=\"elementor-widget-container\">\n\t\t\t\t\t<h3 class=\"elementor-heading-title elementor-size-default\">Estructura<\/h3>\t\t\t\t<\/div>\n\t\t\t\t<\/div>\n\t\t\t\t\t<\/div>\n\t\t\t\t<\/div>\n\t\t<div class=\"elementor-element elementor-element-320d76a e-flex e-con-boxed e-con e-parent\" data-id=\"320d76a\" data-element_type=\"container\">\n\t\t\t\t\t<div class=\"e-con-inner\">\n\t\t<div class=\"elementor-element elementor-element-c494942 e-con-full e-flex e-con e-child\" data-id=\"c494942\" data-element_type=\"container\">\n\t\t\t\t<div class=\"elementor-element elementor-element-61bf50e elementor-widget elementor-widget-image-box\" data-id=\"61bf50e\" data-element_type=\"widget\" data-widget_type=\"image-box.default\">\n\t\t\t\t<div class=\"elementor-widget-container\">\n\t\t\t\t\t<div class=\"elementor-image-box-wrapper\"><div class=\"elementor-image-box-content\"><h4 class=\"elementor-image-box-title\">Director del Departamento<\/h4><p class=\"elementor-image-box-description\">Castellano Orozco, Antonio Gonzalo<\/p><\/div><\/div>\t\t\t\t<\/div>\n\t\t\t\t<\/div>\n\t\t\t\t<\/div>\n\t\t<div class=\"elementor-element elementor-element-4eea597 e-con-full e-flex e-con e-child\" data-id=\"4eea597\" data-element_type=\"container\">\n\t\t\t\t<div class=\"elementor-element elementor-element-2ccfcc7 elementor-widget elementor-widget-image-box\" data-id=\"2ccfcc7\" data-element_type=\"widget\" data-widget_type=\"image-box.default\">\n\t\t\t\t<div class=\"elementor-widget-container\">\n\t\t\t\t\t<div class=\"elementor-image-box-wrapper\"><div class=\"elementor-image-box-content\"><h4 class=\"elementor-image-box-title\">Secretario del Departamento<\/h4><p class=\"elementor-image-box-description\">N\u00fa\u00f1ez Dom\u00ednguez, J. Carlos<\/p><\/div><\/div>\t\t\t\t<\/div>\n\t\t\t\t<\/div>\n\t\t\t\t<\/div>\n\t\t<div class=\"elementor-element elementor-element-7e88ede e-con-full e-flex e-con e-child\" data-id=\"7e88ede\" data-element_type=\"container\">\n\t\t\t\t<div class=\"elementor-element elementor-element-bde5e74 elementor-widget elementor-widget-spacer\" data-id=\"bde5e74\" data-element_type=\"widget\" data-widget_type=\"spacer.default\">\n\t\t\t\t<div class=\"elementor-widget-container\">\n\t\t\t\t\t\t\t<div class=\"elementor-spacer\">\n\t\t\t<div class=\"elementor-spacer-inner\"><\/div>\n\t\t<\/div>\n\t\t\t\t\t\t<\/div>\n\t\t\t\t<\/div>\n\t\t\t\t<\/div>\n\t\t\t\t\t<\/div>\n\t\t\t\t<\/div>\n\t\t<div class=\"elementor-element elementor-element-15d2d25 e-flex e-con-boxed e-con e-parent\" data-id=\"15d2d25\" data-element_type=\"container\">\n\t\t\t\t\t<div class=\"e-con-inner\">\n\t\t\t\t<div class=\"elementor-element elementor-element-44d7a39 elementor-widget elementor-widget-spacer\" data-id=\"44d7a39\" data-element_type=\"widget\" data-widget_type=\"spacer.default\">\n\t\t\t\t<div class=\"elementor-widget-container\">\n\t\t\t\t\t\t\t<div class=\"elementor-spacer\">\n\t\t\t<div class=\"elementor-spacer-inner\"><\/div>\n\t\t<\/div>\n\t\t\t\t\t\t<\/div>\n\t\t\t\t<\/div>\n\t\t\t\t\t<\/div>\n\t\t\t\t<\/div>\n\t\t<div class=\"elementor-element elementor-element-7b1f04e e-flex e-con-boxed e-con e-parent\" data-id=\"7b1f04e\" data-element_type=\"container\">\n\t\t\t\t\t<div class=\"e-con-inner\">\n\t\t<div class=\"elementor-element elementor-element-a27ce43 e-con-full e-flex e-con e-child\" data-id=\"a27ce43\" data-element_type=\"container\" data-settings=\"{&quot;background_background&quot;:&quot;classic&quot;}\">\n\t\t\t\t<div class=\"elementor-element elementor-element-9ca34f9 elementor-widget elementor-widget-heading\" data-id=\"9ca34f9\" data-element_type=\"widget\" data-widget_type=\"heading.default\">\n\t\t\t\t<div class=\"elementor-widget-container\">\n\t\t\t\t\t<h3 class=\"elementor-heading-title elementor-size-default\">Informaci\u00f3n<\/h3>\t\t\t\t<\/div>\n\t\t\t\t<\/div>\n\t\t\t\t<div class=\"elementor-element elementor-element-95aaeaa elementor-widget elementor-widget-text-editor\" data-id=\"95aaeaa\" data-element_type=\"widget\" data-widget_type=\"text-editor.default\">\n\t\t\t\t<div class=\"elementor-widget-container\">\n\t\t\t\t\t\t\t\t\t<div class=\"textospie\">Departamento de Fisiolog\u00eda M\u00e9dica y Biof\u00edsica.<\/div><div class=\"textospie\">Facultad de Medicina de la Universidad de Sevilla.<\/div><div>fimebiof@us.es\u00a0 \u00a0 \u00a0 Tlf.:954551768\/70<\/div>\t\t\t\t\t\t\t\t<\/div>\n\t\t\t\t<\/div>\n\t\t\t\t<\/div>\n\t\t<div class=\"elementor-element elementor-element-c2dd4c5 e-con-full e-flex e-con e-child\" data-id=\"c2dd4c5\" data-element_type=\"container\" data-settings=\"{&quot;background_background&quot;:&quot;classic&quot;}\">\n\t\t\t\t<div class=\"elementor-element elementor-element-8a73738 elementor-widget elementor-widget-heading\" data-id=\"8a73738\" data-element_type=\"widget\" data-widget_type=\"heading.default\">\n\t\t\t\t<div class=\"elementor-widget-container\">\n\t\t\t\t\t<h3 class=\"elementor-heading-title elementor-size-default\">Enlaces r\u00e1pidos<\/h3>\t\t\t\t<\/div>\n\t\t\t\t<\/div>\n\t\t\t\t<div class=\"elementor-element elementor-element-f163ed7 elementor-widget elementor-widget-text-editor\" data-id=\"f163ed7\" data-element_type=\"widget\" data-widget_type=\"text-editor.default\">\n\t\t\t\t<div class=\"elementor-widget-container\">\n\t\t\t\t\t\t\t\t\t<div class=\"textospie\"><div class=\"textospie\"><a class=\"link\" title=\"Ense\u00f1anza Virtual\" href=\"https:\/\/ev.us.es\/\" target=\"_blank\" rel=\"noopener\">Ense\u00f1anza Virtual<\/a><\/div><div class=\"textospie\"><a class=\"link\" title=\"Secretar\u00eda Virtual\" href=\"https:\/\/sevius.us.es\/\" target=\"_blank\" rel=\"noopener\">Secretar\u00eda Virtual<\/a><\/div><div class=\"textospie\"><a class=\"link\" title=\"Facultad de Medicina\" href=\"https:\/\/medicina.us.es\/\" target=\"_blank\" rel=\"noopener\">Facultad de Medicina<\/a><\/div><div class=\"textospie\"><a class=\"link\" title=\"Universidad de Sevilla\" href=\"https:\/\/www.us.es\/\" target=\"_blank\" rel=\"noopener\">Universidad de Sevilla<\/a><\/div><div><a href=\"https:\/\/www.ibis-sevilla.es\/es\/\" target=\"_blank\" rel=\"noopener\">Ibis (Instituto de Biomedicina de Sevilla)<\/a><\/div><div><a href=\"https:\/\/departamento.us.es\/fimebiof\/wp-content\/uploads\/2026\/02\/CENSO-SECTOR-C-Fisiologia-Med-y-Biofisica.pdf\">Censo Definitivo Sector C (Elecciones a Consejo de Departamento 2026)<\/a><\/div><\/div>\t\t\t\t\t\t\t\t<\/div>\n\t\t\t\t<\/div>\n\t\t\t\t<\/div>\n\t\t\t\t\t<\/div>\n\t\t\t\t<\/div>\n\t\t<div class=\"elementor-element elementor-element-9d6d5e3 e-flex e-con-boxed e-con e-parent\" data-id=\"9d6d5e3\" data-element_type=\"container\">\n\t\t\t\t\t<div class=\"e-con-inner\">\n\t\t<div class=\"elementor-element elementor-element-0156688 e-flex e-con-boxed e-con e-child\" data-id=\"0156688\" data-element_type=\"container\">\n\t\t\t\t\t<div class=\"e-con-inner\">\n\t\t<div class=\"elementor-element elementor-element-174e98a e-flex e-con-boxed e-con e-child\" data-id=\"174e98a\" data-element_type=\"container\">\n\t\t\t\t\t<div class=\"e-con-inner\">\n\t\t\t\t\t<\/div>\n\t\t\t\t<\/div>\n\t\t\t\t<div class=\"elementor-element elementor-element-6173933 elementor-widget elementor-widget-text-editor\" data-id=\"6173933\" data-element_type=\"widget\" data-widget_type=\"text-editor.default\">\n\t\t\t\t<div class=\"elementor-widget-container\">\n\t\t\t\t\t\t\t\t\t<div class=\"izquierdapie\"><div id=\"marcapie\"><a class=\"textospie code\" href=\"https:\/\/www.us.es\/aviso-legal\" target=\"_blank\" rel=\"noopener\">Cookies<\/a><\/div><\/div>\t\t\t\t\t\t\t\t<\/div>\n\t\t\t\t<\/div>\n\t\t\t\t\t<\/div>\n\t\t\t\t<\/div>\n\t\t\t\t\t<\/div>\n\t\t\t\t<\/div>\n\t\t\t\t<\/div>\n\t\t","protected":false},"excerpt":{"rendered":"<p>Bienvenido En nuestra nueva Web podr\u00e1s encontrar informaci\u00f3n referente a los integrantes del Departamento, Grupos de Investigaci\u00f3n y todo lo relacionado con nuestro Departamento y las distintas secciones que lo&hellip;&nbsp;<a href=\"https:\/\/departamento.us.es\/fimebiof\/\" class=\"\" rel=\"bookmark\">Leer m\u00e1s &raquo;<span class=\"screen-reader-text\">Inicio<\/span><\/a><\/p>\n","protected":false},"author":1,"featured_media":0,"parent":0,"menu_order":0,"comment_status":"closed","ping_status":"closed","template":"page-templates\/template-pagebuilder-full-width.php","meta":{"neve_meta_sidebar":"","neve_meta_container":"","neve_meta_enable_content_width":"on","neve_meta_content_width":100,"neve_meta_title_alignment":"","neve_meta_author_avatar":"","neve_post_elements_order":"","neve_meta_disable_header":"","neve_meta_disable_footer":"","neve_meta_disable_title":"on","footnotes":""},"class_list":["post-20","page","type-page","status-publish","hentry"],"_links":{"self":[{"href":"https:\/\/departamento.us.es\/fimebiof\/wp-json\/wp\/v2\/pages\/20","targetHints":{"allow":["GET"]}}],"collection":[{"href":"https:\/\/departamento.us.es\/fimebiof\/wp-json\/wp\/v2\/pages"}],"about":[{"href":"https:\/\/departamento.us.es\/fimebiof\/wp-json\/wp\/v2\/types\/page"}],"author":[{"embeddable":true,"href":"https:\/\/departamento.us.es\/fimebiof\/wp-json\/wp\/v2\/users\/1"}],"replies":[{"embeddable":true,"href":"https:\/\/departamento.us.es\/fimebiof\/wp-json\/wp\/v2\/comments?post=20"}],"version-history":[{"count":79,"href":"https:\/\/departamento.us.es\/fimebiof\/wp-json\/wp\/v2\/pages\/20\/revisions"}],"predecessor-version":[{"id":714,"href":"https:\/\/departamento.us.es\/fimebiof\/wp-json\/wp\/v2\/pages\/20\/revisions\/714"}],"wp:attachment":[{"href":"https:\/\/departamento.us.es\/fimebiof\/wp-json\/wp\/v2\/media?parent=20"}],"curies":[{"name":"wp","href":"https:\/\/api.w.org\/{rel}","templated":true}]}}