{"id":2677,"date":"2025-02-04T08:35:20","date_gmt":"2025-02-04T08:35:20","guid":{"rendered":"https:\/\/departamento.us.es\/fisiologia\/?page_id=2677"},"modified":"2025-10-08T14:31:00","modified_gmt":"2025-10-08T14:31:00","slug":"docencia","status":"publish","type":"page","link":"https:\/\/departamento.us.es\/fisiologia\/docencia\/","title":{"rendered":"Docencia"},"content":{"rendered":"\t\t<div data-elementor-type=\"wp-page\" data-elementor-id=\"2677\" class=\"elementor elementor-2677\" data-elementor-post-type=\"page\">\n\t\t\t\t<div class=\"elementor-element elementor-element-deb7201 e-flex e-con-boxed e-con e-parent\" data-id=\"deb7201\" data-element_type=\"container\">\n\t\t\t\t\t<div class=\"e-con-inner\">\n\t\t\t\t<div class=\"elementor-element elementor-element-a47d540 elementor-align-center elementor-widget elementor-widget-button\" data-id=\"a47d540\" data-element_type=\"widget\" data-widget_type=\"button.default\">\n\t\t\t\t<div class=\"elementor-widget-container\">\n\t\t\t\t\t\t\t\t\t<div class=\"elementor-button-wrapper\">\n\t\t\t\t\t<a class=\"elementor-button elementor-button-link elementor-size-sm elementor-animation-grow\" href=\"https:\/\/departamento.us.es\/fisiologia\/docencia\/grados\/\">\n\t\t\t\t\t\t<span class=\"elementor-button-content-wrapper\">\n\t\t\t\t\t\t\t\t\t<span class=\"elementor-button-text\">Grados<\/span>\n\t\t\t\t\t<\/span>\n\t\t\t\t\t<\/a>\n\t\t\t\t<\/div>\n\t\t\t\t\t\t\t\t<\/div>\n\t\t\t\t<\/div>\n\t\t\t\t<div class=\"elementor-element elementor-element-526aabc elementor-align-center elementor-widget elementor-widget-button\" data-id=\"526aabc\" data-element_type=\"widget\" data-widget_type=\"button.default\">\n\t\t\t\t<div class=\"elementor-widget-container\">\n\t\t\t\t\t\t\t\t\t<div class=\"elementor-button-wrapper\">\n\t\t\t\t\t<a class=\"elementor-button elementor-button-link elementor-size-sm elementor-animation-grow\" href=\"https:\/\/departamento.us.es\/fisiologia\/docencia\/master\/\">\n\t\t\t\t\t\t<span class=\"elementor-button-content-wrapper\">\n\t\t\t\t\t\t\t\t\t<span class=\"elementor-button-text\">M\u00e1ster<\/span>\n\t\t\t\t\t<\/span>\n\t\t\t\t\t<\/a>\n\t\t\t\t<\/div>\n\t\t\t\t\t\t\t\t<\/div>\n\t\t\t\t<\/div>\n\t\t\t\t<div class=\"elementor-element elementor-element-1de9a8e elementor-align-center elementor-widget elementor-widget-button\" data-id=\"1de9a8e\" data-element_type=\"widget\" data-widget_type=\"button.default\">\n\t\t\t\t<div class=\"elementor-widget-container\">\n\t\t\t\t\t\t\t\t\t<div class=\"elementor-button-wrapper\">\n\t\t\t\t\t<a class=\"elementor-button elementor-button-link elementor-size-sm elementor-animation-grow\" href=\"https:\/\/departamento.us.es\/fisiologia\/docencia\/programa-de-doctorado\/\">\n\t\t\t\t\t\t<span class=\"elementor-button-content-wrapper\">\n\t\t\t\t\t\t\t\t\t<span class=\"elementor-button-text\">Programa de doctorado<\/span>\n\t\t\t\t\t<\/span>\n\t\t\t\t\t<\/a>\n\t\t\t\t<\/div>\n\t\t\t\t\t\t\t\t<\/div>\n\t\t\t\t<\/div>\n\t\t\t\t<div class=\"elementor-element elementor-element-c7d31c2 elementor-align-center elementor-widget elementor-widget-button\" data-id=\"c7d31c2\" data-element_type=\"widget\" data-widget_type=\"button.default\">\n\t\t\t\t<div class=\"elementor-widget-container\">\n\t\t\t\t\t\t\t\t\t<div class=\"elementor-button-wrapper\">\n\t\t\t\t\t<a class=\"elementor-button elementor-button-link elementor-size-sm elementor-animation-grow\" href=\"https:\/\/departamento.us.es\/fisiologia\/wp-content\/uploads\/2025\/09\/CONV-EEII-25-26.pdf\">\n\t\t\t\t\t\t<span class=\"elementor-button-content-wrapper\">\n\t\t\t\t\t\t\t\t\t<span class=\"elementor-button-text\">Alumnos internos <\/span>\n\t\t\t\t\t<\/span>\n\t\t\t\t\t<\/a>\n\t\t\t\t<\/div>\n\t\t\t\t\t\t\t\t<\/div>\n\t\t\t\t<\/div>\n\t\t\t\t<div class=\"elementor-element elementor-element-f3d1ad1 elementor-align-center elementor-widget elementor-widget-button\" data-id=\"f3d1ad1\" data-element_type=\"widget\" data-widget_type=\"button.default\">\n\t\t\t\t<div class=\"elementor-widget-container\">\n\t\t\t\t\t\t\t\t\t<div class=\"elementor-button-wrapper\">\n\t\t\t\t\t<a class=\"elementor-button elementor-button-link elementor-size-sm elementor-animation-grow\" href=\"https:\/\/departamento.us.es\/fisiologia\/wp-content\/uploads\/2025\/10\/tutorias-25-26_version-mejorada.pdf\">\n\t\t\t\t\t\t<span class=\"elementor-button-content-wrapper\">\n\t\t\t\t\t\t\t\t\t<span class=\"elementor-button-text\">Horario tutor\u00edas<\/span>\n\t\t\t\t\t<\/span>\n\t\t\t\t\t<\/a>\n\t\t\t\t<\/div>\n\t\t\t\t\t\t\t\t<\/div>\n\t\t\t\t<\/div>\n\t\t\t\t\t<\/div>\n\t\t\t\t<\/div>\n\t\t\t\t<\/div>\n\t\t","protected":false},"excerpt":{"rendered":"<p>Grados M\u00e1ster Programa de doctorado Alumnos internos Horario tutor\u00edas<\/p>\n","protected":false},"author":7,"featured_media":0,"parent":0,"menu_order":0,"comment_status":"closed","ping_status":"closed","template":"","meta":{"_acf_changed":false,"footnotes":""},"class_list":["post-2677","page","type-page","status-publish","hentry"],"acf":[],"yoast_head":"<!-- This site is optimized with the Yoast SEO plugin v26.8 - https:\/\/yoast.com\/product\/yoast-seo-wordpress\/ -->\n<title>Docencia - Fisiolog\u00eda<\/title>\n<meta name=\"robots\" content=\"index, follow, max-snippet:-1, max-image-preview:large, max-video-preview:-1\" \/>\n<link rel=\"canonical\" href=\"https:\/\/departamento.us.es\/fisiologia\/docencia\/\" \/>\n<meta property=\"og:locale\" content=\"es_ES\" \/>\n<meta property=\"og:type\" content=\"article\" \/>\n<meta property=\"og:title\" content=\"Docencia - Fisiolog\u00eda\" \/>\n<meta property=\"og:description\" content=\"Grados M\u00e1ster Programa de doctorado Alumnos internos Horario tutor\u00edas\" \/>\n<meta property=\"og:url\" content=\"https:\/\/departamento.us.es\/fisiologia\/docencia\/\" \/>\n<meta property=\"og:site_name\" content=\"Fisiolog\u00eda\" \/>\n<meta property=\"article:modified_time\" content=\"2025-10-08T14:31:00+00:00\" \/>\n<meta name=\"twitter:card\" content=\"summary_large_image\" \/>\n<script type=\"application\/ld+json\" class=\"yoast-schema-graph\">{\"@context\":\"https:\/\/schema.org\",\"@graph\":[{\"@type\":\"WebPage\",\"@id\":\"https:\/\/departamento.us.es\/fisiologia\/docencia\/\",\"url\":\"https:\/\/departamento.us.es\/fisiologia\/docencia\/\",\"name\":\"Docencia - Fisiolog\u00eda\",\"isPartOf\":{\"@id\":\"https:\/\/departamento.us.es\/fisiologia\/#website\"},\"datePublished\":\"2025-02-04T08:35:20+00:00\",\"dateModified\":\"2025-10-08T14:31:00+00:00\",\"inLanguage\":\"es\",\"potentialAction\":[{\"@type\":\"ReadAction\",\"target\":[\"https:\/\/departamento.us.es\/fisiologia\/docencia\/\"]}]},{\"@type\":\"WebSite\",\"@id\":\"https:\/\/departamento.us.es\/fisiologia\/#website\",\"url\":\"https:\/\/departamento.us.es\/fisiologia\/\",\"name\":\"Fisiolog\u00eda\",\"description\":\"Departamento de Fisiolog\u00eda\",\"publisher\":{\"@id\":\"https:\/\/departamento.us.es\/fisiologia\/#organization\"},\"potentialAction\":[{\"@type\":\"SearchAction\",\"target\":{\"@type\":\"EntryPoint\",\"urlTemplate\":\"https:\/\/departamento.us.es\/fisiologia\/?s={search_term_string}\"},\"query-input\":{\"@type\":\"PropertyValueSpecification\",\"valueRequired\":true,\"valueName\":\"search_term_string\"}}],\"inLanguage\":\"es\"},{\"@type\":\"Organization\",\"@id\":\"https:\/\/departamento.us.es\/fisiologia\/#organization\",\"name\":\"Fisiolog\u00eda\",\"url\":\"https:\/\/departamento.us.es\/fisiologia\/\",\"logo\":{\"@type\":\"ImageObject\",\"inLanguage\":\"es\",\"@id\":\"https:\/\/departamento.us.es\/fisiologia\/#\/schema\/logo\/image\/\",\"url\":\"https:\/\/departamento.us.es\/fisiologia\/wp-content\/uploads\/2022\/02\/LogoUScuadrado-blanco.png\",\"contentUrl\":\"https:\/\/departamento.us.es\/fisiologia\/wp-content\/uploads\/2022\/02\/LogoUScuadrado-blanco.png\",\"width\":147,\"height\":150,\"caption\":\"Fisiolog\u00eda\"},\"image\":{\"@id\":\"https:\/\/departamento.us.es\/fisiologia\/#\/schema\/logo\/image\/\"}}]}<\/script>\n<!-- \/ Yoast SEO plugin. -->","yoast_head_json":{"title":"Docencia - Fisiolog\u00eda","robots":{"index":"index","follow":"follow","max-snippet":"max-snippet:-1","max-image-preview":"max-image-preview:large","max-video-preview":"max-video-preview:-1"},"canonical":"https:\/\/departamento.us.es\/fisiologia\/docencia\/","og_locale":"es_ES","og_type":"article","og_title":"Docencia - Fisiolog\u00eda","og_description":"Grados M\u00e1ster Programa de doctorado Alumnos internos Horario tutor\u00edas","og_url":"https:\/\/departamento.us.es\/fisiologia\/docencia\/","og_site_name":"Fisiolog\u00eda","article_modified_time":"2025-10-08T14:31:00+00:00","twitter_card":"summary_large_image","schema":{"@context":"https:\/\/schema.org","@graph":[{"@type":"WebPage","@id":"https:\/\/departamento.us.es\/fisiologia\/docencia\/","url":"https:\/\/departamento.us.es\/fisiologia\/docencia\/","name":"Docencia - Fisiolog\u00eda","isPartOf":{"@id":"https:\/\/departamento.us.es\/fisiologia\/#website"},"datePublished":"2025-02-04T08:35:20+00:00","dateModified":"2025-10-08T14:31:00+00:00","inLanguage":"es","potentialAction":[{"@type":"ReadAction","target":["https:\/\/departamento.us.es\/fisiologia\/docencia\/"]}]},{"@type":"WebSite","@id":"https:\/\/departamento.us.es\/fisiologia\/#website","url":"https:\/\/departamento.us.es\/fisiologia\/","name":"Fisiolog\u00eda","description":"Departamento de Fisiolog\u00eda","publisher":{"@id":"https:\/\/departamento.us.es\/fisiologia\/#organization"},"potentialAction":[{"@type":"SearchAction","target":{"@type":"EntryPoint","urlTemplate":"https:\/\/departamento.us.es\/fisiologia\/?s={search_term_string}"},"query-input":{"@type":"PropertyValueSpecification","valueRequired":true,"valueName":"search_term_string"}}],"inLanguage":"es"},{"@type":"Organization","@id":"https:\/\/departamento.us.es\/fisiologia\/#organization","name":"Fisiolog\u00eda","url":"https:\/\/departamento.us.es\/fisiologia\/","logo":{"@type":"ImageObject","inLanguage":"es","@id":"https:\/\/departamento.us.es\/fisiologia\/#\/schema\/logo\/image\/","url":"https:\/\/departamento.us.es\/fisiologia\/wp-content\/uploads\/2022\/02\/LogoUScuadrado-blanco.png","contentUrl":"https:\/\/departamento.us.es\/fisiologia\/wp-content\/uploads\/2022\/02\/LogoUScuadrado-blanco.png","width":147,"height":150,"caption":"Fisiolog\u00eda"},"image":{"@id":"https:\/\/departamento.us.es\/fisiologia\/#\/schema\/logo\/image\/"}}]}},"_links":{"self":[{"href":"https:\/\/departamento.us.es\/fisiologia\/wp-json\/wp\/v2\/pages\/2677","targetHints":{"allow":["GET"]}}],"collection":[{"href":"https:\/\/departamento.us.es\/fisiologia\/wp-json\/wp\/v2\/pages"}],"about":[{"href":"https:\/\/departamento.us.es\/fisiologia\/wp-json\/wp\/v2\/types\/page"}],"author":[{"embeddable":true,"href":"https:\/\/departamento.us.es\/fisiologia\/wp-json\/wp\/v2\/users\/7"}],"replies":[{"embeddable":true,"href":"https:\/\/departamento.us.es\/fisiologia\/wp-json\/wp\/v2\/comments?post=2677"}],"version-history":[{"count":0,"href":"https:\/\/departamento.us.es\/fisiologia\/wp-json\/wp\/v2\/pages\/2677\/revisions"}],"wp:attachment":[{"href":"https:\/\/departamento.us.es\/fisiologia\/wp-json\/wp\/v2\/media?parent=2677"}],"curies":[{"name":"wp","href":"https:\/\/api.w.org\/{rel}","templated":true}]}}