{"id":2679,"date":"2025-02-04T08:36:13","date_gmt":"2025-02-04T08:36:13","guid":{"rendered":"https:\/\/departamento.us.es\/fisiologia\/?page_id=2679"},"modified":"2025-05-02T11:15:35","modified_gmt":"2025-05-02T11:15:35","slug":"presentacion","status":"publish","type":"page","link":"https:\/\/departamento.us.es\/fisiologia\/el-departamento\/presentacion\/","title":{"rendered":"Presentaci\u00f3n"},"content":{"rendered":"\t\t<div data-elementor-type=\"wp-page\" data-elementor-id=\"2679\" class=\"elementor elementor-2679\" data-elementor-post-type=\"page\">\n\t\t\t\t<div class=\"elementor-element elementor-element-b4694d9 e-flex e-con-boxed e-con e-parent\" data-id=\"b4694d9\" data-element_type=\"container\">\n\t\t\t\t\t<div class=\"e-con-inner\">\n\t\t\t\t<div class=\"elementor-element elementor-element-460f32b elementor-widget elementor-widget-text-editor\" data-id=\"460f32b\" data-element_type=\"widget\" data-widget_type=\"text-editor.default\">\n\t\t\t\t<div class=\"elementor-widget-container\">\n\t\t\t\t\t\t\t\t\t<p>El <strong>Departamento de Fisiolog\u00eda<\/strong> tiene su sede en las <strong>Facultades de Biolog\u00eda y Farmacia<\/strong> de la Universidad de Sevilla, donde desarrolla tanto su labor docente como su actividad investigadora. Su equipo de profesores imparte docencia en diversas facultades de la universidad, incluyendo la <strong>Facultad de Biolog\u00eda, la Facultad de Farmacia y la Escuela Internacional de Posgrado<\/strong>. Su participaci\u00f3n en la formaci\u00f3n acad\u00e9mica abarca distintos <strong>Grados y M\u00e1steres<\/strong>, contribuyendo a la ense\u00f1anza de asignaturas fundamentales en el \u00e1mbito de la fisiolog\u00eda.<\/p><p>Adem\u00e1s, el departamento desarrolla una intensa labor investigadora en diversas \u00e1reas de la fisiolog\u00eda, promoviendo proyectos innovadores y colaboraciones con otras instituciones nacionales e internacionales.<\/p><p>El departamento est\u00e1 dirigido por el <strong>Dr. \u00c1ngel Manuel Pastor Loro<\/strong>, y cuenta con la <strong>Dra. Mar\u00eda Mercedes Cano Rodr\u00edguez<\/strong> como secretaria.<\/p>\t\t\t\t\t\t\t\t<\/div>\n\t\t\t\t<\/div>\n\t\t\t\t\t<\/div>\n\t\t\t\t<\/div>\n\t\t\t\t<\/div>\n\t\t","protected":false},"excerpt":{"rendered":"<p>El Departamento de Fisiolog\u00eda tiene su sede en las Facultades de Biolog\u00eda y Farmacia de la Universidad de Sevilla, donde desarrolla tanto su labor docente como su actividad investigadora. Su equipo de profesores imparte docencia en diversas facultades de la universidad, incluyendo la Facultad de Biolog\u00eda, la Facultad de Farmacia y la Escuela Internacional de [&hellip;]<\/p>\n","protected":false},"author":7,"featured_media":0,"parent":2675,"menu_order":0,"comment_status":"closed","ping_status":"closed","template":"","meta":{"_acf_changed":false,"footnotes":""},"class_list":["post-2679","page","type-page","status-publish","hentry"],"acf":[],"yoast_head":"<!-- This site is optimized with the Yoast SEO plugin v26.8 - https:\/\/yoast.com\/product\/yoast-seo-wordpress\/ -->\n<title>Presentaci\u00f3n - Fisiolog\u00eda<\/title>\n<meta name=\"robots\" content=\"index, follow, max-snippet:-1, max-image-preview:large, max-video-preview:-1\" \/>\n<link rel=\"canonical\" href=\"https:\/\/departamento.us.es\/fisiologia\/el-departamento\/presentacion\/\" \/>\n<meta property=\"og:locale\" content=\"es_ES\" \/>\n<meta property=\"og:type\" content=\"article\" \/>\n<meta property=\"og:title\" content=\"Presentaci\u00f3n - Fisiolog\u00eda\" \/>\n<meta property=\"og:description\" content=\"El Departamento de Fisiolog\u00eda tiene su sede en las Facultades de Biolog\u00eda y Farmacia de la Universidad de Sevilla, donde desarrolla tanto su labor docente como su actividad investigadora. Su equipo de profesores imparte docencia en diversas facultades de la universidad, incluyendo la Facultad de Biolog\u00eda, la Facultad de Farmacia y la Escuela Internacional de [&hellip;]\" \/>\n<meta property=\"og:url\" content=\"https:\/\/departamento.us.es\/fisiologia\/el-departamento\/presentacion\/\" \/>\n<meta property=\"og:site_name\" content=\"Fisiolog\u00eda\" \/>\n<meta property=\"article:modified_time\" content=\"2025-05-02T11:15:35+00:00\" \/>\n<meta name=\"twitter:card\" content=\"summary_large_image\" \/>\n<meta name=\"twitter:label1\" content=\"Tiempo de lectura\" \/>\n\t<meta name=\"twitter:data1\" content=\"1 minuto\" \/>\n<script type=\"application\/ld+json\" class=\"yoast-schema-graph\">{\"@context\":\"https:\/\/schema.org\",\"@graph\":[{\"@type\":\"WebPage\",\"@id\":\"https:\/\/departamento.us.es\/fisiologia\/el-departamento\/presentacion\/\",\"url\":\"https:\/\/departamento.us.es\/fisiologia\/el-departamento\/presentacion\/\",\"name\":\"Presentaci\u00f3n - Fisiolog\u00eda\",\"isPartOf\":{\"@id\":\"https:\/\/departamento.us.es\/fisiologia\/#website\"},\"datePublished\":\"2025-02-04T08:36:13+00:00\",\"dateModified\":\"2025-05-02T11:15:35+00:00\",\"breadcrumb\":{\"@id\":\"https:\/\/departamento.us.es\/fisiologia\/el-departamento\/presentacion\/#breadcrumb\"},\"inLanguage\":\"es\",\"potentialAction\":[{\"@type\":\"ReadAction\",\"target\":[\"https:\/\/departamento.us.es\/fisiologia\/el-departamento\/presentacion\/\"]}]},{\"@type\":\"BreadcrumbList\",\"@id\":\"https:\/\/departamento.us.es\/fisiologia\/el-departamento\/presentacion\/#breadcrumb\",\"itemListElement\":[{\"@type\":\"ListItem\",\"position\":1,\"name\":\"El Departamento\",\"item\":\"https:\/\/departamento.us.es\/fisiologia\/el-departamento\/\"},{\"@type\":\"ListItem\",\"position\":2,\"name\":\"Presentaci\u00f3n\"}]},{\"@type\":\"WebSite\",\"@id\":\"https:\/\/departamento.us.es\/fisiologia\/#website\",\"url\":\"https:\/\/departamento.us.es\/fisiologia\/\",\"name\":\"Fisiolog\u00eda\",\"description\":\"Departamento de Fisiolog\u00eda\",\"publisher\":{\"@id\":\"https:\/\/departamento.us.es\/fisiologia\/#organization\"},\"potentialAction\":[{\"@type\":\"SearchAction\",\"target\":{\"@type\":\"EntryPoint\",\"urlTemplate\":\"https:\/\/departamento.us.es\/fisiologia\/?s={search_term_string}\"},\"query-input\":{\"@type\":\"PropertyValueSpecification\",\"valueRequired\":true,\"valueName\":\"search_term_string\"}}],\"inLanguage\":\"es\"},{\"@type\":\"Organization\",\"@id\":\"https:\/\/departamento.us.es\/fisiologia\/#organization\",\"name\":\"Fisiolog\u00eda\",\"url\":\"https:\/\/departamento.us.es\/fisiologia\/\",\"logo\":{\"@type\":\"ImageObject\",\"inLanguage\":\"es\",\"@id\":\"https:\/\/departamento.us.es\/fisiologia\/#\/schema\/logo\/image\/\",\"url\":\"https:\/\/departamento.us.es\/fisiologia\/wp-content\/uploads\/2022\/02\/LogoUScuadrado-blanco.png\",\"contentUrl\":\"https:\/\/departamento.us.es\/fisiologia\/wp-content\/uploads\/2022\/02\/LogoUScuadrado-blanco.png\",\"width\":147,\"height\":150,\"caption\":\"Fisiolog\u00eda\"},\"image\":{\"@id\":\"https:\/\/departamento.us.es\/fisiologia\/#\/schema\/logo\/image\/\"}}]}<\/script>\n<!-- \/ Yoast SEO plugin. -->","yoast_head_json":{"title":"Presentaci\u00f3n - Fisiolog\u00eda","robots":{"index":"index","follow":"follow","max-snippet":"max-snippet:-1","max-image-preview":"max-image-preview:large","max-video-preview":"max-video-preview:-1"},"canonical":"https:\/\/departamento.us.es\/fisiologia\/el-departamento\/presentacion\/","og_locale":"es_ES","og_type":"article","og_title":"Presentaci\u00f3n - Fisiolog\u00eda","og_description":"El Departamento de Fisiolog\u00eda tiene su sede en las Facultades de Biolog\u00eda y Farmacia de la Universidad de Sevilla, donde desarrolla tanto su labor docente como su actividad investigadora. Su equipo de profesores imparte docencia en diversas facultades de la universidad, incluyendo la Facultad de Biolog\u00eda, la Facultad de Farmacia y la Escuela Internacional de [&hellip;]","og_url":"https:\/\/departamento.us.es\/fisiologia\/el-departamento\/presentacion\/","og_site_name":"Fisiolog\u00eda","article_modified_time":"2025-05-02T11:15:35+00:00","twitter_card":"summary_large_image","twitter_misc":{"Tiempo de lectura":"1 minuto"},"schema":{"@context":"https:\/\/schema.org","@graph":[{"@type":"WebPage","@id":"https:\/\/departamento.us.es\/fisiologia\/el-departamento\/presentacion\/","url":"https:\/\/departamento.us.es\/fisiologia\/el-departamento\/presentacion\/","name":"Presentaci\u00f3n - Fisiolog\u00eda","isPartOf":{"@id":"https:\/\/departamento.us.es\/fisiologia\/#website"},"datePublished":"2025-02-04T08:36:13+00:00","dateModified":"2025-05-02T11:15:35+00:00","breadcrumb":{"@id":"https:\/\/departamento.us.es\/fisiologia\/el-departamento\/presentacion\/#breadcrumb"},"inLanguage":"es","potentialAction":[{"@type":"ReadAction","target":["https:\/\/departamento.us.es\/fisiologia\/el-departamento\/presentacion\/"]}]},{"@type":"BreadcrumbList","@id":"https:\/\/departamento.us.es\/fisiologia\/el-departamento\/presentacion\/#breadcrumb","itemListElement":[{"@type":"ListItem","position":1,"name":"El Departamento","item":"https:\/\/departamento.us.es\/fisiologia\/el-departamento\/"},{"@type":"ListItem","position":2,"name":"Presentaci\u00f3n"}]},{"@type":"WebSite","@id":"https:\/\/departamento.us.es\/fisiologia\/#website","url":"https:\/\/departamento.us.es\/fisiologia\/","name":"Fisiolog\u00eda","description":"Departamento de Fisiolog\u00eda","publisher":{"@id":"https:\/\/departamento.us.es\/fisiologia\/#organization"},"potentialAction":[{"@type":"SearchAction","target":{"@type":"EntryPoint","urlTemplate":"https:\/\/departamento.us.es\/fisiologia\/?s={search_term_string}"},"query-input":{"@type":"PropertyValueSpecification","valueRequired":true,"valueName":"search_term_string"}}],"inLanguage":"es"},{"@type":"Organization","@id":"https:\/\/departamento.us.es\/fisiologia\/#organization","name":"Fisiolog\u00eda","url":"https:\/\/departamento.us.es\/fisiologia\/","logo":{"@type":"ImageObject","inLanguage":"es","@id":"https:\/\/departamento.us.es\/fisiologia\/#\/schema\/logo\/image\/","url":"https:\/\/departamento.us.es\/fisiologia\/wp-content\/uploads\/2022\/02\/LogoUScuadrado-blanco.png","contentUrl":"https:\/\/departamento.us.es\/fisiologia\/wp-content\/uploads\/2022\/02\/LogoUScuadrado-blanco.png","width":147,"height":150,"caption":"Fisiolog\u00eda"},"image":{"@id":"https:\/\/departamento.us.es\/fisiologia\/#\/schema\/logo\/image\/"}}]}},"_links":{"self":[{"href":"https:\/\/departamento.us.es\/fisiologia\/wp-json\/wp\/v2\/pages\/2679","targetHints":{"allow":["GET"]}}],"collection":[{"href":"https:\/\/departamento.us.es\/fisiologia\/wp-json\/wp\/v2\/pages"}],"about":[{"href":"https:\/\/departamento.us.es\/fisiologia\/wp-json\/wp\/v2\/types\/page"}],"author":[{"embeddable":true,"href":"https:\/\/departamento.us.es\/fisiologia\/wp-json\/wp\/v2\/users\/7"}],"replies":[{"embeddable":true,"href":"https:\/\/departamento.us.es\/fisiologia\/wp-json\/wp\/v2\/comments?post=2679"}],"version-history":[{"count":0,"href":"https:\/\/departamento.us.es\/fisiologia\/wp-json\/wp\/v2\/pages\/2679\/revisions"}],"up":[{"embeddable":true,"href":"https:\/\/departamento.us.es\/fisiologia\/wp-json\/wp\/v2\/pages\/2675"}],"wp:attachment":[{"href":"https:\/\/departamento.us.es\/fisiologia\/wp-json\/wp\/v2\/media?parent=2679"}],"curies":[{"name":"wp","href":"https:\/\/api.w.org\/{rel}","templated":true}]}}