{"id":2961,"date":"2025-10-08T13:46:33","date_gmt":"2025-10-08T13:46:33","guid":{"rendered":"https:\/\/departamento.us.es\/fisiologia\/?page_id=2961"},"modified":"2026-01-28T13:55:28","modified_gmt":"2026-01-28T13:55:28","slug":"horarios-tutorias-2025-2026","status":"publish","type":"page","link":"https:\/\/departamento.us.es\/fisiologia\/docencia\/horarios-tutorias-2025-2026\/","title":{"rendered":"Horarios Tutor\u00edas 2025-2026"},"content":{"rendered":"\t\t<div data-elementor-type=\"wp-page\" data-elementor-id=\"2961\" class=\"elementor elementor-2961\" data-elementor-post-type=\"page\">\n\t\t\t\t<div class=\"elementor-element elementor-element-dcadb8f e-flex e-con-boxed e-con e-parent\" data-id=\"dcadb8f\" data-element_type=\"container\">\n\t\t\t\t\t<div class=\"e-con-inner\">\n\t\t\t\t<div class=\"elementor-element elementor-element-a3814c3 elementor-widget elementor-widget-n-accordion\" data-id=\"a3814c3\" data-element_type=\"widget\" data-settings=\"{&quot;default_state&quot;:&quot;all_collapsed&quot;,&quot;max_items_expended&quot;:&quot;one&quot;,&quot;n_accordion_animation_duration&quot;:{&quot;unit&quot;:&quot;ms&quot;,&quot;size&quot;:400,&quot;sizes&quot;:[]}}\" data-widget_type=\"nested-accordion.default\">\n\t\t\t\t<div class=\"elementor-widget-container\">\n\t\t\t\t\t\t\t<div class=\"e-n-accordion\" aria-label=\"Accordion. Open links with Enter or Space, close with Escape, and navigate with Arrow Keys\">\n\t\t\t\t\t\t<details id=\"e-n-accordion-item-1710\" class=\"e-n-accordion-item\" >\n\t\t\t\t<summary class=\"e-n-accordion-item-title\" data-accordion-index=\"1\" tabindex=\"0\" aria-expanded=\"false\" aria-controls=\"e-n-accordion-item-1710\" >\n\t\t\t\t\t<span class='e-n-accordion-item-title-header'><div class=\"e-n-accordion-item-title-text\"> HORARIOS TUTOR\u00cdAS 2025-2026 <\/div><\/span>\n\t\t\t\t\t\t\t<span class='e-n-accordion-item-title-icon'>\n\t\t\t<span class='e-opened' ><i aria-hidden=\"true\" class=\"fas fa-angle-down\"><\/i><\/span>\n\t\t\t<span class='e-closed'><i aria-hidden=\"true\" class=\"fas fa-angle-right\"><\/i><\/span>\n\t\t<\/span>\n\n\t\t\t\t\t\t<\/summary>\n\t\t\t\t<div role=\"region\" aria-labelledby=\"e-n-accordion-item-1710\" class=\"elementor-element elementor-element-d5323d5 e-con-full e-flex e-con e-child\" data-id=\"d5323d5\" data-element_type=\"container\">\n\t\t\t\t<div class=\"elementor-element elementor-element-cfa75a6 elementor-list-item-link-inline elementor-icon-list--layout-traditional elementor-widget elementor-widget-icon-list\" data-id=\"cfa75a6\" data-element_type=\"widget\" data-widget_type=\"icon-list.default\">\n\t\t\t\t<div class=\"elementor-widget-container\">\n\t\t\t\t\t\t\t<ul class=\"elementor-icon-list-items\">\n\t\t\t\t\t\t\t<li class=\"elementor-icon-list-item\">\n\t\t\t\t\t\t\t\t\t\t\t<a href=\"https:\/\/departamento.us.es\/fisiologia\/wp-content\/uploads\/2026\/01\/tutorias-25-26-nuevo.pdf\" target=\"_blank\" rel=\"nofollow\">\n\n\t\t\t\t\t\t\t\t\t\t\t\t<span class=\"elementor-icon-list-icon\">\n\t\t\t\t\t\t\t<i aria-hidden=\"true\" class=\"fas fa-check\"><\/i>\t\t\t\t\t\t<\/span>\n\t\t\t\t\t\t\t\t\t\t<span class=\"elementor-icon-list-text\">Tutor\u00edas Departamento de Fisiolog\u00eda 2025-2026<\/span>\n\t\t\t\t\t\t\t\t\t\t\t<\/a>\n\t\t\t\t\t\t\t\t\t<\/li>\n\t\t\t\t\t\t<\/ul>\n\t\t\t\t\t\t<\/div>\n\t\t\t\t<\/div>\n\t\t\t\t<\/div>\n\t\t\t\t\t<\/details>\n\t\t\t\t\t<\/div>\n\t\t\t\t\t\t<\/div>\n\t\t\t\t<\/div>\n\t\t\t\t\t<\/div>\n\t\t\t\t<\/div>\n\t\t\t\t<\/div>\n\t\t","protected":false},"excerpt":{"rendered":"<p>HORARIOS TUTOR\u00cdAS 2025-2026 Tutor\u00edas Departamento de Fisiolog\u00eda 2025-2026 Tutor\u00edas Departamento de Fisiolog\u00eda 2025-2026<\/p>\n","protected":false},"author":12,"featured_media":0,"parent":2677,"menu_order":4,"comment_status":"closed","ping_status":"closed","template":"","meta":{"_acf_changed":false,"footnotes":""},"class_list":["post-2961","page","type-page","status-publish","hentry"],"acf":[],"yoast_head":"<!-- This site is optimized with the Yoast SEO plugin v26.8 - https:\/\/yoast.com\/product\/yoast-seo-wordpress\/ -->\n<title>Horarios Tutor\u00edas 2025-2026 - Fisiolog\u00eda<\/title>\n<meta name=\"robots\" content=\"index, follow, max-snippet:-1, max-image-preview:large, max-video-preview:-1\" \/>\n<link rel=\"canonical\" href=\"https:\/\/departamento.us.es\/fisiologia\/docencia\/horarios-tutorias-2025-2026\/\" \/>\n<meta property=\"og:locale\" content=\"es_ES\" \/>\n<meta property=\"og:type\" content=\"article\" \/>\n<meta property=\"og:title\" content=\"Horarios Tutor\u00edas 2025-2026 - Fisiolog\u00eda\" \/>\n<meta property=\"og:description\" content=\"HORARIOS TUTOR\u00cdAS 2025-2026 Tutor\u00edas Departamento de Fisiolog\u00eda 2025-2026 Tutor\u00edas Departamento de Fisiolog\u00eda 2025-2026\" \/>\n<meta property=\"og:url\" content=\"https:\/\/departamento.us.es\/fisiologia\/docencia\/horarios-tutorias-2025-2026\/\" \/>\n<meta property=\"og:site_name\" content=\"Fisiolog\u00eda\" \/>\n<meta property=\"article:modified_time\" content=\"2026-01-28T13:55:28+00:00\" \/>\n<meta name=\"twitter:card\" content=\"summary_large_image\" \/>\n<meta name=\"twitter:label1\" content=\"Tiempo de lectura\" \/>\n\t<meta name=\"twitter:data1\" content=\"1 minuto\" \/>\n<script type=\"application\/ld+json\" class=\"yoast-schema-graph\">{\"@context\":\"https:\/\/schema.org\",\"@graph\":[{\"@type\":\"WebPage\",\"@id\":\"https:\/\/departamento.us.es\/fisiologia\/docencia\/horarios-tutorias-2025-2026\/\",\"url\":\"https:\/\/departamento.us.es\/fisiologia\/docencia\/horarios-tutorias-2025-2026\/\",\"name\":\"Horarios Tutor\u00edas 2025-2026 - Fisiolog\u00eda\",\"isPartOf\":{\"@id\":\"https:\/\/departamento.us.es\/fisiologia\/#website\"},\"datePublished\":\"2025-10-08T13:46:33+00:00\",\"dateModified\":\"2026-01-28T13:55:28+00:00\",\"breadcrumb\":{\"@id\":\"https:\/\/departamento.us.es\/fisiologia\/docencia\/horarios-tutorias-2025-2026\/#breadcrumb\"},\"inLanguage\":\"es\",\"potentialAction\":[{\"@type\":\"ReadAction\",\"target\":[\"https:\/\/departamento.us.es\/fisiologia\/docencia\/horarios-tutorias-2025-2026\/\"]}]},{\"@type\":\"BreadcrumbList\",\"@id\":\"https:\/\/departamento.us.es\/fisiologia\/docencia\/horarios-tutorias-2025-2026\/#breadcrumb\",\"itemListElement\":[{\"@type\":\"ListItem\",\"position\":1,\"name\":\"Docencia\",\"item\":\"https:\/\/departamento.us.es\/fisiologia\/docencia\/\"},{\"@type\":\"ListItem\",\"position\":2,\"name\":\"Horarios Tutor\u00edas 2025-2026\"}]},{\"@type\":\"WebSite\",\"@id\":\"https:\/\/departamento.us.es\/fisiologia\/#website\",\"url\":\"https:\/\/departamento.us.es\/fisiologia\/\",\"name\":\"Fisiolog\u00eda\",\"description\":\"Departamento de Fisiolog\u00eda\",\"publisher\":{\"@id\":\"https:\/\/departamento.us.es\/fisiologia\/#organization\"},\"potentialAction\":[{\"@type\":\"SearchAction\",\"target\":{\"@type\":\"EntryPoint\",\"urlTemplate\":\"https:\/\/departamento.us.es\/fisiologia\/?s={search_term_string}\"},\"query-input\":{\"@type\":\"PropertyValueSpecification\",\"valueRequired\":true,\"valueName\":\"search_term_string\"}}],\"inLanguage\":\"es\"},{\"@type\":\"Organization\",\"@id\":\"https:\/\/departamento.us.es\/fisiologia\/#organization\",\"name\":\"Fisiolog\u00eda\",\"url\":\"https:\/\/departamento.us.es\/fisiologia\/\",\"logo\":{\"@type\":\"ImageObject\",\"inLanguage\":\"es\",\"@id\":\"https:\/\/departamento.us.es\/fisiologia\/#\/schema\/logo\/image\/\",\"url\":\"https:\/\/departamento.us.es\/fisiologia\/wp-content\/uploads\/2022\/02\/LogoUScuadrado-blanco.png\",\"contentUrl\":\"https:\/\/departamento.us.es\/fisiologia\/wp-content\/uploads\/2022\/02\/LogoUScuadrado-blanco.png\",\"width\":147,\"height\":150,\"caption\":\"Fisiolog\u00eda\"},\"image\":{\"@id\":\"https:\/\/departamento.us.es\/fisiologia\/#\/schema\/logo\/image\/\"}}]}<\/script>\n<!-- \/ Yoast SEO plugin. -->","yoast_head_json":{"title":"Horarios Tutor\u00edas 2025-2026 - Fisiolog\u00eda","robots":{"index":"index","follow":"follow","max-snippet":"max-snippet:-1","max-image-preview":"max-image-preview:large","max-video-preview":"max-video-preview:-1"},"canonical":"https:\/\/departamento.us.es\/fisiologia\/docencia\/horarios-tutorias-2025-2026\/","og_locale":"es_ES","og_type":"article","og_title":"Horarios Tutor\u00edas 2025-2026 - Fisiolog\u00eda","og_description":"HORARIOS TUTOR\u00cdAS 2025-2026 Tutor\u00edas Departamento de Fisiolog\u00eda 2025-2026 Tutor\u00edas Departamento de Fisiolog\u00eda 2025-2026","og_url":"https:\/\/departamento.us.es\/fisiologia\/docencia\/horarios-tutorias-2025-2026\/","og_site_name":"Fisiolog\u00eda","article_modified_time":"2026-01-28T13:55:28+00:00","twitter_card":"summary_large_image","twitter_misc":{"Tiempo de lectura":"1 minuto"},"schema":{"@context":"https:\/\/schema.org","@graph":[{"@type":"WebPage","@id":"https:\/\/departamento.us.es\/fisiologia\/docencia\/horarios-tutorias-2025-2026\/","url":"https:\/\/departamento.us.es\/fisiologia\/docencia\/horarios-tutorias-2025-2026\/","name":"Horarios Tutor\u00edas 2025-2026 - Fisiolog\u00eda","isPartOf":{"@id":"https:\/\/departamento.us.es\/fisiologia\/#website"},"datePublished":"2025-10-08T13:46:33+00:00","dateModified":"2026-01-28T13:55:28+00:00","breadcrumb":{"@id":"https:\/\/departamento.us.es\/fisiologia\/docencia\/horarios-tutorias-2025-2026\/#breadcrumb"},"inLanguage":"es","potentialAction":[{"@type":"ReadAction","target":["https:\/\/departamento.us.es\/fisiologia\/docencia\/horarios-tutorias-2025-2026\/"]}]},{"@type":"BreadcrumbList","@id":"https:\/\/departamento.us.es\/fisiologia\/docencia\/horarios-tutorias-2025-2026\/#breadcrumb","itemListElement":[{"@type":"ListItem","position":1,"name":"Docencia","item":"https:\/\/departamento.us.es\/fisiologia\/docencia\/"},{"@type":"ListItem","position":2,"name":"Horarios Tutor\u00edas 2025-2026"}]},{"@type":"WebSite","@id":"https:\/\/departamento.us.es\/fisiologia\/#website","url":"https:\/\/departamento.us.es\/fisiologia\/","name":"Fisiolog\u00eda","description":"Departamento de Fisiolog\u00eda","publisher":{"@id":"https:\/\/departamento.us.es\/fisiologia\/#organization"},"potentialAction":[{"@type":"SearchAction","target":{"@type":"EntryPoint","urlTemplate":"https:\/\/departamento.us.es\/fisiologia\/?s={search_term_string}"},"query-input":{"@type":"PropertyValueSpecification","valueRequired":true,"valueName":"search_term_string"}}],"inLanguage":"es"},{"@type":"Organization","@id":"https:\/\/departamento.us.es\/fisiologia\/#organization","name":"Fisiolog\u00eda","url":"https:\/\/departamento.us.es\/fisiologia\/","logo":{"@type":"ImageObject","inLanguage":"es","@id":"https:\/\/departamento.us.es\/fisiologia\/#\/schema\/logo\/image\/","url":"https:\/\/departamento.us.es\/fisiologia\/wp-content\/uploads\/2022\/02\/LogoUScuadrado-blanco.png","contentUrl":"https:\/\/departamento.us.es\/fisiologia\/wp-content\/uploads\/2022\/02\/LogoUScuadrado-blanco.png","width":147,"height":150,"caption":"Fisiolog\u00eda"},"image":{"@id":"https:\/\/departamento.us.es\/fisiologia\/#\/schema\/logo\/image\/"}}]}},"_links":{"self":[{"href":"https:\/\/departamento.us.es\/fisiologia\/wp-json\/wp\/v2\/pages\/2961","targetHints":{"allow":["GET"]}}],"collection":[{"href":"https:\/\/departamento.us.es\/fisiologia\/wp-json\/wp\/v2\/pages"}],"about":[{"href":"https:\/\/departamento.us.es\/fisiologia\/wp-json\/wp\/v2\/types\/page"}],"author":[{"embeddable":true,"href":"https:\/\/departamento.us.es\/fisiologia\/wp-json\/wp\/v2\/users\/12"}],"replies":[{"embeddable":true,"href":"https:\/\/departamento.us.es\/fisiologia\/wp-json\/wp\/v2\/comments?post=2961"}],"version-history":[{"count":0,"href":"https:\/\/departamento.us.es\/fisiologia\/wp-json\/wp\/v2\/pages\/2961\/revisions"}],"up":[{"embeddable":true,"href":"https:\/\/departamento.us.es\/fisiologia\/wp-json\/wp\/v2\/pages\/2677"}],"wp:attachment":[{"href":"https:\/\/departamento.us.es\/fisiologia\/wp-json\/wp\/v2\/media?parent=2961"}],"curies":[{"name":"wp","href":"https:\/\/api.w.org\/{rel}","templated":true}]}}