{"id":134,"date":"2026-03-03T13:16:12","date_gmt":"2026-03-03T12:16:12","guid":{"rendered":"https:\/\/departamento.us.es\/historiadelarte\/?page_id=134"},"modified":"2026-03-03T13:16:12","modified_gmt":"2026-03-03T12:16:12","slug":"historia","status":"publish","type":"page","link":"https:\/\/departamento.us.es\/historiadelarte\/historia\/","title":{"rendered":"Historia"},"content":{"rendered":"\n<p>El <strong>Departamento de Historia del Arte de la Universidad de Sevilla<\/strong>&nbsp;tiene su origen en el pionero <strong>Laboratorio de Arte<\/strong>, que fue creado por D. Francisco Murillo Herrera en 1907, y que se constituir\u00eda como el centro m\u00e1s avanzado en las investigaciones y las ense\u00f1anzas de la Historia del Arte en Espa\u00f1a.<\/p>\n\n\n\n<p>Para ello, el Laboratorio de Arte conform\u00f3 una <strong>Biblioteca<\/strong>&nbsp;y una <strong>Fototeca<\/strong>&nbsp;especializadas en Arte Espa\u00f1ol e Hispanoamericano que siguen siendo referentes en la actualidad.&nbsp;<\/p>\n\n\n\n<p>Fruto de las precursoras iniciativas implementadas por el Laboratorio de Arte fue la creaci\u00f3n de la primera <strong>C\u00e1tedra de Arte Hispanoamericano<\/strong>&nbsp;en Espa\u00f1a en <strong>1929<\/strong>, a\u00f1o de la Exposici\u00f3n Iberoamericana de Sevilla. Dicha C\u00e1tedra fortalec\u00eda las estrechas relaciones acad\u00e9micas y cient\u00edficas de la instituci\u00f3n sevillana con las universidades y centros de investigaci\u00f3n iberoamericanos, relaciones que se han visto reforzadas e ampliadas por el actual <strong>Departamento de Historia del Arte<\/strong>.&nbsp;&nbsp;<\/p>\n\n\n\n<p>Desde 1968 hasta nuestros d\u00edas, el <strong>Departamento de Historia del Arte<\/strong>&nbsp;de la Universidad de Sevilla ha continuado e incrementado las innovadoras iniciativas del Laboratorio de Arte en los estudios sobre Arte Espa\u00f1ol e Iberoamericano, as\u00ed como en proyectos para la protecci\u00f3n, conservaci\u00f3n y difusi\u00f3n del Patrimonio Art\u00edstico. Para este fin, cuenta con la <strong>revista <em>Laboratorio de Arte<\/em><\/strong>, as\u00ed como con una veintena de grupos, contratos y proyectos de investigaci\u00f3n.<\/p>\n","protected":false},"excerpt":{"rendered":"<p>El Departamento de Historia del Arte de la Universidad de Sevilla&nbsp;tiene su origen en el pionero Laboratorio de Arte, que fue creado por D. Francisco Murillo Herrera en 1907, y que se constituir\u00eda como el centro m\u00e1s avanzado en las investigaciones y las ense\u00f1anzas de la Historia del Arte en Espa\u00f1a. Para ello, el Laboratorio [&hellip;]<\/p>\n","protected":false},"author":1,"featured_media":0,"parent":0,"menu_order":0,"comment_status":"closed","ping_status":"closed","template":"","meta":{"footnotes":""},"class_list":["post-134","page","type-page","status-publish","hentry"],"_links":{"self":[{"href":"https:\/\/departamento.us.es\/historiadelarte\/wp-json\/wp\/v2\/pages\/134","targetHints":{"allow":["GET"]}}],"collection":[{"href":"https:\/\/departamento.us.es\/historiadelarte\/wp-json\/wp\/v2\/pages"}],"about":[{"href":"https:\/\/departamento.us.es\/historiadelarte\/wp-json\/wp\/v2\/types\/page"}],"author":[{"embeddable":true,"href":"https:\/\/departamento.us.es\/historiadelarte\/wp-json\/wp\/v2\/users\/1"}],"replies":[{"embeddable":true,"href":"https:\/\/departamento.us.es\/historiadelarte\/wp-json\/wp\/v2\/comments?post=134"}],"version-history":[{"count":1,"href":"https:\/\/departamento.us.es\/historiadelarte\/wp-json\/wp\/v2\/pages\/134\/revisions"}],"predecessor-version":[{"id":136,"href":"https:\/\/departamento.us.es\/historiadelarte\/wp-json\/wp\/v2\/pages\/134\/revisions\/136"}],"wp:attachment":[{"href":"https:\/\/departamento.us.es\/historiadelarte\/wp-json\/wp\/v2\/media?parent=134"}],"curies":[{"name":"wp","href":"https:\/\/api.w.org\/{rel}","templated":true}]}}