{"id":147,"date":"2026-03-03T13:19:36","date_gmt":"2026-03-03T12:19:36","guid":{"rendered":"https:\/\/departamento.us.es\/historiadelarte\/?page_id=147"},"modified":"2026-03-04T23:15:44","modified_gmt":"2026-03-04T22:15:44","slug":"personal-docente-e-investigador","status":"publish","type":"page","link":"https:\/\/departamento.us.es\/historiadelarte\/personal-docente-e-investigador\/","title":{"rendered":"Personal Docente e Investigador"},"content":{"rendered":"\n<p><strong>PERSONAL DOCENTE E INVESTIGADOR<\/strong><\/p>\n\n\n\n<ul class=\"wp-block-list\">\n<li><a href=\"https:\/\/www.us.es\/trabaja-en-la-us\/directorio\/jesus-aguilar-diaz\" target=\"_blank\" rel=\"noreferrer noopener\">AGUILAR DIAZ, JESUS<\/a> \u2013 Profesor Titular de Universidad<\/li>\n\n\n\n<li><a href=\"https:\/\/www.us.es\/trabaja-en-la-us\/directorio\/joaquin-manuel-alvarez-cruz\" target=\"_blank\" rel=\"noreferrer noopener\">\u00c1LVAREZ CRUZ, JOAQU\u00cdN<\/a> \u2013 Profesor Titular de Universidad<\/li>\n\n\n\n<li><a href=\"https:\/\/www.us.es\/trabaja-en-la-us\/directorio\/rafael-de-besa-gutierrez\" target=\"_blank\" rel=\"noreferrer noopener\">BESA GUTI\u00c9RREZ, RAFAEL DE<\/a> \u2013 Profesor Ayudante Doctor <\/li>\n\n\n\n<li><a href=\"https:\/\/www.us.es\/trabaja-en-la-us\/directorio\/fernando-cruz-isidoro\" target=\"_blank\" rel=\"noreferrer noopener\">CRUZ ISIDORO, FERNANDO<\/a> \u2013 Catedr\u00e1tico de Universidad<\/li>\n\n\n\n<li><a href=\"https:\/\/alojawebapps.us.es\/centrosdptos\/pdi\/pdi.php?pdi=13568\" target=\"_blank\" rel=\"noreferrer noopener\">ESCUREDO BARRADO, ELENA<\/a> \u2013 Profesora Permanente Laboral<\/li>\n\n\n\n<li><a href=\"https:\/\/www.us.es\/trabaja-en-la-us\/directorio\/alberto-fernandez-gonzalez\" target=\"_blank\" rel=\"noreferrer noopener\">FERN\u00c1NDEZ GONZ\u00c1LEZ, ALBERTO<\/a> \u2013 Profesor Titular de Universidad<\/li>\n\n\n\n<li><a href=\"https:\/\/www.us.es\/trabaja-en-la-us\/directorio\/jose-fernandez-lopez\" target=\"_blank\" rel=\"noreferrer noopener\">FERN\u00c1NDEZ L\u00d3PEZ, JOS\u00c9<\/a> \u2013 Catedr\u00e1tico de Universidad<\/li>\n\n\n\n<li><a href=\"https:\/\/www.us.es\/trabaja-en-la-us\/directorio\/maria-mercedes-fernandez-martin\" target=\"_blank\" rel=\"noreferrer noopener\">FERN\u00c1NDEZ MART\u00cdN, MAR\u00cdA MERCEDES<\/a> \u2013 Profesora Titular de Universidad<\/li>\n\n\n\n<li><a href=\"https:\/\/www.us.es\/trabaja-en-la-us\/directorio\/manuel-gamez-casado\" target=\"_blank\" rel=\"noreferrer noopener\">G\u00c1MEZ CASADO, MANUEL<\/a> \u2013 Profesor Titular de Universidad <\/li>\n\n\n\n<li><a href=\"https:\/\/www.us.es\/trabaja-en-la-us\/directorio\/manuel-garcia-luque\" target=\"_blank\" rel=\"noreferrer noopener\">GARC\u00cdA LUQUE, MANUEL<\/a> \u2013 Profesor Titular de Universidad<\/li>\n\n\n\n<li><a href=\"https:\/\/www.us.es\/trabaja-en-la-us\/directorio\/ma-escardiel-gonzalez-estevez\" target=\"_blank\" rel=\"noreferrer noopener\">GONZ\u00c1LEZ EST\u00c9VEZ, ESCARDIEL<\/a>\u2013 Profesora Titular de Universidad<\/li>\n\n\n\n<li><a href=\"https:\/\/www.us.es\/trabaja-en-la-us\/directorio\/juan-carlos-hernandez-nunez\" target=\"_blank\" rel=\"noreferrer noopener\">HERN\u00c1NDEZ N\u00da\u00d1EZ, JUAN CARLOS<\/a> \u2013 Profesor Titular de Universidad<\/li>\n\n\n\n<li><a href=\"https:\/\/www.us.es\/trabaja-en-la-us\/directorio\/francisco-javier-herrera-garcia\" target=\"_blank\" rel=\"noreferrer noopener\">HERRERA GARC\u00cdA, FRANCISCO<\/a> \u2013 Catedr\u00e1tico de Universidad<\/li>\n\n\n\n<li><a href=\"https:\/\/www.us.es\/trabaja-en-la-us\/directorio\/magdalena-illan-martin\" target=\"_blank\" rel=\"noreferrer noopener\">ILL\u00c1N MART\u00cdN, MAGDALENA<\/a>\u2013 Catedr\u00e1tica de Universidad<\/li>\n\n\n\n<li><a href=\"https:\/\/www.us.es\/trabaja-en-la-us\/directorio\/angel-justo-estebaranz\" target=\"_blank\" rel=\"noreferrer noopener\">JUSTO ESTEBARANZ, \u00c1NGEL<\/a> -Catedr\u00e1tico de Universidad<\/li>\n\n\n\n<li><a href=\"https:\/\/www.us.es\/trabaja-en-la-us\/directorio\/ignacio-jose-lopez-hernandez\" target=\"_blank\" rel=\"noreferrer noopener\">L\u00d3PEZ HERN\u00c1NDEZ, IGNACIO<\/a> \u2013 Profesor Titular de Universidad<\/li>\n\n\n\n<li>LOZANO DORADO, AZAHARA \u2013 P.I.F<\/li>\n\n\n\n<li><a href=\"https:\/\/www.us.es\/trabaja-en-la-us\/directorio\/pedro-manuel-luengo-gutierrez\" target=\"_blank\" rel=\"noreferrer noopener\">LUENGO GUTI\u00c9RREZ, PEDRO<\/a> \u2013 Catedr\u00e1tico de Universidad<\/li>\n\n\n\n<li><a href=\"https:\/\/www.us.es\/trabaja-en-la-us\/directorio\/andres-luque-teruel\" target=\"_blank\" rel=\"noreferrer noopener\">LUQUE TERUEL, ANDR\u00c9S<\/a> \u2013 Catedr\u00e1tico de Universidad<\/li>\n\n\n\n<li>MACHUCA CABEZAS, RAFAEL &#8211; P.I.F.<\/li>\n\n\n\n<li><a href=\"https:\/\/www.us.es\/trabaja-en-la-us\/directorio\/pedro-manuel-martinez-lara\" target=\"_blank\" rel=\"noreferrer noopener\">MART\u00cdNEZ LARA, PEDRO<\/a> \u2013 Profesor Contratado Doctor<\/li>\n\n\n\n<li><a href=\"https:\/\/www.us.es\/trabaja-en-la-us\/directorio\/maria-jesus-mejias-alvarez\" target=\"_blank\" rel=\"noreferrer noopener\">MEJ\u00cdAS \u00c1LVAREZ, MAR\u00cdA JES\u00daS<\/a> \u2013 Profesora Titular de Universidad<\/li>\n\n\n\n<li><a href=\"https:\/\/www.us.es\/trabaja-en-la-us\/directorio\/luis-rafael-mendez-rodriguez\" target=\"_blank\" rel=\"noreferrer noopener\">M\u00c9NDEZ RODR\u00cdGUEZ, LUIS<\/a> \u2013 Catedr\u00e1tico de Universidad<\/li>\n\n\n\n<li><a href=\"https:\/\/www.us.es\/trabaja-en-la-us\/directorio\/eunice-miranda-tapia\" target=\"_blank\" rel=\"noreferrer noopener\">MIRANDA TAPIA, EUNICE<\/a> \u2013 Profesora Ayudante Doctora<\/li>\n\n\n\n<li><a href=\"https:\/\/www.us.es\/trabaja-en-la-us\/directorio\/francisco-montes-gonzalez\" target=\"_blank\" rel=\"noreferrer noopener\">MONTES GONZ\u00c1LEZ, FRANCISCO<\/a> \u2013 Profesor Titular de Universidad<\/li>\n\n\n\n<li><a href=\"https:\/\/www.us.es\/trabaja-en-la-us\/directorio\/manuel-alejandro-prada-machuca-1\" target=\"_blank\" rel=\"noreferrer noopener\">PRADA MACHUCA, ALEJANDRO<\/a> \u2013 Profesor interino<\/li>\n\n\n\n<li><a href=\"https:\/\/www.us.es\/trabaja-en-la-us\/directorio\/rafael-ramos-sosa\" target=\"_blank\" rel=\"noreferrer noopener\">RAMOS SOSA, RAFAEL<\/a> \u2013 Profesor Titular de Universidad<\/li>\n\n\n\n<li><a href=\"https:\/\/www.us.es\/trabaja-en-la-us\/directorio\/manuel-antonio-ramos-suarez\" target=\"_blank\" rel=\"noreferrer noopener\">RAMOS SU\u00c1REZ, MANUEL ANTONIO<\/a> \u2013 Profesor Titular de Universidad<\/li>\n\n\n\n<li><a href=\"https:\/\/www.us.es\/trabaja-en-la-us\/directorio\/alvaro-recio-mir\" target=\"_blank\" rel=\"noreferrer noopener\">RECIO MIR, \u00c1LVARO<\/a> \u2013 Catedr\u00e1tico de Universidad<\/li>\n\n\n\n<li><a href=\"https:\/\/www.us.es\/trabaja-en-la-us\/directorio\/jose-roda-pena\" target=\"_blank\" rel=\"noreferrer noopener\">RODA PE\u00d1A, JOS\u00c9<\/a> \u2013 Catedr\u00e1tico de Universidad<\/li>\n\n\n\n<li><a href=\"https:\/\/www.us.es\/trabaja-en-la-us\/directorio\/juan-clemente-rodriguez-estevez\" target=\"_blank\" rel=\"noreferrer noopener\">RODR\u00cdGUEZ EST\u00c9VEZ, JUAN CLEMENTE<\/a> \u2013 Catedr\u00e1tico de Universidad<\/li>\n\n\n\n<li><a href=\"https:\/\/www.us.es\/trabaja-en-la-us\/directorio\/carmen-rodriguez-serrano\" target=\"_blank\" rel=\"noreferrer noopener\">RODR\u00cdGUEZ SERRANO, CARMEN<\/a> \u2013 Profesora Ayudante Doctora<\/li>\n\n\n\n<li><a href=\"https:\/\/www.us.es\/trabaja-en-la-us\/directorio\/jesus-rojas-marcos-gonzalez\" target=\"_blank\" rel=\"noreferrer noopener\">ROJAS-MARCOS GONZ\u00c1LEZ, JES\u00daS<\/a> \u2013 Profesor Titular de Universidad<\/li>\n\n\n\n<li><a href=\"https:\/\/www.us.es\/trabaja-en-la-us\/directorio\/alejandro-roman-lopez\" target=\"_blank\" rel=\"noreferrer noopener\">ROM\u00c1N L\u00d3PEZ, ALEJANDRO<\/a> \u2013 Contratado predoctoral<\/li>\n\n\n\n<li><a href=\"https:\/\/www.us.es\/trabaja-en-la-us\/directorio\/francisco-ros-gonzalez\" target=\"_blank\" rel=\"noreferrer noopener\">ROS GONZ\u00c1LEZ, FRANCISCO<\/a> \u2013 Profesor Contratado Doctor<\/li>\n\n\n\n<li><a href=\"https:\/\/www.us.es\/trabaja-en-la-us\/directorio\/francisco-javier-salguero-mejias\" target=\"_blank\" rel=\"noreferrer noopener\">SALGUERO MEJ\u00cdAS, FRANCISCO JAVIER<\/a> \u2013 Contratado Predoctoral<\/li>\n\n\n\n<li><a href=\"https:\/\/www.us.es\/trabaja-en-la-us\/directorio\/antonio-joaquin-santos-marquez\" data-type=\"page\" data-id=\"210\">SANTOS M\u00c1RQUEZ, ANTONIO JOAQU\u00cdN<\/a> &#8211; Catedr\u00e1tico de Universidad<\/li>\n\n\n\n<li><a href=\"https:\/\/www.us.es\/trabaja-en-la-us\/directorio\/carmen-fatima-de-tena-ramirez\" target=\"_blank\" rel=\"noreferrer noopener\">TENA RAM\u00cdREZ, CARMEN DE<\/a> \u2013 Profesora Titular de Universidad <\/li>\n\n\n\n<li><a href=\"https:\/\/www.us.es\/trabaja-en-la-us\/directorio\/ivan-de-la-torre-amerighi\" target=\"_blank\" rel=\"noreferrer noopener\">TORRE AMERIGHI, IV\u00c1N DE LA<\/a> \u2013 Profesor Titular de Universidad<\/li>\n\n\n\n<li><a href=\"https:\/\/www.us.es\/trabaja-en-la-us\/directorio\/carmen-vallecillo-lopez\" target=\"_blank\" rel=\"noreferrer noopener\">VALLECILLO L\u00d3PEZ, CARMEN<\/a> \u2013 P.I.F<\/li>\n\n\n\n<li><a href=\"https:\/\/www.us.es\/trabaja-en-la-us\/directorio\/carmen-vallejo-naranjo-0\" target=\"_blank\" rel=\"noreferrer noopener\">VALLEJO NARANJO, CARMEN<\/a> \u2013 Profesora Ayudante Doctora<\/li>\n\n\n\n<li><a href=\"https:\/\/www.us.es\/trabaja-en-la-us\/directorio\/manuel-varas-rivero\" target=\"_blank\" rel=\"noreferrer noopener\">VARAS RIVERO, MANUEL<\/a> \u2013 Profesor Titular de Universidad <\/li>\n\n\n\n<li>VARELA MU\u00d1OZ, ANTONIO \u2013 P.I.F.<\/li>\n<\/ul>\n\n\n\n<p><\/p>\n","protected":false},"excerpt":{"rendered":"<p>PERSONAL DOCENTE E INVESTIGADOR<\/p>\n","protected":false},"author":1,"featured_media":0,"parent":0,"menu_order":0,"comment_status":"closed","ping_status":"closed","template":"","meta":{"footnotes":""},"class_list":["post-147","page","type-page","status-publish","hentry"],"_links":{"self":[{"href":"https:\/\/departamento.us.es\/historiadelarte\/wp-json\/wp\/v2\/pages\/147","targetHints":{"allow":["GET"]}}],"collection":[{"href":"https:\/\/departamento.us.es\/historiadelarte\/wp-json\/wp\/v2\/pages"}],"about":[{"href":"https:\/\/departamento.us.es\/historiadelarte\/wp-json\/wp\/v2\/types\/page"}],"author":[{"embeddable":true,"href":"https:\/\/departamento.us.es\/historiadelarte\/wp-json\/wp\/v2\/users\/1"}],"replies":[{"embeddable":true,"href":"https:\/\/departamento.us.es\/historiadelarte\/wp-json\/wp\/v2\/comments?post=147"}],"version-history":[{"count":15,"href":"https:\/\/departamento.us.es\/historiadelarte\/wp-json\/wp\/v2\/pages\/147\/revisions"}],"predecessor-version":[{"id":212,"href":"https:\/\/departamento.us.es\/historiadelarte\/wp-json\/wp\/v2\/pages\/147\/revisions\/212"}],"wp:attachment":[{"href":"https:\/\/departamento.us.es\/historiadelarte\/wp-json\/wp\/v2\/media?parent=147"}],"curies":[{"name":"wp","href":"https:\/\/api.w.org\/{rel}","templated":true}]}}