{"id":172,"date":"2025-10-27T09:33:29","date_gmt":"2025-10-27T09:33:29","guid":{"rendered":"https:\/\/departamento.us.es\/hmoderna\/?page_id=172"},"modified":"2025-10-27T10:12:28","modified_gmt":"2025-10-27T10:12:28","slug":"contacta-con-el-departamento-de-historia-moderna-de-la-us","status":"publish","type":"page","link":"https:\/\/departamento.us.es\/hmoderna\/contacta-con-el-departamento-de-historia-moderna-de-la-us\/","title":{"rendered":"Contacta con el Departamento de Historia Moderna de la US"},"content":{"rendered":"<p>[et_pb_section fb_built=\u00bb1&#8243; fullwidth=\u00bbon\u00bb _builder_version=\u00bb4.27.4&#8243; _module_preset=\u00bbdefault\u00bb global_colors_info=\u00bb{}\u00bb][et_pb_fullwidth_image src=\u00bbhttp:\/\/departamento.us.es\/hmoderna\/wp-content\/uploads\/2025\/10\/facultad-de-historia-de-la-us.jpg\u00bb title_text=\u00bbFacultad de Historia de la US\u00bb _builder_version=\u00bb4.27.4&#8243; _module_preset=\u00bbdefault\u00bb hover_enabled=\u00bb0&#8243; global_colors_info=\u00bb{}\u00bb alt=\u00bbFacultad de Historia de la US\u00bb sticky_enabled=\u00bb0&#8243;][\/et_pb_fullwidth_image][\/et_pb_section][et_pb_section fb_built=\u00bb1&#8243; admin_label=\u00bbHeader\u00bb _builder_version=\u00bb4.23.1&#8243; _module_preset=\u00bbdefault\u00bb background_color=\u00bbgcid-d214ab81-0383-475f-b48e-2c27b44bd017&#8243; custom_padding=\u00bb||23px|||\u00bb collapsed=\u00bbon\u00bb global_colors_info=\u00bb{%22gcid-d214ab81-0383-475f-b48e-2c27b44bd017%22:%91%22background_color%22%93}\u00bb][et_pb_row _builder_version=\u00bb4.23.1&#8243; _module_preset=\u00bbdefault\u00bb custom_padding=\u00bb5px||17px|||\u00bb global_colors_info=\u00bb{}\u00bb][et_pb_column type=\u00bb4_4&#8243; _builder_version=\u00bb4.23.1&#8243; _module_preset=\u00bbdefault\u00bb global_colors_info=\u00bb{}\u00bb][et_pb_text _builder_version=\u00bb4.27.4&#8243; _module_preset=\u00bb342e7928-d541-43ea-a153-7ce0630d4c54&#8243; header_font=\u00bbPoppins|200|||||||\u00bb header_text_align=\u00bbleft\u00bb header_font_size=\u00bb52px\u00bb text_orientation=\u00bbcenter\u00bb global_colors_info=\u00bb{}\u00bb]<\/p>\n<h1><span style=\"color: #deae36;\"><strong>Contacta <\/strong>con el Departamento de Historia moderna de la US<\/span><\/h1>\n<p>[\/et_pb_text][\/et_pb_column][\/et_pb_row][et_pb_row column_structure=\u00bb2_5,3_5&#8243; _builder_version=\u00bb4.23.1&#8243; _module_preset=\u00bbdefault\u00bb custom_margin=\u00bb|auto|28px|auto||\u00bb custom_padding=\u00bb7px||10px|||\u00bb global_colors_info=\u00bb{}\u00bb][et_pb_column type=\u00bb2_5&#8243; _builder_version=\u00bb4.23.1&#8243; _module_preset=\u00bbdefault\u00bb global_colors_info=\u00bb{}\u00bb][et_pb_text _builder_version=\u00bb4.27.4&#8243; _module_preset=\u00bbd7287142-8dce-4338-a440-851665491cdc\u00bb header_3_font=\u00bbPoppins||||||||\u00bb header_3_text_color=\u00bb#deae36&#8243; locked=\u00bboff\u00bb global_colors_info=\u00bb{}\u00bb]<\/p>\n<h3>Atenci\u00f3n administrativa<\/h3>\n<p><span>Loreto Ramos L\u00f3pez \u00b7 954-551402<\/span><br \/>Tel\u00e9fono: <span>954-551402<\/span><br \/>E-mail: <a href=\"mailto:secretariahmoderna@us.es\">secretariahmoderna@us.es<\/a><\/p>\n<h3>Sede<\/h3>\n<p><span>Departamento de Historia Moderna<\/span><br \/><span>C\/ Mar\u00eda de Padilla S\/N<\/span><br \/><span>41004 &#8211; Sevilla<\/span><br \/><a href=\"https:\/\/maps.google.com\/maps\/dir\/\/Facultad+de+Geograf%C3%ADa+e+Historia+.+Universidad+de+Sevilla+C.+Do%C3%B1a+Mar%C3%ADa+de+Padilla+Casco+Antiguo+41004+Sevilla\/@37.3810543,-5.9918009,14z\/data=!4m5!4m4!1m0!1m2!1m1!1s0xd126c1873b571e9:0x8b346ad780baf15\">C\u00f3mo llegar\u00a0<\/a><\/p>\n<p>[\/et_pb_text][\/et_pb_column][et_pb_column type=\u00bb3_5&#8243; _builder_version=\u00bb4.23.1&#8243; _module_preset=\u00bbdefault\u00bb global_colors_info=\u00bb{}\u00bb][et_pb_code _builder_version=\u00bb4.27.4&#8243; _module_preset=\u00bbdefault\u00bb global_colors_info=\u00bb{}\u00bb]<iframe src=\"https:\/\/www.google.com\/maps\/embed?pb=!1m14!1m8!1m3!1d25362.969222661843!2d-5.991801!3d37.381054!3m2!1i1024!2i768!4f13.1!3m3!1m2!1s0xd126c1873b571e9%3A0x8b346ad780baf15!2sFacultad%20de%20Geograf%C3%ADa%20e%20Historia%20.%20Universidad%20de%20Sevilla!5e0!3m2!1ses!2sus!4v1761557976219!5m2!1ses!2sus\" width=\"600\" height=\"350\" style=\"border:0;\" allowfullscreen=\"\" loading=\"lazy\" referrerpolicy=\"no-referrer-when-downgrade\"><\/iframe>[\/et_pb_code][\/et_pb_column][\/et_pb_row][\/et_pb_section][et_pb_section fb_built=\u00bb1&#8243; _builder_version=\u00bb4.27.4&#8243; _module_preset=\u00bbdefault\u00bb background_color=\u00bbrgba(221,178,68,0.25)\u00bb custom_padding=\u00bb39px||4px|||\u00bb global_colors_info=\u00bb{}\u00bb][et_pb_row _builder_version=\u00bb4.23.1&#8243; _module_preset=\u00bbdefault\u00bb custom_padding=\u00bb5px||2px|||\u00bb global_colors_info=\u00bb{}\u00bb][et_pb_column type=\u00bb4_4&#8243; _builder_version=\u00bb4.23.1&#8243; _module_preset=\u00bbdefault\u00bb global_colors_info=\u00bb{}\u00bb][et_pb_text _builder_version=\u00bb4.27.4&#8243; _module_preset=\u00bb082edbe3-28a5-4d85-bde9-5ff96ee791c7&#8243; header_2_font=\u00bbPoppins|200|||||||\u00bb custom_margin=\u00bb||10px||false|false\u00bb global_colors_info=\u00bb{}\u00bb]<\/p>\n<h2><span style=\"color: #deae36;\">\u00daltimos eventos<\/span><\/h2>\n<p>[\/et_pb_text][et_pb_blog fullwidth=\u00bboff\u00bb posts_number=\u00bb3&#8243; include_categories=\u00bball\u00bb show_author=\u00bboff\u00bb show_categories=\u00bboff\u00bb show_excerpt=\u00bboff\u00bb show_pagination=\u00bboff\u00bb _builder_version=\u00bb4.27.4&#8243; _module_preset=\u00bbdefault\u00bb header_font=\u00bbPoppins||||||||\u00bb header_text_color=\u00bb#deae36&#8243; header_font_size=\u00bb19px\u00bb header_line_height=\u00bb1.3em\u00bb body_font=\u00bb||||||||\u00bb body_text_color=\u00bb#666666&#8243; body_font_size=\u00bb16px\u00bb meta_font=\u00bb|700|||||||\u00bb meta_text_color=\u00bbrgba(0,0,0,0.23)\u00bb meta_font_size=\u00bb13px\u00bb custom_margin=\u00bb15px|||||\u00bb custom_padding=\u00bb||0px|||\u00bb border_color_all=\u00bb#deae36&#8243; border_style_top=\u00bbdashed\u00bb border_style_right=\u00bbdashed\u00bb border_style_bottom=\u00bbdashed\u00bb border_style_left=\u00bbdashed\u00bb locked=\u00bboff\u00bb global_colors_info=\u00bb{}\u00bb][\/et_pb_blog][\/et_pb_column][\/et_pb_row][\/et_pb_section][et_pb_section fb_built=\u00bb1&#8243; admin_label=\u00bbHeader\u00bb _builder_version=\u00bb4.23.1&#8243; _module_preset=\u00bbdefault\u00bb background_color=\u00bbgcid-d214ab81-0383-475f-b48e-2c27b44bd017&#8243; custom_padding=\u00bb||23px|||\u00bb collapsed=\u00bbon\u00bb global_colors_info=\u00bb{%22gcid-d214ab81-0383-475f-b48e-2c27b44bd017%22:%91%22background_color%22%93}\u00bb][et_pb_row _builder_version=\u00bb4.23.1&#8243; _module_preset=\u00bbdefault\u00bb custom_padding=\u00bb5px||46px|||\u00bb global_colors_info=\u00bb{}\u00bb][et_pb_column type=\u00bb4_4&#8243; _builder_version=\u00bb4.23.1&#8243; _module_preset=\u00bbdefault\u00bb global_colors_info=\u00bb{}\u00bb][et_pb_text _builder_version=\u00bb4.23.1&#8243; _module_preset=\u00bb082edbe3-28a5-4d85-bde9-5ff96ee791c7&#8243; text_orientation=\u00bbcenter\u00bb custom_margin=\u00bb||10px||false|false\u00bb global_colors_info=\u00bb{}\u00bb]<\/p>\n<h2>Consulta nuestras <span style=\"color: #deae36;\">publicaciones m\u00e1s recientes<\/span><\/h2>\n<p>[\/et_pb_text][et_pb_text _builder_version=\u00bb4.23.1&#8243; _module_preset=\u00bbd7287142-8dce-4338-a440-851665491cdc\u00bb text_text_color=\u00bb#000000&#8243; text_orientation=\u00bbcenter\u00bb custom_margin=\u00bb||22px|||\u00bb global_colors_info=\u00bb{}\u00bb]<\/p>\n<p>Descubre las investigaciones m\u00e1s destacadas de nuestro departamento. Monograf\u00edas, ediciones cr\u00edticas y estudios colectivos que abordan los grandes temas de la Edad Moderna desde nuevas perspectivas.<\/p>\n<p>[\/et_pb_text][et_pb_button button_url=\u00bbhttps:\/\/departamento.us.es\/hmoderna\/publicaciones\/\u00bb button_text=\u00bbVer publicaciones\u00bb button_alignment=\u00bbcenter\u00bb _builder_version=\u00bb4.27.4&#8243; _module_preset=\u00bbdefault\u00bb custom_button=\u00bbon\u00bb button_text_size=\u00bb17px\u00bb button_text_color=\u00bb#FFFFFF\u00bb button_bg_color=\u00bb#deae36&#8243; button_border_width=\u00bb0px\u00bb button_border_radius=\u00bb46px\u00bb button_letter_spacing=\u00bb1px\u00bb button_font=\u00bbPoppins|600||on|||||\u00bb button_use_icon=\u00bboff\u00bb custom_padding=\u00bb16px|24px|16px|24px|false|false\u00bb global_colors_info=\u00bb{}\u00bb][\/et_pb_button][\/et_pb_column][\/et_pb_row][\/et_pb_section]<\/p>\n","protected":false},"excerpt":{"rendered":"<p>Contacta con el Departamento de Historia moderna de la USAtenci\u00f3n administrativa Loreto Ramos L\u00f3pez \u00b7 954-551402Tel\u00e9fono: 954-551402E-mail: secretariahmoderna@us.es Sede Departamento de Historia ModernaC\/ Mar\u00eda de Padilla S\/N41004 &#8211; SevillaC\u00f3mo llegar\u00a0\u00daltimos eventosConsulta nuestras publicaciones m\u00e1s recientesDescubre las investigaciones m\u00e1s destacadas de nuestro departamento. Monograf\u00edas, ediciones cr\u00edticas y estudios colectivos que abordan los grandes temas de la [&hellip;]<\/p>\n","protected":false},"author":1,"featured_media":0,"parent":0,"menu_order":0,"comment_status":"closed","ping_status":"closed","template":"","meta":{"_et_pb_use_builder":"on","_et_pb_old_content":"","_et_gb_content_width":"","footnotes":""},"class_list":["post-172","page","type-page","status-publish","hentry"],"_links":{"self":[{"href":"https:\/\/departamento.us.es\/hmoderna\/wp-json\/wp\/v2\/pages\/172","targetHints":{"allow":["GET"]}}],"collection":[{"href":"https:\/\/departamento.us.es\/hmoderna\/wp-json\/wp\/v2\/pages"}],"about":[{"href":"https:\/\/departamento.us.es\/hmoderna\/wp-json\/wp\/v2\/types\/page"}],"author":[{"embeddable":true,"href":"https:\/\/departamento.us.es\/hmoderna\/wp-json\/wp\/v2\/users\/1"}],"replies":[{"embeddable":true,"href":"https:\/\/departamento.us.es\/hmoderna\/wp-json\/wp\/v2\/comments?post=172"}],"version-history":[{"count":5,"href":"https:\/\/departamento.us.es\/hmoderna\/wp-json\/wp\/v2\/pages\/172\/revisions"}],"predecessor-version":[{"id":180,"href":"https:\/\/departamento.us.es\/hmoderna\/wp-json\/wp\/v2\/pages\/172\/revisions\/180"}],"wp:attachment":[{"href":"https:\/\/departamento.us.es\/hmoderna\/wp-json\/wp\/v2\/media?parent=172"}],"curies":[{"name":"wp","href":"https:\/\/api.w.org\/{rel}","templated":true}]}}