{"id":787,"date":"2026-01-14T13:05:10","date_gmt":"2026-01-14T13:05:10","guid":{"rendered":"https:\/\/departamento.us.es\/hmoderna\/?page_id=787"},"modified":"2026-01-16T12:50:53","modified_gmt":"2026-01-16T12:50:53","slug":"proyectos-historicos-del-departamento-de-historia-moderna-de-la-us","status":"publish","type":"page","link":"https:\/\/departamento.us.es\/hmoderna\/proyectos-historicos-del-departamento-de-historia-moderna-de-la-us\/","title":{"rendered":"Proyectos hist\u00f3ricos del Departamento de Historia Moderna de la US"},"content":{"rendered":"<p>[et_pb_section fb_built=\u00bb1&#8243; fullwidth=\u00bbon\u00bb _builder_version=\u00bb4.27.4&#8243; _module_preset=\u00bbdefault\u00bb locked=\u00bboff\u00bb global_colors_info=\u00bb{}\u00bb][et_pb_fullwidth_image src=\u00bbhttps:\/\/departamento.us.es\/hmoderna\/wp-content\/uploads\/2025\/07\/slider-andatlan-2.jpg\u00bb title_text=\u00bbslider-andatlan-2&#8243; _builder_version=\u00bb4.27.4&#8243; _module_preset=\u00bbdefault\u00bb global_colors_info=\u00bb{}\u00bb][\/et_pb_fullwidth_image][\/et_pb_section][et_pb_section fb_built=\u00bb1&#8243; admin_label=\u00bbHeader\u00bb _builder_version=\u00bb4.23.1&#8243; _module_preset=\u00bbdefault\u00bb background_color=\u00bbgcid-d214ab81-0383-475f-b48e-2c27b44bd017&#8243; custom_padding=\u00bb||23px|||\u00bb locked=\u00bboff\u00bb collapsed=\u00bbon\u00bb global_colors_info=\u00bb{%22gcid-d214ab81-0383-475f-b48e-2c27b44bd017%22:%91%22background_color%22%93}\u00bb][et_pb_row _builder_version=\u00bb4.23.1&#8243; _module_preset=\u00bbdefault\u00bb custom_padding=\u00bb5px||17px|||\u00bb global_colors_info=\u00bb{}\u00bb][et_pb_column type=\u00bb4_4&#8243; _builder_version=\u00bb4.23.1&#8243; _module_preset=\u00bbdefault\u00bb global_colors_info=\u00bb{}\u00bb][et_pb_text _builder_version=\u00bb4.27.4&#8243; _module_preset=\u00bb342e7928-d541-43ea-a153-7ce0630d4c54&#8243; header_font=\u00bbPoppins|200|||||||\u00bb header_text_align=\u00bbleft\u00bb header_font_size=\u00bb52px\u00bb text_orientation=\u00bbcenter\u00bb global_colors_info=\u00bb{}\u00bb]<\/p>\n<h1><span style=\"color: #deae36;\"><strong>Hist\u00f3ricos de proyectos<br \/><\/strong>Departamento de Historia moderna de la US<\/span><\/h1>\n<p>[\/et_pb_text][\/et_pb_column][\/et_pb_row][et_pb_row _builder_version=\u00bb4.23.1&#8243; _module_preset=\u00bbdefault\u00bb min_height=\u00bb1090.7px\u00bb custom_margin=\u00bb12px|auto|12px|auto||\u00bb custom_padding=\u00bb5px||17px|||\u00bb global_colors_info=\u00bb{}\u00bb][et_pb_column type=\u00bb4_4&#8243; _builder_version=\u00bb4.23.1&#8243; _module_preset=\u00bbdefault\u00bb global_colors_info=\u00bb{}\u00bb][et_pb_text _builder_version=\u00bb4.27.4&#8243; _module_preset=\u00bbd7287142-8dce-4338-a440-851665491cdc\u00bb custom_margin=\u00bb||||false|false\u00bb custom_padding=\u00bb10px|20px|10px|20px|false|false\u00bb border_width_all=\u00bb1px\u00bb border_color_all=\u00bb#deae36&#8243; border_style_all=\u00bbdashed\u00bb locked=\u00bboff\u00bb global_colors_info=\u00bb{}\u00bb]<\/p>\n<p><span style=\"color: #deae36;\"><strong><em>Proyecto de I+D El tr\u00e1fico de esclavos y la econom\u00eda atl\u00e1ntica del siglo XVI (MERCATRAT).\u00a0<\/em><\/strong><\/span><\/p>\n<p>Financiado por el Ministerio de Ciencia e Innovaci\u00f3n del Gobierno de Espa\u00f1a.<br \/>Referencia: PID2019-107156RB-I00. <br \/>Investigador Principal 1: Dr. Rafael M. P\u00e9rez Garc\u00eda. <br \/>Investigador Principal 2: Dr. Manuel F. Fern\u00e1ndez Chaves. <br \/>Periodo: 01\/06\/2020 a\u00a0 31\/05\/2023. <br \/>Financiaci\u00f3n: 36.300 euros. <br \/>N\u00famero de investigadores: 14.<a href=\"https:\/\/investigacion.us.es\/sisius\/sis_depgrupos.php?ct=&amp;cs=&amp;seltext=HUM-202&amp;selfield=CodPAI\"><\/a><\/p>\n<p><a href=\"https:\/\/investigacion.us.es\/sisius\/sis_proyecto.php?idproy=32242\">https:\/\/investigacion.us.es\/sisius\/sis_proyecto.php?idproy=32242<\/a><\/p>\n<p>[\/et_pb_text][et_pb_text _builder_version=\u00bb4.27.4&#8243; _module_preset=\u00bbd7287142-8dce-4338-a440-851665491cdc\u00bb custom_margin=\u00bb||||false|false\u00bb custom_padding=\u00bb10px|20px|10px|20px|false|false\u00bb border_width_all=\u00bb1px\u00bb border_color_all=\u00bb#deae36&#8243; border_style_all=\u00bbdashed\u00bb locked=\u00bboff\u00bb global_colors_info=\u00bb{}\u00bb]<\/p>\n<p><span style=\"color: #deae36;\"><strong><em>Proyecto de I+D+i Encrucijada de mundos: identidad, imagen y patrimonio de Andaluc\u00eda en los tiempos modernos.\u00a0<\/em><\/strong><\/span><\/p>\n<p>Financiado por Consejer\u00eda de Econom\u00eda y Conocimiento de la Junta de Andaluc\u00eda. <br \/>Referencia: P18-RT-3026. <br \/>Investigador Principal 1: Dr. Juan Jos\u00e9 Iglesias Rodr\u00edguez. <br \/>Investigador Principal 2: Dr. Miguel Luis L\u00f3pez-Guadalupe Mu\u00f1oz (Universidad de Granada). <br \/>Periodo: 01\/01\/2020 a 31\/01\/2023. \u00a0<br \/>Financiaci\u00f3n: 78.807 euros.<br \/>N\u00famero de investigadores: 45.<\/p>\n<p><a href=\"https:\/\/investigacion.us.es\/sisius\/sis_proyecto.php?idproy=31070\">https:\/\/investigacion.us.es\/sisius\/sis_proyecto.php?idproy=31070<\/a><\/p>\n<p>[\/et_pb_text][et_pb_text _builder_version=\u00bb4.27.4&#8243; _module_preset=\u00bbd7287142-8dce-4338-a440-851665491cdc\u00bb custom_margin=\u00bb||||false|false\u00bb custom_padding=\u00bb10px|20px|10px|20px|false|false\u00bb border_width_all=\u00bb1px\u00bb border_color_all=\u00bb#deae36&#8243; border_style_all=\u00bbdashed\u00bb locked=\u00bboff\u00bb global_colors_info=\u00bb{}\u00bb]<\/p>\n<p><span style=\"color: #deae36;\"><strong>Proyecto de I+D+i <em>En torno a la Primera Globalizaci\u00f3n: circulaciones y conexiones entre el Atl\u00e1ntico y el Mediterr\u00e1neo (1492-1824)<\/em>. <\/strong><\/span><\/p>\n<p>Financiado por Consejer\u00eda de Econom\u00eda y Conocimiento de la Junta de Andaluc\u00eda. <br \/>Referencia: US-1262566. <br \/>Investigador Principal 1: Dr. Juan Jos\u00e9 Iglesias Rodr\u00edguez. <br \/>Investigador Principal 2: Dr. Jos\u00e9 Manuel D\u00edaz Blanco. <br \/>Per\u00edodo: 01\/02\/2020 a 30\/04\/2022. <br \/>Financiaci\u00f3n: 31.000 euros. <br \/>N\u00famero de investigadores: 17.<\/p>\n<p><a href=\"https:\/\/investigacion.us.es\/sisius\/sis_proyecto.php?idproy=30490\">https:\/\/investigacion.us.es\/sisius\/sis_proyecto.php?idproy=30490<\/a><\/p>\n<p>[\/et_pb_text][et_pb_text _builder_version=\u00bb4.27.4&#8243; _module_preset=\u00bbd7287142-8dce-4338-a440-851665491cdc\u00bb custom_margin=\u00bb||||false|false\u00bb custom_padding=\u00bb10px|20px|10px|20px|false|false\u00bb border_width_all=\u00bb1px\u00bb border_color_all=\u00bb#deae36&#8243; border_style_all=\u00bbdashed\u00bb locked=\u00bboff\u00bb global_colors_info=\u00bb{}\u00bb]<\/p>\n<p><span style=\"color: #deae36;\"><strong><em>Proyecto de I+D La construcci\u00f3n de un mundo nuevo: circuitos econ\u00f3micos, din\u00e1micas sociales y mediadores culturales en las ciudades atl\u00e1nticas del sur de Espa\u00f1a, siglos XVI-XVIII (ANDATLAN)<\/em><\/strong><\/span><\/p>\n<p>Financiado por el Ministerio de Econom\u00eda y Competitividad del Gobierno de Espa\u00f1a. <br \/>Referencia: HAR2017-85-305-P. <br \/>Investigador Principal 1: Dr. Juan Jos\u00e9 Iglesias Rodr\u00edguez. <br \/>Investigador Principal 2: Dr. Jos\u00e9 Jaime Garc\u00eda Bernal. <br \/>Periodo: 01\/01\/2018 a 30\/06\/2022. <br \/>Financiaci\u00f3n: 46.000 euros. <br \/>N\u00famero de investigadores: 17.<\/p>\n<p><a href=\"https:\/\/investigacion.us.es\/sisius\/sis_proyecto.php?idproy=28582\">https:\/\/investigacion.us.es\/sisius\/sis_proyecto.php?idproy=28582<\/a><\/p>\n<p>[\/et_pb_text][et_pb_text _builder_version=\u00bb4.27.4&#8243; _module_preset=\u00bbd7287142-8dce-4338-a440-851665491cdc\u00bb custom_margin=\u00bb||||false|false\u00bb custom_padding=\u00bb10px|20px|10px|20px|false|false\u00bb border_width_all=\u00bb1px\u00bb border_color_all=\u00bb#deae36&#8243; border_style_all=\u00bbdashed\u00bb locked=\u00bboff\u00bb global_colors_info=\u00bb{}\u00bb]<\/p>\n<p><span style=\"color: #deae36;\"><strong><em>Proyecto de I+D Mercados y tratas de esclavos en el Atl\u00e1ntico ib\u00e9rico del siglo XVI (MERCATRAT).\u00a0<\/em><\/strong><\/span><\/p>\n<p>Financiado por el Ministerio de Econom\u00eda y Competitividad del Gobierno de Espa\u00f1a. <br \/>Referencia: HAR2016-78056-P. <br \/>Investigador Principal: Dr. Manuel Fern\u00e1ndez Chaves. <br \/>Periodo: 30\/12\/2016 a 29\/12\/2019. <br \/>Financiaci\u00f3n: 39.930 euros. <br \/>N\u00famero de investigadores: 18.<\/p>\n<p><a href=\"https:\/\/investigacion.us.es\/sisius\/sis_proyecto.php?idproy=27528\">https:\/\/investigacion.us.es\/sisius\/sis_proyecto.php?idproy=27528<\/a><\/p>\n<p>[\/et_pb_text][et_pb_text _builder_version=\u00bb4.27.4&#8243; _module_preset=\u00bbd7287142-8dce-4338-a440-851665491cdc\u00bb custom_margin=\u00bb||||false|false\u00bb custom_padding=\u00bb10px|20px|10px|20px|false|false\u00bb border_width_all=\u00bb1px\u00bb border_color_all=\u00bb#deae36&#8243; border_style_all=\u00bbdashed\u00bb locked=\u00bboff\u00bb global_colors_info=\u00bb{}\u00bb]<\/p>\n<p><span style=\"color: #deae36;\"><strong><em>Proyecto de I+D Andaluc\u00eda en el mundo atl\u00e1ntico: actividades econ\u00f3micas, realidades sociales y representaciones culturales (siglos XVI-XVIII) (ANDATLAN).\u00a0<\/em><\/strong><\/span><\/p>\n<p>Financiado por el Ministerio de Econom\u00eda y Competitividad del Gobierno de Espa\u00f1a. <br \/>Referencia: HAR2013-41342-P. <br \/>Investigador Principal 1: Dr. Juan Jos\u00e9 Iglesias Rodr\u00edguez. <br \/>Investigador Principal 2: Dr. Jos\u00e9 Jaime Garc\u00eda Bernal (IP2). <br \/>Periodo: 01\/01\/2014 a 31\/12\/2017. <br \/>Financiaci\u00f3n: 48.000 euros. <br \/>N\u00famero de investigadores: 16.<\/p>\n<p><a href=\"https:\/\/investigacion.us.es\/sisius\/sis_proyecto.php?idproy=24278\">https:\/\/investigacion.us.es\/sisius\/sis_proyecto.php?idproy=24278<\/a><\/p>\n<p>[\/et_pb_text][\/et_pb_column][\/et_pb_row][\/et_pb_section]<\/p>\n","protected":false},"excerpt":{"rendered":"<p>Hist\u00f3ricos de proyectosDepartamento de Historia moderna de la USProyecto de I+D El tr\u00e1fico de esclavos y la econom\u00eda atl\u00e1ntica del siglo XVI (MERCATRAT).\u00a0 Financiado por el Ministerio de Ciencia e Innovaci\u00f3n del Gobierno de Espa\u00f1a.Referencia: PID2019-107156RB-I00. Investigador Principal 1: Dr. Rafael M. P\u00e9rez Garc\u00eda. Investigador Principal 2: Dr. Manuel F. Fern\u00e1ndez Chaves. Periodo: 01\/06\/2020 a\u00a0 [&hellip;]<\/p>\n","protected":false},"author":1,"featured_media":0,"parent":0,"menu_order":0,"comment_status":"closed","ping_status":"closed","template":"","meta":{"_et_pb_use_builder":"on","_et_pb_old_content":"","_et_gb_content_width":"","footnotes":""},"class_list":["post-787","page","type-page","status-publish","hentry"],"_links":{"self":[{"href":"https:\/\/departamento.us.es\/hmoderna\/wp-json\/wp\/v2\/pages\/787","targetHints":{"allow":["GET"]}}],"collection":[{"href":"https:\/\/departamento.us.es\/hmoderna\/wp-json\/wp\/v2\/pages"}],"about":[{"href":"https:\/\/departamento.us.es\/hmoderna\/wp-json\/wp\/v2\/types\/page"}],"author":[{"embeddable":true,"href":"https:\/\/departamento.us.es\/hmoderna\/wp-json\/wp\/v2\/users\/1"}],"replies":[{"embeddable":true,"href":"https:\/\/departamento.us.es\/hmoderna\/wp-json\/wp\/v2\/comments?post=787"}],"version-history":[{"count":7,"href":"https:\/\/departamento.us.es\/hmoderna\/wp-json\/wp\/v2\/pages\/787\/revisions"}],"predecessor-version":[{"id":861,"href":"https:\/\/departamento.us.es\/hmoderna\/wp-json\/wp\/v2\/pages\/787\/revisions\/861"}],"wp:attachment":[{"href":"https:\/\/departamento.us.es\/hmoderna\/wp-json\/wp\/v2\/media?parent=787"}],"curies":[{"name":"wp","href":"https:\/\/api.w.org\/{rel}","templated":true}]}}