{"id":31,"date":"2022-03-14T11:03:28","date_gmt":"2022-03-14T11:03:28","guid":{"rendered":"https:\/\/departamento.us.es\/iaymdf\/?page_id=31"},"modified":"2024-05-29T10:46:09","modified_gmt":"2024-05-29T10:46:09","slug":"politica-de-cookies","status":"publish","type":"page","link":"https:\/\/departamento.us.es\/iaymdf\/politica-de-cookies\/","title":{"rendered":"Pol\u00edtica de cookies"},"content":{"rendered":"\t\t<div data-elementor-type=\"wp-page\" data-elementor-id=\"31\" class=\"elementor elementor-31\" data-elementor-post-type=\"page\">\n\t\t\t\t<div class=\"elementor-element elementor-element-6fd6858d e-flex e-con-boxed e-con e-parent\" data-id=\"6fd6858d\" data-element_type=\"container\">\n\t\t\t\t\t<div class=\"e-con-inner\">\n\t\t\t\t<div class=\"elementor-element elementor-element-2b0bbaa1 elementor-widget elementor-widget-text-editor\" data-id=\"2b0bbaa1\" data-element_type=\"widget\" data-widget_type=\"text-editor.default\">\n\t\t\t\t<div class=\"elementor-widget-container\">\n\t\t\t\t\t\t\t\t\tEsta Pol\u00edtica de Gesti\u00f3n de cookies explica c\u00f3mo se usan las cookies en <a href=\"https:\/\/departamento.us.es\/iaymdf\/\">https:\/\/departamento.us.es\/iaymdf\/<\/a>\u00a0y c\u00f3mo se pueden habilitar y deshabilitar.\r\n\r\n<strong>No recopilaremos informaci\u00f3n personal sobre ti sin tu consentimiento.<\/strong>\r\n\r\n<strong>\u00bfQu\u00e9 es una cookie?<\/strong>\r\n\r\nUna cookie es informaci\u00f3n\u00a0<strong>an\u00f3nima\u00a0<\/strong>que<strong>\u00a0<\/strong>se almacena en un ordenador, tablet o m\u00f3vil cuando navegas por internet permitiendo reconocer el equipo que est\u00e1s utilizando.\r\n\r\nCuando navegas por <a href=\"https:\/\/departamento.us.es\/iaymdf\/\">https:\/\/departamento.us.es\/iaymdf\/<\/a> ,\u00a0el sitio puede tener \u00abcookies\u00bb.\r\n\r\nLas cookies graban informaci\u00f3n de forma an\u00f3nima y\u00a0<strong>no da\u00f1an tu equipo.<\/strong>\r\n\r\n<strong>\u00bfQu\u00e9 son las cookies que utiliza <a href=\"https:\/\/departamento.us.es\/iaymdf\/\">https:\/\/departamento.us.es\/iaymdf\/<\/a><\/strong>?\r\n<table>\r\n<tbody>\r\n<tr>\r\n<td><strong>Tipo de cookies<\/strong><\/td>\r\n<td><strong>Finalidad de la cookie<\/strong><\/td>\r\n<td><strong>Consecuencia de deshabilitar la cookie<\/strong><\/td>\r\n<\/tr>\r\n<tr>\r\n<td><strong>Fundamental<\/strong><\/td>\r\n<td>Estas cookies b\u00e1sicas son imprescindibles para garantizar que tengas una visita sin incidencias: permiten que la p\u00e1gina web te reconozca y deje tu sesi\u00f3n abierta. Adem\u00e1s, facilitan que uses otras herramientas b\u00e1sicas.<\/td>\r\n<td>La p\u00e1gina web no funciona correctamente sin estas cookies, por lo que deben estar siempre activas. De lo contrario, puede que algunos accesos queden bloqueados.<\/td>\r\n<\/tr>\r\n<tr>\r\n<td><strong>Funcional<\/strong><\/td>\r\n<td>Estas cookies ayudan a mejorar tu experiencia y te permiten usar el contenido comparti\u00e9ndolo en twitter, facebook, instagram\u2026<\/td>\r\n<td>Sin estas cookies, puede que tengas acceso restringido a algunos contenidos y herramientas.<\/td>\r\n<\/tr>\r\n<tr>\r\n<td><strong>An\u00e1lisis<\/strong><\/td>\r\n<td>Estas cookies de an\u00e1lisis recopilan informaci\u00f3n en relaci\u00f3n con el uso de nuestra web que nos permite elaborar estad\u00edsticas de nuestras visitas a la web y as\u00ed realizar los cambios pertinentes para mejorar la experiencia online.<\/td>\r\n<td>Sin esta informaci\u00f3n, no podremos mejorar nuestra web en base a tu experiencia online, conocer las estad\u00edsticas globales y an\u00f3nimas del tr\u00e1fico web, etc. .<\/td>\r\n<\/tr>\r\n<\/tbody>\r\n<\/table>\r\nEn tu primera visita a nuestra web aparecer\u00e1 un banner informativo en el que podr\u00e1s dar tu consentimiento para el uso de cookies con fines publicitarios.\r\n\r\nAl pinchar aqu\u00ed podr\u00e1s controlar el registro de cookies y personalizar los ajustes.\r\n\r\n<strong>\u00bfQui\u00e9n tiene acceso a tus cookies?<\/strong>\r\n\r\nLas p\u00e1ginas de internet solo pueden acceder a las cookies que han almacenado en tu equipo. Por ejemplo, si la empresa X guarda una cookie en tu navegador, X podr\u00e1 acceder a su propia cookie pero no a aquellas de otra empresa.\t\t\t\t\t\t\t\t<\/div>\n\t\t\t\t<\/div>\n\t\t\t\t\t<\/div>\n\t\t\t\t<\/div>\n\t\t\t\t<\/div>\n\t\t","protected":false},"excerpt":{"rendered":"<p>Esta Pol\u00edtica de Gesti\u00f3n de cookies explica c\u00f3mo se usan las cookies en https:\/\/departamento.us.es\/iaymdf\/\u00a0y c\u00f3mo se pueden habilitar y deshabilitar. No recopilaremos informaci\u00f3n personal sobre ti sin tu consentimiento. \u00bfQu\u00e9 es una cookie? Una cookie es informaci\u00f3n\u00a0an\u00f3nima\u00a0que\u00a0se almacena en un ordenador, tablet o m\u00f3vil cuando navegas por internet permitiendo reconocer el equipo que est\u00e1s utilizando. [&hellip;]<\/p>\n","protected":false},"author":1,"featured_media":0,"parent":0,"menu_order":0,"comment_status":"closed","ping_status":"closed","template":"","meta":{"_acf_changed":false,"footnotes":""},"class_list":["post-31","page","type-page","status-publish","hentry"],"acf":[],"yoast_head":"<!-- This site is optimized with the Yoast SEO plugin v24.0 - https:\/\/yoast.com\/wordpress\/plugins\/seo\/ -->\n<title>Pol\u00edtica de cookies - Iaymdf<\/title>\n<meta name=\"robots\" content=\"index, follow, max-snippet:-1, max-image-preview:large, max-video-preview:-1\" \/>\n<link rel=\"canonical\" href=\"https:\/\/departamento.us.es\/iaymdf\/politica-de-cookies\/\" \/>\n<meta property=\"og:locale\" content=\"es_ES\" \/>\n<meta property=\"og:type\" content=\"article\" \/>\n<meta property=\"og:title\" content=\"Pol\u00edtica de cookies - Iaymdf\" \/>\n<meta property=\"og:description\" content=\"Esta Pol\u00edtica de Gesti\u00f3n de cookies explica c\u00f3mo se usan las cookies en https:\/\/departamento.us.es\/iaymdf\/\u00a0y c\u00f3mo se pueden habilitar y deshabilitar. No recopilaremos informaci\u00f3n personal sobre ti sin tu consentimiento. \u00bfQu\u00e9 es una cookie? Una cookie es informaci\u00f3n\u00a0an\u00f3nima\u00a0que\u00a0se almacena en un ordenador, tablet o m\u00f3vil cuando navegas por internet permitiendo reconocer el equipo que est\u00e1s utilizando. [&hellip;]\" \/>\n<meta property=\"og:url\" content=\"https:\/\/departamento.us.es\/iaymdf\/politica-de-cookies\/\" \/>\n<meta property=\"og:site_name\" content=\"Iaymdf\" \/>\n<meta property=\"article:modified_time\" content=\"2024-05-29T10:46:09+00:00\" \/>\n<meta name=\"twitter:card\" content=\"summary_large_image\" \/>\n<meta name=\"twitter:label1\" content=\"Tiempo de lectura\" \/>\n\t<meta name=\"twitter:data1\" content=\"2 minutos\" \/>\n<script type=\"application\/ld+json\" class=\"yoast-schema-graph\">{\"@context\":\"https:\/\/schema.org\",\"@graph\":[{\"@type\":\"WebPage\",\"@id\":\"https:\/\/departamento.us.es\/iaymdf\/politica-de-cookies\/\",\"url\":\"https:\/\/departamento.us.es\/iaymdf\/politica-de-cookies\/\",\"name\":\"Pol\u00edtica de cookies - Iaymdf\",\"isPartOf\":{\"@id\":\"https:\/\/departamento.us.es\/iaymdf\/#website\"},\"datePublished\":\"2022-03-14T11:03:28+00:00\",\"dateModified\":\"2024-05-29T10:46:09+00:00\",\"inLanguage\":\"es\",\"potentialAction\":[{\"@type\":\"ReadAction\",\"target\":[\"https:\/\/departamento.us.es\/iaymdf\/politica-de-cookies\/\"]}]},{\"@type\":\"WebSite\",\"@id\":\"https:\/\/departamento.us.es\/iaymdf\/#website\",\"url\":\"https:\/\/departamento.us.es\/iaymdf\/\",\"name\":\"Iaymdf\",\"description\":\"Departamento de Ingenier\u00eda aeroespacial y mec\u00e1nica de fluidos\",\"potentialAction\":[{\"@type\":\"SearchAction\",\"target\":{\"@type\":\"EntryPoint\",\"urlTemplate\":\"https:\/\/departamento.us.es\/iaymdf\/?s={search_term_string}\"},\"query-input\":{\"@type\":\"PropertyValueSpecification\",\"valueRequired\":true,\"valueName\":\"search_term_string\"}}],\"inLanguage\":\"es\"}]}<\/script>\n<!-- \/ Yoast SEO plugin. -->","yoast_head_json":{"title":"Pol\u00edtica de cookies - Iaymdf","robots":{"index":"index","follow":"follow","max-snippet":"max-snippet:-1","max-image-preview":"max-image-preview:large","max-video-preview":"max-video-preview:-1"},"canonical":"https:\/\/departamento.us.es\/iaymdf\/politica-de-cookies\/","og_locale":"es_ES","og_type":"article","og_title":"Pol\u00edtica de cookies - Iaymdf","og_description":"Esta Pol\u00edtica de Gesti\u00f3n de cookies explica c\u00f3mo se usan las cookies en https:\/\/departamento.us.es\/iaymdf\/\u00a0y c\u00f3mo se pueden habilitar y deshabilitar. No recopilaremos informaci\u00f3n personal sobre ti sin tu consentimiento. \u00bfQu\u00e9 es una cookie? Una cookie es informaci\u00f3n\u00a0an\u00f3nima\u00a0que\u00a0se almacena en un ordenador, tablet o m\u00f3vil cuando navegas por internet permitiendo reconocer el equipo que est\u00e1s utilizando. [&hellip;]","og_url":"https:\/\/departamento.us.es\/iaymdf\/politica-de-cookies\/","og_site_name":"Iaymdf","article_modified_time":"2024-05-29T10:46:09+00:00","twitter_card":"summary_large_image","twitter_misc":{"Tiempo de lectura":"2 minutos"},"schema":{"@context":"https:\/\/schema.org","@graph":[{"@type":"WebPage","@id":"https:\/\/departamento.us.es\/iaymdf\/politica-de-cookies\/","url":"https:\/\/departamento.us.es\/iaymdf\/politica-de-cookies\/","name":"Pol\u00edtica de cookies - Iaymdf","isPartOf":{"@id":"https:\/\/departamento.us.es\/iaymdf\/#website"},"datePublished":"2022-03-14T11:03:28+00:00","dateModified":"2024-05-29T10:46:09+00:00","inLanguage":"es","potentialAction":[{"@type":"ReadAction","target":["https:\/\/departamento.us.es\/iaymdf\/politica-de-cookies\/"]}]},{"@type":"WebSite","@id":"https:\/\/departamento.us.es\/iaymdf\/#website","url":"https:\/\/departamento.us.es\/iaymdf\/","name":"Iaymdf","description":"Departamento de Ingenier\u00eda aeroespacial y mec\u00e1nica de fluidos","potentialAction":[{"@type":"SearchAction","target":{"@type":"EntryPoint","urlTemplate":"https:\/\/departamento.us.es\/iaymdf\/?s={search_term_string}"},"query-input":{"@type":"PropertyValueSpecification","valueRequired":true,"valueName":"search_term_string"}}],"inLanguage":"es"}]}},"_links":{"self":[{"href":"https:\/\/departamento.us.es\/iaymdf\/wp-json\/wp\/v2\/pages\/31","targetHints":{"allow":["GET"]}}],"collection":[{"href":"https:\/\/departamento.us.es\/iaymdf\/wp-json\/wp\/v2\/pages"}],"about":[{"href":"https:\/\/departamento.us.es\/iaymdf\/wp-json\/wp\/v2\/types\/page"}],"author":[{"embeddable":true,"href":"https:\/\/departamento.us.es\/iaymdf\/wp-json\/wp\/v2\/users\/1"}],"replies":[{"embeddable":true,"href":"https:\/\/departamento.us.es\/iaymdf\/wp-json\/wp\/v2\/comments?post=31"}],"version-history":[{"count":0,"href":"https:\/\/departamento.us.es\/iaymdf\/wp-json\/wp\/v2\/pages\/31\/revisions"}],"wp:attachment":[{"href":"https:\/\/departamento.us.es\/iaymdf\/wp-json\/wp\/v2\/media?parent=31"}],"curies":[{"name":"wp","href":"https:\/\/api.w.org\/{rel}","templated":true}]}}