{"id":208,"date":"2017-11-06T10:26:34","date_gmt":"2017-11-06T10:26:34","guid":{"rendered":"http:\/\/departamento.us.es\/ielectrica\/?page_id=208"},"modified":"2020-06-12T16:36:18","modified_gmt":"2020-06-12T16:36:18","slug":"quienes-somos","status":"publish","type":"page","link":"https:\/\/departamento.us.es\/ielectrica\/quienes-somos\/","title":{"rendered":"Qui\u00e9nes somos"},"content":{"rendered":"<div class=\"abajo\">\n<p style=\"text-align: justify;\"><span style=\"color: #800000; font-size: 24px; font-family: arial, helvetica, sans-serif;\">Qui\u00e9nes somos<\/span><\/p>\n<\/div>\n<p style=\"text-align: justify;\"><span style=\"font-family: arial, helvetica, sans-serif; font-size: 16px;\">El Departamento de Ingenier\u00eda El\u00e9ctrica de la Universidad de Sevilla es una unidad de docencia e investigaci\u00f3n encargada de coordinar las ense\u00f1anzas del \u00e1rea de conocimiento de Ingenier\u00eda El\u00e9ctrica en la Escuela T\u00e9cnica Superior de Ingenier\u00eda y la Escuela Polit\u00e9cnica Superior, de acuerdo con la programaci\u00f3n docente de la universidad de Sevilla , de apoyar las actividades e iniciativas docentes e investigadoras del profesorado, y de ejercer aquellas otras funciones que sean determinadas por el Estatuto de la Universidad de Sevilla.<\/span><\/p>\n<div class=\"abajo\">&nbsp;<\/div>\n","protected":false},"excerpt":{"rendered":"<p>Qui\u00e9nes somos El Departamento de Ingenier\u00eda El\u00e9ctrica de la Universidad de Sevilla es una unidad de docencia e investigaci\u00f3n encargada de coordinar las ense\u00f1anzas del \u00e1rea de conocimiento de Ingenier\u00eda El\u00e9ctrica en la Escuela T\u00e9cnica Superior de Ingenier\u00eda y la <a href=\"https:\/\/departamento.us.es\/ielectrica\/quienes-somos\/\" class=\"read-more\">Leer m\u00e1s&#8230;<\/a><\/p>\n","protected":false},"author":1,"featured_media":0,"parent":0,"menu_order":0,"comment_status":"closed","ping_status":"closed","template":"","meta":{"footnotes":""},"class_list":["post-208","page","type-page","status-publish","hentry"],"_links":{"self":[{"href":"https:\/\/departamento.us.es\/ielectrica\/wp-json\/wp\/v2\/pages\/208","targetHints":{"allow":["GET"]}}],"collection":[{"href":"https:\/\/departamento.us.es\/ielectrica\/wp-json\/wp\/v2\/pages"}],"about":[{"href":"https:\/\/departamento.us.es\/ielectrica\/wp-json\/wp\/v2\/types\/page"}],"author":[{"embeddable":true,"href":"https:\/\/departamento.us.es\/ielectrica\/wp-json\/wp\/v2\/users\/1"}],"replies":[{"embeddable":true,"href":"https:\/\/departamento.us.es\/ielectrica\/wp-json\/wp\/v2\/comments?post=208"}],"version-history":[{"count":0,"href":"https:\/\/departamento.us.es\/ielectrica\/wp-json\/wp\/v2\/pages\/208\/revisions"}],"wp:attachment":[{"href":"https:\/\/departamento.us.es\/ielectrica\/wp-json\/wp\/v2\/media?parent=208"}],"curies":[{"name":"wp","href":"https:\/\/api.w.org\/{rel}","templated":true}]}}