{"id":2766,"date":"2021-10-19T13:30:59","date_gmt":"2021-10-19T13:30:59","guid":{"rendered":"http:\/\/departamento.us.es\/ielectrica\/?page_id=2766"},"modified":"2021-10-22T11:16:34","modified_gmt":"2021-10-22T11:16:34","slug":"curso-uimp-2021","status":"publish","type":"page","link":"https:\/\/departamento.us.es\/ielectrica\/curso-uimp-2021\/","title":{"rendered":"Curso UIMP 2021"},"content":{"rendered":"<p><span style=\"font-family: arial, helvetica, sans-serif; font-size: 20px; color: #800000;\">CURSOS DE OTO\u00d1O DE 2021 UIMP C\u00c1TEDRA-ENDESA.<\/span><\/p>\n<p style=\"text-align: justify;\"><span style=\"color: #000000; font-size: 14px; font-family: arial, helvetica, sans-serif;\">Los d\u00edas 13 y 14 de octubre de 2021 tuvo lugar en Sevilla el Curso<span style=\"color: #0000ff;\"> <a style=\"color: #0000ff;\" href=\"http:\/\/departamento.us.es\/ielectrica\/wp-content\/uploads\/2021\/09\/di\u0301ptico_escuela_energia.pdf\" target=\"_blank\" rel=\"noopener noreferrer\">Impacto y Gesti\u00f3n de Recursos Distribuidos en Sistemas El\u00e9ctricos Descarbonizados<\/a> <\/span>, el cual se celebr\u00f3 en la Universidad Internacional Men\u00e9ndez Pelayo bajo la direcci\u00f3n acad\u00e9mica del <strong>Dr. Antonio G\u00f3mez Exp\u00f3sito<\/strong>, Director de la C\u00e1tedra Endesa Red de la Universidad de Sevilla.<\/span><\/p>\n<table style=\"border-collapse: collapse; width: 100%; height: 938px;\">\n<tbody>\n<tr style=\"height: 319px;\">\n<td style=\"width: 50.1658%; text-align: center; height: 319px;\"><iframe loading=\"lazy\" src=\"\/\/www.youtube.com\/embed\/VZHVOLOko70\" width=\"560\" height=\"314\" allowfullscreen=\"allowfullscreen\"><\/iframe><\/td>\n<td style=\"width: 49.8342%; height: 319px; text-align: left;\"><img loading=\"lazy\" decoding=\"async\" class=\"aligncenter wp-image-2825\" src=\"http:\/\/departamento.us.es\/ielectrica\/wp-content\/uploads\/2021\/10\/2021-10-22_122819-300x154.png\" alt=\"\" width=\"400\" height=\"205\" srcset=\"https:\/\/departamento.us.es\/ielectrica\/wp-content\/uploads\/2021\/10\/2021-10-22_122819-300x154.png 300w, https:\/\/departamento.us.es\/ielectrica\/wp-content\/uploads\/2021\/10\/2021-10-22_122819-1024x526.png 1024w, https:\/\/departamento.us.es\/ielectrica\/wp-content\/uploads\/2021\/10\/2021-10-22_122819-768x394.png 768w, https:\/\/departamento.us.es\/ielectrica\/wp-content\/uploads\/2021\/10\/2021-10-22_122819-360x185.png 360w, https:\/\/departamento.us.es\/ielectrica\/wp-content\/uploads\/2021\/10\/2021-10-22_122819.png 1213w\" sizes=\"auto, (max-width: 400px) 100vw, 400px\" \/><\/td>\n<\/tr>\n<tr style=\"height: 185px;\">\n<td style=\"width: 50.1658%; text-align: justify; height: 10px; vertical-align: top;\"><span style=\"font-family: arial, helvetica, sans-serif;\"> <span style=\"color: #800000; font-family: arial, helvetica, sans-serif;\"><strong><span style=\"font-size: 12px;\">Apertura y presentaci\u00f3n:<\/span><\/strong><\/span><br \/>\n<span style=\"color: #000000;\"><span style=\"font-size: 12px; font-family: arial, helvetica, sans-serif;\"><strong>D\u00aa Nieves L\u00f3pez Santana, <\/strong>Directora Sede Sevilla UIMP.<strong><br \/>\n<\/strong><\/span><span style=\"font-size: 12px; font-family: arial, helvetica, sans-serif;\"><strong>D. Rafael S\u00e1nchez Dur\u00e1n<\/strong>, Director General de Endesa en Andaluc\u00eda y Extremadura <\/span><\/span><br \/>\n<span style=\"font-size: 12px; color: #000000;\"><strong>D. Antonio G\u00f3mez Exp\u00f3sito<\/strong>, Director C\u00e1tedra Endesa Red de la Universidad de Sevilla.<\/span><\/span><\/td>\n<td style=\"width: 49.8342%; text-align: justify; height: 10px; vertical-align: top;\"><span style=\"font-family: arial, helvetica, sans-serif;\"><strong><span style=\"font-size: 12px; color: #800000;\">Ponencia:<br \/>\n<\/span><\/strong><span style=\"font-size: 12px; color: #000000;\"><strong>D. Antonio G\u00f3mez Exp\u00f3sito, <\/strong>Director C\u00e1tedra Endesa Red de la Universidad de Sevilla. T\u00edtulo: Tendencias actuales y perspectivas futuras de los sistemas el\u00e9ctricos: descarbonizaci\u00f3n, digitalizaci\u00f3n y descentralizaci\u00f3n.<\/span><\/span><\/td>\n<\/tr>\n<tr style=\"height: 319px;\">\n<td style=\"width: 50.1658%; text-align: center; height: 319px;\"><img loading=\"lazy\" decoding=\"async\" class=\"aligncenter wp-image-2826\" src=\"http:\/\/departamento.us.es\/ielectrica\/wp-content\/uploads\/2021\/10\/2021-10-22_123034-300x135.png\" alt=\"\" width=\"400\" height=\"180\" srcset=\"https:\/\/departamento.us.es\/ielectrica\/wp-content\/uploads\/2021\/10\/2021-10-22_123034-300x135.png 300w, https:\/\/departamento.us.es\/ielectrica\/wp-content\/uploads\/2021\/10\/2021-10-22_123034-1024x461.png 1024w, https:\/\/departamento.us.es\/ielectrica\/wp-content\/uploads\/2021\/10\/2021-10-22_123034-768x345.png 768w, https:\/\/departamento.us.es\/ielectrica\/wp-content\/uploads\/2021\/10\/2021-10-22_123034-360x162.png 360w, https:\/\/departamento.us.es\/ielectrica\/wp-content\/uploads\/2021\/10\/2021-10-22_123034.png 1125w\" sizes=\"auto, (max-width: 400px) 100vw, 400px\" \/><\/td>\n<td style=\"width: 49.8342%; text-align: center; height: 319px;\"><img loading=\"lazy\" decoding=\"async\" class=\"aligncenter wp-image-2827\" src=\"http:\/\/departamento.us.es\/ielectrica\/wp-content\/uploads\/2021\/10\/2021-10-22_123153-300x156.png\" alt=\"\" width=\"400\" height=\"208\" srcset=\"https:\/\/departamento.us.es\/ielectrica\/wp-content\/uploads\/2021\/10\/2021-10-22_123153-300x156.png 300w, https:\/\/departamento.us.es\/ielectrica\/wp-content\/uploads\/2021\/10\/2021-10-22_123153-1024x532.png 1024w, https:\/\/departamento.us.es\/ielectrica\/wp-content\/uploads\/2021\/10\/2021-10-22_123153-768x399.png 768w, https:\/\/departamento.us.es\/ielectrica\/wp-content\/uploads\/2021\/10\/2021-10-22_123153-360x187.png 360w, https:\/\/departamento.us.es\/ielectrica\/wp-content\/uploads\/2021\/10\/2021-10-22_123153.png 1159w\" sizes=\"auto, (max-width: 400px) 100vw, 400px\" \/><\/td>\n<\/tr>\n<tr>\n<td style=\"width: 50.1658%; text-align: justify; vertical-align: top;\"><span style=\"font-family: arial, helvetica, sans-serif;\"><strong><span style=\"font-size: 12px; color: #800000;\">Ponencia:<br \/>\n<\/span><\/strong><span style=\"font-size: 12px; color: #000000;\"><strong>D. Jes\u00fas Manuel Riquelme Santos, <\/strong>Profesor&nbsp;de la Universidad de Sevilla. T\u00edtulo: Aplicaciones de t\u00e9cnicas de predicci\u00f3n en sistemas el\u00e9ctricos con recursos distribuidos.<\/span><\/span><span style=\"font-family: arial, helvetica, sans-serif;\"><strong><span style=\"font-size: 12px; color: #800000;\"><br \/>\n<\/span><\/strong><\/span><\/td>\n<td style=\"width: 49.8342%; text-align: justify; vertical-align: top;\"><span style=\"font-family: arial, helvetica, sans-serif;\"><strong><span style=\"font-size: 12px; color: #800000;\">Ponencia:<br \/>\n<span style=\"font-size: 12px; color: #000000;\">D. Jos\u00e9 Mar\u00eda Maza Ortega, <\/span><\/span><\/strong><span style=\"font-size: 12px; color: #800000;\"><span style=\"font-size: 12px; color: #000000;\">Profesor <\/span><\/span><span style=\"font-size: 12px; color: #800000;\"><span style=\"font-size: 12px; color: #000000;\">de la Universidad de Sevilla. T\u00edtulo: D-FACTS: Sistemas electr\u00f3nicos en la operaci\u00f3n de redes de distribuci\u00f3n activas.<\/span><\/span><\/span><\/td>\n<\/tr>\n<tr style=\"height: 23px;\">\n<td style=\"width: 50.1658%; text-align: justify; vertical-align: top; height: 23px;\"><img loading=\"lazy\" decoding=\"async\" class=\"aligncenter wp-image-2832\" src=\"http:\/\/departamento.us.es\/ielectrica\/wp-content\/uploads\/2021\/10\/2021-10-22_123654-300x152.png\" alt=\"\" width=\"400\" height=\"203\" srcset=\"https:\/\/departamento.us.es\/ielectrica\/wp-content\/uploads\/2021\/10\/2021-10-22_123654-300x152.png 300w, https:\/\/departamento.us.es\/ielectrica\/wp-content\/uploads\/2021\/10\/2021-10-22_123654-1024x518.png 1024w, https:\/\/departamento.us.es\/ielectrica\/wp-content\/uploads\/2021\/10\/2021-10-22_123654-768x388.png 768w, https:\/\/departamento.us.es\/ielectrica\/wp-content\/uploads\/2021\/10\/2021-10-22_123654-360x182.png 360w, https:\/\/departamento.us.es\/ielectrica\/wp-content\/uploads\/2021\/10\/2021-10-22_123654.png 1195w\" sizes=\"auto, (max-width: 400px) 100vw, 400px\" \/><\/td>\n<td style=\"width: 49.8342%; text-align: justify; vertical-align: top; height: 23px;\"><img loading=\"lazy\" decoding=\"async\" class=\"aligncenter wp-image-2833\" src=\"http:\/\/departamento.us.es\/ielectrica\/wp-content\/uploads\/2021\/10\/2021-10-22_123808-300x167.png\" alt=\"\" width=\"400\" height=\"222\" srcset=\"https:\/\/departamento.us.es\/ielectrica\/wp-content\/uploads\/2021\/10\/2021-10-22_123808-300x167.png 300w, https:\/\/departamento.us.es\/ielectrica\/wp-content\/uploads\/2021\/10\/2021-10-22_123808-1024x571.png 1024w, https:\/\/departamento.us.es\/ielectrica\/wp-content\/uploads\/2021\/10\/2021-10-22_123808-768x428.png 768w, https:\/\/departamento.us.es\/ielectrica\/wp-content\/uploads\/2021\/10\/2021-10-22_123808-360x201.png 360w, https:\/\/departamento.us.es\/ielectrica\/wp-content\/uploads\/2021\/10\/2021-10-22_123808.png 1059w\" sizes=\"auto, (max-width: 400px) 100vw, 400px\" \/><\/td>\n<\/tr>\n<tr style=\"height: 23px;\">\n<td style=\"width: 50.1658%; text-align: justify; vertical-align: top; height: 23px;\"><span style=\"font-size: 12px; color: #808080; font-family: arial, helvetica, sans-serif;\"><strong><span style=\"color: #800000;\"><span style=\"font-family: arial, helvetica, sans-serif;\"><span style=\"font-size: 12px; color: #800000;\">Ponencia:<br \/>\n<\/span><span style=\"font-size: 12px; color: #000000;\">D. Juan Manuel Mauricio, <\/span><\/span><\/span><\/strong><span style=\"color: #800000;\"><span style=\"font-family: arial, helvetica, sans-serif;\"><span style=\"font-size: 12px; color: #000000;\">Profesor de la Universidad de Sevilla. T\u00edtulo: Sistemas de control en plantas renovables.<\/span><\/span><\/span><\/span><\/td>\n<td style=\"width: 49.8342%; text-align: justify; vertical-align: top; height: 23px;\"><span style=\"font-family: arial, helvetica, sans-serif;\"><span style=\"font-size: 12px;\"><span style=\"color: #800000;\"><strong><span style=\"font-size: 12px; color: #800000;\">Ponencia:<br \/>\n<\/span><span style=\"font-size: 12px; color: #000000;\">D. Gabriel T\u00e9var Bartolom\u00e9, <\/span><\/strong><span style=\"font-size: 12px; color: #000000;\">Endesa. T\u00edtulo: Impacto de la generaci\u00f3n FV distribuida en redes de distribuci\u00f3n<\/span><\/span><\/span><\/span><\/td>\n<\/tr>\n<tr style=\"height: 23px;\">\n<td style=\"width: 50.1658%; text-align: justify; vertical-align: top; height: 23px;\"><img loading=\"lazy\" decoding=\"async\" class=\"aligncenter wp-image-2834\" src=\"http:\/\/departamento.us.es\/ielectrica\/wp-content\/uploads\/2021\/10\/2021-10-22_123854-300x140.png\" alt=\"\" width=\"400\" height=\"187\" srcset=\"https:\/\/departamento.us.es\/ielectrica\/wp-content\/uploads\/2021\/10\/2021-10-22_123854-300x140.png 300w, https:\/\/departamento.us.es\/ielectrica\/wp-content\/uploads\/2021\/10\/2021-10-22_123854-1024x479.png 1024w, https:\/\/departamento.us.es\/ielectrica\/wp-content\/uploads\/2021\/10\/2021-10-22_123854-768x359.png 768w, https:\/\/departamento.us.es\/ielectrica\/wp-content\/uploads\/2021\/10\/2021-10-22_123854-360x168.png 360w, https:\/\/departamento.us.es\/ielectrica\/wp-content\/uploads\/2021\/10\/2021-10-22_123854.png 1227w\" sizes=\"auto, (max-width: 400px) 100vw, 400px\" \/><\/td>\n<td style=\"width: 49.8342%; text-align: justify; vertical-align: top; height: 23px;\"><img loading=\"lazy\" decoding=\"async\" class=\"aligncenter size-medium wp-image-2836\" src=\"http:\/\/departamento.us.es\/ielectrica\/wp-content\/uploads\/2021\/10\/2021-10-22_124032-300x158.png\" alt=\"\" width=\"400\" height=\"211\" srcset=\"https:\/\/departamento.us.es\/ielectrica\/wp-content\/uploads\/2021\/10\/2021-10-22_124032-300x158.png 300w, https:\/\/departamento.us.es\/ielectrica\/wp-content\/uploads\/2021\/10\/2021-10-22_124032-1024x540.png 1024w, https:\/\/departamento.us.es\/ielectrica\/wp-content\/uploads\/2021\/10\/2021-10-22_124032-768x405.png 768w, https:\/\/departamento.us.es\/ielectrica\/wp-content\/uploads\/2021\/10\/2021-10-22_124032-360x190.png 360w, https:\/\/departamento.us.es\/ielectrica\/wp-content\/uploads\/2021\/10\/2021-10-22_124032.png 1125w\" sizes=\"auto, (max-width: 400px) 100vw, 400px\" \/><\/td>\n<\/tr>\n<tr style=\"height: 23px;\">\n<td style=\"width: 50.1658%; text-align: justify; vertical-align: top; height: 23px;\"><span style=\"font-size: 12px; color: #808080; font-family: arial, helvetica, sans-serif;\"><strong><span style=\"color: #800000;\"><span style=\"font-family: arial, helvetica, sans-serif;\"><span style=\"font-size: 12px; color: #800000;\">Ponencia:<br \/>\n<\/span><span style=\"font-size: 12px; color: #000000;\">D. Juan J. Peir\u00f3 Pe\u00f1a, <\/span><\/span><\/span><\/strong><span style=\"color: #800000;\"><span style=\"font-family: arial, helvetica, sans-serif;\"><span style=\"font-size: 12px; color: #000000;\">REE. T\u00edtulo: Tendencias actuales y perspectivas futuras de los sistemas el\u00e9ctricos: descarbonizaci\u00f3n, digitalizaci\u00f3n y descentralizaci\u00f3n.<\/span><\/span><\/span><\/span><\/td>\n<td style=\"width: 49.8342%; text-align: justify; vertical-align: top; height: 23px;\"><span style=\"font-family: arial, helvetica, sans-serif;\"><span style=\"font-size: 12px;\"><span style=\"color: #800000;\"><strong><span style=\"font-size: 12px; color: #800000;\">Ponencia:<br \/>\n<\/span><span style=\"font-size: 12px; color: #000000;\">D. Pierluigi Mancarella, <\/span><\/strong><span style=\"font-size: 12px; color: #000000;\">Profesor de la University of Merlbourne (Australia). T\u00edtulo: Flexibility and grid services from DER: Challenges and innovation from downunder.<\/span><\/span><\/span><\/span><\/td>\n<\/tr>\n<tr style=\"height: 23px;\">\n<td style=\"width: 50.1658%; text-align: justify; vertical-align: top; height: 23px;\"><img loading=\"lazy\" decoding=\"async\" class=\"aligncenter size-medium wp-image-2837\" src=\"http:\/\/departamento.us.es\/ielectrica\/wp-content\/uploads\/2021\/10\/2021-10-22_124130-300x153.png\" alt=\"\" width=\"400\" height=\"204\" srcset=\"https:\/\/departamento.us.es\/ielectrica\/wp-content\/uploads\/2021\/10\/2021-10-22_124130-300x153.png 300w, https:\/\/departamento.us.es\/ielectrica\/wp-content\/uploads\/2021\/10\/2021-10-22_124130-1024x523.png 1024w, https:\/\/departamento.us.es\/ielectrica\/wp-content\/uploads\/2021\/10\/2021-10-22_124130-768x393.png 768w, https:\/\/departamento.us.es\/ielectrica\/wp-content\/uploads\/2021\/10\/2021-10-22_124130-360x184.png 360w, https:\/\/departamento.us.es\/ielectrica\/wp-content\/uploads\/2021\/10\/2021-10-22_124130.png 1158w\" sizes=\"auto, (max-width: 400px) 100vw, 400px\" \/><\/td>\n<td style=\"width: 49.8342%; text-align: justify; vertical-align: top; height: 23px;\"><img loading=\"lazy\" decoding=\"async\" class=\"aligncenter size-medium wp-image-2840\" src=\"http:\/\/departamento.us.es\/ielectrica\/wp-content\/uploads\/2021\/10\/2021-10-22_124237-1-300x151.png\" alt=\"\" width=\"400\" height=\"201\" srcset=\"https:\/\/departamento.us.es\/ielectrica\/wp-content\/uploads\/2021\/10\/2021-10-22_124237-1-300x151.png 300w, https:\/\/departamento.us.es\/ielectrica\/wp-content\/uploads\/2021\/10\/2021-10-22_124237-1-1024x517.png 1024w, https:\/\/departamento.us.es\/ielectrica\/wp-content\/uploads\/2021\/10\/2021-10-22_124237-1-768x388.png 768w, https:\/\/departamento.us.es\/ielectrica\/wp-content\/uploads\/2021\/10\/2021-10-22_124237-1-360x182.png 360w, https:\/\/departamento.us.es\/ielectrica\/wp-content\/uploads\/2021\/10\/2021-10-22_124237-1.png 1078w\" sizes=\"auto, (max-width: 400px) 100vw, 400px\" \/><\/td>\n<\/tr>\n<tr style=\"height: 23px;\">\n<td style=\"width: 50.1658%; text-align: justify; vertical-align: top; height: 23px;\"><span style=\"font-size: 12px; color: #808080; font-family: arial, helvetica, sans-serif;\"><strong><span style=\"color: #800000;\"><span style=\"font-family: arial, helvetica, sans-serif;\"><span style=\"font-size: 12px; color: #800000;\">Ponencia:<br \/>\n<\/span><span style=\"font-size: 12px; color: #000000;\">D. Jalal Kazempour, <\/span><\/span><\/span><\/strong><span style=\"color: #800000;\"><span style=\"font-family: arial, helvetica, sans-serif;\"><span style=\"font-size: 12px; color: #000000;\">Profesor de la Technical University of Denmark. T\u00edtulo: The role of aggregators and demand flexibility in electricity markets.<\/span><\/span><\/span><\/span><\/td>\n<td style=\"width: 49.8342%; text-align: justify; vertical-align: top; height: 23px;\"><span style=\"font-family: arial, helvetica, sans-serif;\"><span style=\"font-size: 12px;\"><span style=\"color: #800000;\"><strong><span style=\"font-size: 12px; color: #800000;\">Ponencia:<br \/>\n<\/span><span style=\"font-size: 12px; color: #000000;\">D. Hermann De Meer, <\/span><\/strong><span style=\"font-size: 12px; color: #000000;\">Profesor de la Passau University (Alemania).<\/span><span style=\"font-size: 12px; color: #000000;\"> T\u00edtulo: The impact of electric mobility in future power systems.<\/span><\/span><\/span><\/span><\/td>\n<\/tr>\n<tr style=\"height: 23px;\">\n<td style=\"width: 50.1658%; text-align: justify; vertical-align: top; height: 23px;\"><img loading=\"lazy\" decoding=\"async\" class=\"aligncenter wp-image-2841\" src=\"http:\/\/departamento.us.es\/ielectrica\/wp-content\/uploads\/2021\/10\/2021-10-22_124445-300x148.png\" alt=\"\" width=\"400\" height=\"198\" srcset=\"https:\/\/departamento.us.es\/ielectrica\/wp-content\/uploads\/2021\/10\/2021-10-22_124445-300x148.png 300w, https:\/\/departamento.us.es\/ielectrica\/wp-content\/uploads\/2021\/10\/2021-10-22_124445-1024x505.png 1024w, https:\/\/departamento.us.es\/ielectrica\/wp-content\/uploads\/2021\/10\/2021-10-22_124445-768x379.png 768w, https:\/\/departamento.us.es\/ielectrica\/wp-content\/uploads\/2021\/10\/2021-10-22_124445-360x178.png 360w, https:\/\/departamento.us.es\/ielectrica\/wp-content\/uploads\/2021\/10\/2021-10-22_124445.png 1167w\" sizes=\"auto, (max-width: 400px) 100vw, 400px\" \/><\/td>\n<td style=\"width: 49.8342%; text-align: justify; vertical-align: top; height: 23px;\">&nbsp;<\/p>\n<p>&nbsp;<\/td>\n<\/tr>\n<tr style=\"height: 23px;\">\n<td style=\"width: 50.1658%; text-align: justify; vertical-align: top; height: 23px;\"><span style=\"font-size: 12px; color: #808080; font-family: arial, helvetica, sans-serif;\"><strong><span style=\"color: #800000;\"><span style=\"font-family: arial, helvetica, sans-serif;\"><span style=\"font-size: 12px; color: #800000;\">Ponencia:<br \/>\n<\/span><span style=\"font-size: 12px; color: #000000;\">D. John Tompson, <\/span><\/span><\/span><\/strong><span style=\"color: #800000;\"><span style=\"font-family: arial, helvetica, sans-serif;\"><span style=\"font-size: 12px; color: #000000;\">Profesor de la University of Edinburgh (U.K.)<\/span><\/span><\/span><span style=\"color: #800000;\"><span style=\"font-family: arial, helvetica, sans-serif;\"><span style=\"font-size: 12px; color: #000000;\">. T\u00edtulo: ICT Architectures and infrastructures for moder power systems.<\/span><\/span><\/span><\/span><\/td>\n<td style=\"width: 49.8342%; text-align: justify; vertical-align: top; height: 23px;\"><span style=\"font-family: arial, helvetica, sans-serif;\"><span style=\"font-size: 12px;\"><span style=\"color: #800000;\"><strong>&nbsp;<\/strong><\/span><\/span><\/span><\/td>\n<\/tr>\n<\/tbody>\n<\/table>\n<p>&nbsp;<\/p>\n<p>&nbsp;<\/p>\n","protected":false},"excerpt":{"rendered":"<p>CURSOS DE OTO\u00d1O DE 2021 UIMP C\u00c1TEDRA-ENDESA. Los d\u00edas 13 y 14 de octubre de 2021 tuvo lugar en Sevilla el Curso Impacto y Gesti\u00f3n de Recursos Distribuidos en Sistemas El\u00e9ctricos Descarbonizados , el cual se celebr\u00f3 en la Universidad <a href=\"https:\/\/departamento.us.es\/ielectrica\/curso-uimp-2021\/\" class=\"read-more\">Leer m\u00e1s&#8230;<\/a><\/p>\n","protected":false},"author":1,"featured_media":0,"parent":0,"menu_order":0,"comment_status":"closed","ping_status":"closed","template":"","meta":{"footnotes":""},"class_list":["post-2766","page","type-page","status-publish","hentry"],"_links":{"self":[{"href":"https:\/\/departamento.us.es\/ielectrica\/wp-json\/wp\/v2\/pages\/2766","targetHints":{"allow":["GET"]}}],"collection":[{"href":"https:\/\/departamento.us.es\/ielectrica\/wp-json\/wp\/v2\/pages"}],"about":[{"href":"https:\/\/departamento.us.es\/ielectrica\/wp-json\/wp\/v2\/types\/page"}],"author":[{"embeddable":true,"href":"https:\/\/departamento.us.es\/ielectrica\/wp-json\/wp\/v2\/users\/1"}],"replies":[{"embeddable":true,"href":"https:\/\/departamento.us.es\/ielectrica\/wp-json\/wp\/v2\/comments?post=2766"}],"version-history":[{"count":0,"href":"https:\/\/departamento.us.es\/ielectrica\/wp-json\/wp\/v2\/pages\/2766\/revisions"}],"wp:attachment":[{"href":"https:\/\/departamento.us.es\/ielectrica\/wp-json\/wp\/v2\/media?parent=2766"}],"curies":[{"name":"wp","href":"https:\/\/api.w.org\/{rel}","templated":true}]}}