{"id":328,"date":"2018-01-15T12:36:33","date_gmt":"2018-01-15T12:36:33","guid":{"rendered":"http:\/\/departamento.us.es\/ielectrica\/?page_id=328"},"modified":"2022-04-06T11:43:15","modified_gmt":"2022-04-06T11:43:15","slug":"capitulos-de-libros","status":"publish","type":"page","link":"https:\/\/departamento.us.es\/ielectrica\/capitulos-de-libros\/","title":{"rendered":"Cap\u00edtulos de Libros"},"content":{"rendered":"<p><span style=\"font-size: 18pt;\"><strong><span style=\"color: #993300;\">Cap\u00edtulos de Libros Publicados<\/span><\/strong><\/span><\/p>\n<ul>\n<li><strong>Application of the Weighted Nearest Neighbor Method to Power System Forecasting Problems.<\/strong> Pag. 41-88. <em>En<\/em><em>: Advances in Electric Power and Energy: Price and Load Forecasting in Electric Power Systems<\/em>. IEEE Press (Wiley). 2017. Gomez Exposito, Antonio, Troncoso, A., G\u00f3mez Quiles, Catalina, Riquelme Santos, Jesus, Martinez Ramos, Jose Luis, et. al.<\/li>\n<li><strong>Detection of Non-Technical Losses in Smart Distribution Networks: A Review<\/strong>. Pag. 43-54. <em>En<\/em><em>: Trends in Practical Applications of Scalable Multi-Agent Systems<\/em>. Springer. Fragkioudaki, Anna, Cruz Romero, Pedro Luis, Gomez Exposito, Antonio, Biscarri Trivi\u00f1o, Jesus, De Tellechea, Manuel Jesus, al. 2016<\/li>\n<li><strong>State<\/strong><strong> Estimation Concepts and Terminology. <em>En: Task Force on State Estimation Concepts and Terminology<\/em>.<\/strong> Gomez Exposito, Antonio 2015<\/li>\n<li><strong>Digital Signal Processing in Power Conversion Systems: A Practical Approach for Multiphase Drives.<\/strong> Pag. 161-190. <em>En: Digital Signal Processing<\/em>. Intech. 2015. ISBN 978-953-51-4281-2. Hugo Mauricio Guzm\u00e1n Jim\u00e9nez, Mario Berm\u00fadez Guzm\u00e1n, Cristina Mart\u00edn Torres, Federico Jos\u00e9 Barrero Garcia y Mario Javier Duran Martinez<\/li>\n<li><strong>Synchrophasor-Assisted<\/strong><strong> Power System State Estimation<\/strong>. Pag. 40-55. <em>En: Modern Approaches to Power System Reliability Support<\/em>. 2014. ISBN 978-5-89606-515-9. Gomez Exposito, Antonio, De la Villa Jaen, Antonio, G\u00f3mez Quiles, Catalina<\/li>\n<li><strong>Enhancing the Integration of Renewables in Radial Distribution Networks Through Smart links.<\/strong> Pag. 155-179. <em>En: Smart Grid Infrastructure and Networking<\/em>. CRC Press. 2012. ISBN 978-0-07-178774-1. Gomez Exposito, Antonio, Maza Ortega, Jose Maria, Romero Ramos, Esther, Marano Marcolini, Alejandro<\/li>\n<li><strong>Forecasting<\/strong><strong> Prices in Electricity Markets: Needs, Tools and Limitations<\/strong>. <em>En: Handbook of Networks in Power Systems: Optimization, Modeling, Simulation and Economic Aspects<\/em>. 2011. Gil Congote, Hugo Alejandro, G\u00f3mez Quiles, Catalina, Gomez Exposito, Antonio, Riquelme Santos, Jesus<\/li>\n<li><strong>Forecasting<\/strong><strong> Prices in Electricity Markets: Needs, Tools and Limitations<\/strong>. <em>En<\/em><em>: Forecasting in Power Systems<\/em>. Estados Unidos. IEEE Press. 2010. Gomez Exposito, Antonio, Troncoso, A., G\u00f3mez Quiles, Catalina, Martinez Ramos, Jose Luis, Riquelme Santos, Jos\u00e9 Crist\u00f3bal<\/li>\n<li><strong>Integration of Distribution and Generation: a Lever to Improve the System Efficiency With a Proposal of Regulatory Changes<\/strong>. Pag. 1187-1190. <em>En<\/em><em>: Electricity Distribution &#8211; Part 1, 2009<\/em>. Curran Associates, Inc. 2009. Arcos Vargas, \u00c1ngel, Gomez Exposito, Antonio, Bachiller Soler, Alfonso, Riquelme Santos, Jesus<\/li>\n<li><strong>Solution of Linear Equation Systems<\/strong>. Pag. 583-599. <em>En<\/em><em>: Electric Energy Systems: Analysis and Operation<\/em>. EEUU. Crc 2008. ISBN 0-8493-7365-4. Alvarado, Fernando, Gomez Exposito, Antonio<\/li>\n<li><strong>State<\/strong><strong> Estimation<\/strong>. Pag. 127-164. <em>En: Electric Energy Systems: Analysis and Operation<\/em>. EEUU. Crc Press. 2008. ISBN 0-8493-7365-4. Gomez Exposito, Antonio, Abur, Ali<\/li>\n<li><strong>Load Flow<\/strong>. Pag. 95-126. <em>En: Electric Energy Systems: Analysis and Operation<\/em>. EEUU. Crc Press. 2008. ISBN 0-8493-7365-4. Gomez Exposito, Antonio, Alvarado, Fernando<\/li>\n<li><strong>Flujo de Cargas<\/strong>. Pag. 139-163. <em>En: Analisis y Operacion de Sistemas de Energia Electrica<\/em>. Aravaca (Madrid), Espa\u00f1a. Macgraw Hill\/ Interamericana de Espa\u00f1a. 2002. ISBN 84-481-3592-X. Gomez Exposito, Antonio, Alvarado, Fernando<\/li>\n<li><strong>Estimacion<\/strong><strong> de Estado<\/strong>. Pag. 171-208. <em>En: Analisis y Operacion de Sistemas de Energia Electrica<\/em>. Aravaca (Madrid), Espa\u00f1a. Macgraw Hill\/ Interamericana de Espa\u00f1a. 2002. ISBN 84-481-3592-Gomez Exposito, Antonio, Abur, Ali<\/li>\n<li><strong>Solucion<\/strong><strong> de Sistemas de Ecuaciones Lineales<\/strong>. Pag. 701-719. <em>En: Analisis y Operacion de Sistemas de Energia Electrica<\/em>. Aravaca (Madrid), Espa\u00f1a. Macgraw Hill\/ Interamericana de Espa\u00f1a. 2002. ISBN 84-481-3592-X. Alvarado, Fernando, Gomez Exposito, Antonio<\/li>\n<li><strong>Flujo de Cargas Trifasico<\/strong>. Pag. 669-698. <em>En: Analisis y Operacion de Sistemas de Energia Electrica<\/em>. Aravaca (Madrid), Espa\u00f1a. Macgraw Hill\/ Interamericana de Espa\u00f1a. 2002. ISBN 84-481-3592-X. Garcia Mayordomo,Julio, Gomez Exposito, Antonio<\/li>\n<li><strong>An<\/strong><strong> Electrical Network Simulator for Dispatcher Trainig Purposes<\/strong>. 1. Pag. 107-113. <em>En<\/em><em>: Modelling and Simulation in Engineering<\/em>. Amsterdam. North Holland Press. 1985. ISBN 0-444-70107-9. Camacho, E., Gomez Exposito, Antonio<\/li>\n<\/ul>\n","protected":false},"excerpt":{"rendered":"<p>Cap\u00edtulos de Libros Publicados Application of the Weighted Nearest Neighbor Method to Power System Forecasting Problems. Pag. 41-88. En: Advances in Electric Power and Energy: Price and Load Forecasting in Electric Power Systems. IEEE Press (Wiley). 2017. Gomez Exposito, Antonio, <a href=\"https:\/\/departamento.us.es\/ielectrica\/capitulos-de-libros\/\" class=\"read-more\">Leer m\u00e1s&#8230;<\/a><\/p>\n","protected":false},"author":1,"featured_media":0,"parent":0,"menu_order":0,"comment_status":"closed","ping_status":"closed","template":"","meta":{"footnotes":""},"class_list":["post-328","page","type-page","status-publish","hentry"],"_links":{"self":[{"href":"https:\/\/departamento.us.es\/ielectrica\/wp-json\/wp\/v2\/pages\/328","targetHints":{"allow":["GET"]}}],"collection":[{"href":"https:\/\/departamento.us.es\/ielectrica\/wp-json\/wp\/v2\/pages"}],"about":[{"href":"https:\/\/departamento.us.es\/ielectrica\/wp-json\/wp\/v2\/types\/page"}],"author":[{"embeddable":true,"href":"https:\/\/departamento.us.es\/ielectrica\/wp-json\/wp\/v2\/users\/1"}],"replies":[{"embeddable":true,"href":"https:\/\/departamento.us.es\/ielectrica\/wp-json\/wp\/v2\/comments?post=328"}],"version-history":[{"count":0,"href":"https:\/\/departamento.us.es\/ielectrica\/wp-json\/wp\/v2\/pages\/328\/revisions"}],"wp:attachment":[{"href":"https:\/\/departamento.us.es\/ielectrica\/wp-json\/wp\/v2\/media?parent=328"}],"curies":[{"name":"wp","href":"https:\/\/api.w.org\/{rel}","templated":true}]}}