{"id":115,"date":"2024-12-03T13:10:05","date_gmt":"2024-12-03T12:10:05","guid":{"rendered":"https:\/\/grupo.us.es\/medievalcth\/?page_id=115"},"modified":"2024-12-05T11:18:10","modified_gmt":"2024-12-05T10:18:10","slug":"biblioteca-area-medieval","status":"publish","type":"page","link":"https:\/\/departamento.us.es\/medievalcth\/?page_id=115","title":{"rendered":"Biblioteca del \u00c1rea de Medieval"},"content":{"rendered":"\n<h4 class=\"wp-block-heading\"><\/h4>\n\n\n\n<p><a rel=\"noreferrer noopener\" href=\"https:\/\/bib.us.es\/humanidades\/imprescindibles\/bibliotecaenlosdepartamentos\/historia-medieval\" target=\"_blank\">HORARIO DE SERVICIO DE PR\u00c9STAMO Y DEVOLUCIONES<\/a><\/p>\n\n\n\n<p>Profesor Responsable: Dr. Pl\u00e1cido Fern\u00e1ndez-Viagas Escudero<\/p>\n\n\n\n<p><a rel=\"noreferrer noopener\" href=\"https:\/\/www.flickr.com\/photos\/139494057@N07\/albums\/72157665389880227\" target=\"_blank\">BOLET\u00cdN DE NOVEDADES<\/a><\/p>\n\n\n\n<p><\/p>\n\n\n\n<table class=\"wp-block-table\"><tbody><tr><td>&nbsp;<\/td><td>&nbsp;<\/td><td>&nbsp;<\/td><td>&nbsp;<\/td><td>&nbsp;<\/td><\/tr><\/tbody><\/table>\n\n\n\n<p><\/p>\n\n\n\n<p><\/p>\n\n\n\n<p><\/p>\n","protected":false},"excerpt":{"rendered":"<p>HORARIO DE SERVICIO DE PR\u00c9STAMO Y DEVOLUCIONES Profesor Responsable: Dr. Pl\u00e1cido Fern\u00e1ndez-Viagas Escudero BOLET\u00cdN DE NOVEDADES &nbsp; &nbsp; &nbsp; &nbsp; &nbsp;<\/p>\n","protected":false},"author":2,"featured_media":0,"parent":0,"menu_order":0,"comment_status":"closed","ping_status":"closed","template":"","meta":{"footnotes":""},"class_list":["post-115","page","type-page","status-publish","hentry"],"_links":{"self":[{"href":"https:\/\/departamento.us.es\/medievalcth\/index.php?rest_route=\/wp\/v2\/pages\/115","targetHints":{"allow":["GET"]}}],"collection":[{"href":"https:\/\/departamento.us.es\/medievalcth\/index.php?rest_route=\/wp\/v2\/pages"}],"about":[{"href":"https:\/\/departamento.us.es\/medievalcth\/index.php?rest_route=\/wp\/v2\/types\/page"}],"author":[{"embeddable":true,"href":"https:\/\/departamento.us.es\/medievalcth\/index.php?rest_route=\/wp\/v2\/users\/2"}],"replies":[{"embeddable":true,"href":"https:\/\/departamento.us.es\/medievalcth\/index.php?rest_route=%2Fwp%2Fv2%2Fcomments&post=115"}],"version-history":[{"count":7,"href":"https:\/\/departamento.us.es\/medievalcth\/index.php?rest_route=\/wp\/v2\/pages\/115\/revisions"}],"predecessor-version":[{"id":206,"href":"https:\/\/departamento.us.es\/medievalcth\/index.php?rest_route=\/wp\/v2\/pages\/115\/revisions\/206"}],"wp:attachment":[{"href":"https:\/\/departamento.us.es\/medievalcth\/index.php?rest_route=%2Fwp%2Fv2%2Fmedia&parent=115"}],"curies":[{"name":"wp","href":"https:\/\/api.w.org\/{rel}","templated":true}]}}