{"id":202,"date":"2025-11-13T14:11:28","date_gmt":"2025-11-13T13:11:28","guid":{"rendered":"https:\/\/departamento.us.es\/microccs\/?page_id=202"},"modified":"2026-01-28T11:46:03","modified_gmt":"2026-01-28T10:46:03","slug":"jose-manuel-rodriguez-martinez","status":"publish","type":"page","link":"https:\/\/departamento.us.es\/microccs\/pdi\/jose-manuel-rodriguez-martinez\/","title":{"rendered":"Dr. Jos\u00e9 Manuel Rodr\u00edguez Mart\u00ednez"},"content":{"rendered":"\n<div class=\"wp-block-media-text is-stacked-on-mobile\" style=\"grid-template-columns:19% auto\"><figure class=\"wp-block-media-text__media\"><img loading=\"lazy\" decoding=\"async\" width=\"1024\" height=\"838\" src=\"https:\/\/departamento.us.es\/microccs\/wp-content\/uploads\/2025\/12\/Jose-Manuel-Rodriguez-Martinez-e1764592327683-1024x838.jpg\" alt=\"\" class=\"wp-image-402 size-full\" srcset=\"https:\/\/departamento.us.es\/microccs\/wp-content\/uploads\/2025\/12\/Jose-Manuel-Rodriguez-Martinez-e1764592327683-1024x838.jpg 1024w, https:\/\/departamento.us.es\/microccs\/wp-content\/uploads\/2025\/12\/Jose-Manuel-Rodriguez-Martinez-e1764592327683-300x245.jpg 300w, https:\/\/departamento.us.es\/microccs\/wp-content\/uploads\/2025\/12\/Jose-Manuel-Rodriguez-Martinez-e1764592327683-768x628.jpg 768w, https:\/\/departamento.us.es\/microccs\/wp-content\/uploads\/2025\/12\/Jose-Manuel-Rodriguez-Martinez-e1764592327683.jpg 1484w\" sizes=\"auto, (max-width: 1024px) 100vw, 1024px\" \/><\/figure><div class=\"wp-block-media-text__content\">\n<p><strong>Dr. Jos\u00e9 Manuel Rodr\u00edguez Mart\u00ednez<\/strong><br \/>Catedr\u00e1tico de Universidad. Director del Departamento (2025-2031)<br \/>Departamento de Microbiolog\u00eda \u2014 Facultad de Medicina<br \/><strong><span style=\"color: #333;\" title=\"Correo electr\u00f3nico\">Correo: <\/span><\/strong>jmrodriguez@us.es | <strong><span style=\"color: #333;\" title=\"Despacho\">Despacho:<\/span><\/strong> 1\u00aa planta | <strong><span style=\"color: #333;\">Tel.:<\/span><\/strong> 955 420 308<br \/><a href=\"https:\/\/prisma.us.es\/investigador\/3637\" target=\"_blank\" rel=\"noopener\">Perfil PRISMA<\/a> | \u00a0<a href=\"https:\/\/investigacion.us.es\/sisius\/sis_showpub.php?idpers=8338\" target=\"_blank\" rel=\"noopener\">Perfil SISIUS<\/a>\u00a0 | \u00a0<a href=\"https:\/\/orcid.org\/0000-0002-2228-2294\" target=\"_blank\" rel=\"noopener\">ORCID<\/a>\u00a0 |\u00a0 <a href=\"https:\/\/idus.us.es\/author-profiles\/3637\" target=\"_blank\" rel=\"noopener\">iDUS<\/a><\/p>\n<\/div><\/div>\n\n\n<p><!-- Ficha breve de profesor para p\u00e1gina est\u00e1tica del Departamento --><\/p>\n<h3>Formaci\u00f3n y Trayectoria<\/h3>\n<ul>\n<li><strong>Formaci\u00f3n: <\/strong>Doctor en Biolog\u00eda por la Universidad de Sevilla (2006). Licenciado en Biolog\u00eda (2000).<\/li>\n<li><strong>Cargos acad\u00e9micos anteriores: <\/strong>Vicedecano de Investigaci\u00f3n (Facultad de Medicina).<\/li>\n<li><strong>Trayectoria en la US: <\/strong>25 a\u00f1os de experiencia en Docencia e Investigaci\u00f3n.<\/li>\n<\/ul>\n<h3>Docencia<\/h3>\n<ul>\n<li>Grado en Medicina.<\/li>\n<li>Grado en Biomedicina B\u00e1sica y Experimental.<\/li>\n<li>M\u00e1ster Universitario en Investigaci\u00f3n M\u00e9dica: C\u00ednica y Experimental.<\/li>\n<li>M\u00e1ster Universitario en Investigaci\u00f3n Biom\u00e9dica.<\/li>\n<li>M\u00e1ster Universitario en Qu\u00edmica Sanitaria.<\/li>\n<\/ul>\n<h3>Investigaci\u00f3n<\/h3>\n<ul>\n<li><strong>Grupo de Investigaci\u00f3n: <\/strong><a href=\"https:\/\/investigacion.us.es\/sisius\/sis_depgrupos.php?ct=&amp;cs=&amp;seltext=CTS-210&amp;selfield=CodPAI\">CTS210: Resistencia a Antimicrobianos<\/a><\/li>\n<li><strong>L\u00edneas de investigaci\u00f3n:<\/strong>\n<ul>\n<li>Adherencia bacteriana a Biomateriales de uso m\u00e9dico.<\/li>\n<li>Farmacolog\u00eda intracelular de Antimicrobianos.<\/li>\n<li>Epidemiolog\u00eda molecular de Bacterias Multirresistentes.<\/li>\n<li>Mecanismos de resistencia a Antimicrobianos.<\/li>\n<li>Modelos Animales de Infecci\u00f3n.<\/li>\n<\/ul>\n<\/li>\n<\/ul>","protected":false},"excerpt":{"rendered":"<p>Dr. Jos\u00e9 Manuel Rodr\u00edguez Mart\u00ednezCatedr\u00e1tico de Universidad. Director del Departamento (2025-2031)Departamento de Microbiolog\u00eda \u2014 Facultad de MedicinaCorreo: jmrodriguez@us.es | Despacho: 1\u00aa planta | Tel.: 955 420 308Perfil PRISMA | \u00a0Perfil SISIUS\u00a0 | \u00a0ORCID\u00a0 |\u00a0 iDUS Formaci\u00f3n y Trayectoria Formaci\u00f3n: Doctor en Biolog\u00eda por la Universidad de Sevilla (2006). Licenciado en Biolog\u00eda (2000). Cargos acad\u00e9micos anteriores:&#8230;<\/p>\n","protected":false},"author":1,"featured_media":0,"parent":31,"menu_order":0,"comment_status":"closed","ping_status":"closed","template":"","meta":{"_kad_post_transparent":"","_kad_post_title":"","_kad_post_layout":"right","_kad_post_sidebar_id":"","_kad_post_content_style":"","_kad_post_vertical_padding":"","_kad_post_feature":"","_kad_post_feature_position":"","_kad_post_header":false,"_kad_post_footer":false,"_kad_post_classname":"","footnotes":""},"class_list":["post-202","page","type-page","status-publish","hentry"],"_links":{"self":[{"href":"https:\/\/departamento.us.es\/microccs\/wp-json\/wp\/v2\/pages\/202","targetHints":{"allow":["GET"]}}],"collection":[{"href":"https:\/\/departamento.us.es\/microccs\/wp-json\/wp\/v2\/pages"}],"about":[{"href":"https:\/\/departamento.us.es\/microccs\/wp-json\/wp\/v2\/types\/page"}],"author":[{"embeddable":true,"href":"https:\/\/departamento.us.es\/microccs\/wp-json\/wp\/v2\/users\/1"}],"replies":[{"embeddable":true,"href":"https:\/\/departamento.us.es\/microccs\/wp-json\/wp\/v2\/comments?post=202"}],"version-history":[{"count":25,"href":"https:\/\/departamento.us.es\/microccs\/wp-json\/wp\/v2\/pages\/202\/revisions"}],"predecessor-version":[{"id":516,"href":"https:\/\/departamento.us.es\/microccs\/wp-json\/wp\/v2\/pages\/202\/revisions\/516"}],"up":[{"embeddable":true,"href":"https:\/\/departamento.us.es\/microccs\/wp-json\/wp\/v2\/pages\/31"}],"wp:attachment":[{"href":"https:\/\/departamento.us.es\/microccs\/wp-json\/wp\/v2\/media?parent=202"}],"curies":[{"name":"wp","href":"https:\/\/api.w.org\/{rel}","templated":true}]}}