{"id":237,"date":"2025-11-18T13:24:53","date_gmt":"2025-11-18T12:24:53","guid":{"rendered":"https:\/\/departamento.us.es\/microccs\/?page_id=237"},"modified":"2026-02-18T11:39:14","modified_gmt":"2026-02-18T10:39:14","slug":"adrian-macias-alegre","status":"publish","type":"page","link":"https:\/\/departamento.us.es\/microccs\/ptgas\/adrian-macias-alegre\/","title":{"rendered":"Adri\u00e1n Mac\u00edas Alegre"},"content":{"rendered":"\n<div class=\"wp-block-media-text is-stacked-on-mobile\" style=\"grid-template-columns:15% auto\"><figure class=\"wp-block-media-text__media\"><img loading=\"lazy\" decoding=\"async\" width=\"192\" height=\"192\" src=\"https:\/\/departamento.us.es\/microccs\/wp-content\/uploads\/2025\/11\/Adrian-Macias-Alegre.jpg\" alt=\"\" class=\"wp-image-238 size-full\" srcset=\"https:\/\/departamento.us.es\/microccs\/wp-content\/uploads\/2025\/11\/Adrian-Macias-Alegre.jpg 192w, https:\/\/departamento.us.es\/microccs\/wp-content\/uploads\/2025\/11\/Adrian-Macias-Alegre-150x150.jpg 150w\" sizes=\"auto, (max-width: 192px) 100vw, 192px\" \/><\/figure><div class=\"wp-block-media-text__content\">\n<p><strong>Adri\u00e1n Mac\u00edas Alegre<\/strong><br \/>Personal Administrativo (PTGAS Funcionario)<br \/>Departamento de Microbiolog\u00eda \u2014 Facultad de Medicina<br \/><strong><span style=\"color: #333;\" title=\"Correo electr\u00f3nico\">Correo: <\/span><\/strong><span style=\"color: #333;\" title=\"Correo electr\u00f3nico\">microccs<\/span><span style=\"color: #333;\" title=\"Correo electr\u00f3nico\">@us.es<\/span>\u00a0| <strong><span style=\"color: #333;\" title=\"Despacho\">Despacho:<\/span><\/strong> Secretaria | <strong><span style=\"color: #333;\">Tel.:<\/span><\/strong> 954 552 862<br \/><a href=\"https:\/\/www.us.es\/trabaja-en-la-us\/directorio\/adrian-macias-alegre\" target=\"_blank\" rel=\"noopener\">Directorio de Personal de la Universidad de Sevilla<\/a><\/p>\n<\/div><\/div>\n\n\n<p><!-- Ficha breve de profesor para p\u00e1gina est\u00e1tica del Departamento --><\/p>\n<h3>Formaci\u00f3n y Trayectoria<\/h3>\n<ul>\n<li><strong>Formaci\u00f3n: <\/strong>M\u00e1ster Universitario en Sociedad de la Informaci\u00f3n y del Conocimiento. Tec. Sup. en Documentaci\u00f3n y Administraci\u00f3n Sanitarias. Habilitaci\u00f3n en Asistencia Documental y Confecci\u00f3n y Publicaci\u00f3n de P\u00e1ginas Web.\u00a0<\/li>\n<li><strong>Trayectoria en la US: <\/strong>7 a\u00f1os de experiencia en el \u00c1rea de Gesti\u00f3n y Administraci\u00f3n.\u00a0<\/li>\n<li><strong>Cargos anteriores:<\/strong> Miembro de la Comisi\u00f3n de Calidad de la Fac. Turismo y Finanzas.<\/li>\n<li><strong>Trayectoria fuera de la US:<\/strong> 8 a\u00f1os de experiencia en gesti\u00f3n de la informaci\u00f3n. Co-Director de DoKumentalistas.com (2010-2018). Documentalista, Bibliotecario y Consultor.<\/li>\n<\/ul>\n<h3>Aportaciones de valor<\/h3>\n<ul>\n<li>Digitalizaci\u00f3n y Transformaci\u00f3n Digital.<\/li>\n<li>Simplificaci\u00f3n administrativa e Interoperabilidad.<\/li>\n<li>Derecho y Nuevas Tecnolog\u00edas.<\/li>\n<li>Inteligencia artificial y Productividad.<\/li>\n<\/ul>\n<h3>Directorios y Portales profesionales<\/h3>\n<ul>\n<li><a href=\"https:\/\/www.directorioexit.info\/ficha7033\">Directorio EXIT<\/a>\u00a0<\/li>\n<li><a href=\"https:\/\/scholar.google.com\/citations?user=kQCu8eAAAAAJ&amp;hl=es\">Google Citations<\/a><\/li>\n<li><a href=\"https:\/\/dialnet.unirioja.es\/servlet\/autor?codigo=3772597\">Dialnet<\/a><\/li>\n<\/ul>","protected":false},"excerpt":{"rendered":"<p>Adri\u00e1n Mac\u00edas AlegrePersonal Administrativo (PTGAS Funcionario)Departamento de Microbiolog\u00eda \u2014 Facultad de MedicinaCorreo: microccs@us.es\u00a0| Despacho: Secretaria | Tel.: 954 552 862Directorio de Personal de la Universidad de Sevilla Formaci\u00f3n y Trayectoria Formaci\u00f3n: M\u00e1ster Universitario en Sociedad de la Informaci\u00f3n y del Conocimiento. Tec. Sup. en Documentaci\u00f3n y Administraci\u00f3n Sanitarias. Habilitaci\u00f3n en Asistencia Documental y Confecci\u00f3n y&#8230;<\/p>\n","protected":false},"author":1,"featured_media":0,"parent":33,"menu_order":0,"comment_status":"closed","ping_status":"closed","template":"","meta":{"_kad_post_transparent":"","_kad_post_title":"","_kad_post_layout":"right","_kad_post_sidebar_id":"","_kad_post_content_style":"","_kad_post_vertical_padding":"","_kad_post_feature":"","_kad_post_feature_position":"","_kad_post_header":false,"_kad_post_footer":false,"_kad_post_classname":"","footnotes":""},"class_list":["post-237","page","type-page","status-publish","hentry"],"_links":{"self":[{"href":"https:\/\/departamento.us.es\/microccs\/wp-json\/wp\/v2\/pages\/237","targetHints":{"allow":["GET"]}}],"collection":[{"href":"https:\/\/departamento.us.es\/microccs\/wp-json\/wp\/v2\/pages"}],"about":[{"href":"https:\/\/departamento.us.es\/microccs\/wp-json\/wp\/v2\/types\/page"}],"author":[{"embeddable":true,"href":"https:\/\/departamento.us.es\/microccs\/wp-json\/wp\/v2\/users\/1"}],"replies":[{"embeddable":true,"href":"https:\/\/departamento.us.es\/microccs\/wp-json\/wp\/v2\/comments?post=237"}],"version-history":[{"count":19,"href":"https:\/\/departamento.us.es\/microccs\/wp-json\/wp\/v2\/pages\/237\/revisions"}],"predecessor-version":[{"id":637,"href":"https:\/\/departamento.us.es\/microccs\/wp-json\/wp\/v2\/pages\/237\/revisions\/637"}],"up":[{"embeddable":true,"href":"https:\/\/departamento.us.es\/microccs\/wp-json\/wp\/v2\/pages\/33"}],"wp:attachment":[{"href":"https:\/\/departamento.us.es\/microccs\/wp-json\/wp\/v2\/media?parent=237"}],"curies":[{"name":"wp","href":"https:\/\/api.w.org\/{rel}","templated":true}]}}